{"id":783106,"date":"2026-02-23T13:14:38","date_gmt":"2026-02-23T10:14:38","guid":{"rendered":"https:\/\/roveyayinevi.com.tr\/index.php\/urun\/sunasifaya-adanmis-bir-omur\/"},"modified":"2026-04-15T03:47:31","modified_gmt":"2026-04-15T00:47:31","slug":"sunasifaya-adanmis-bir-omur","status":"publish","type":"product","link":"https:\/\/roveyayinevi.com.tr\/index.php\/urun\/sunasifaya-adanmis-bir-omur\/","title":{"rendered":"Suna;\u015eifaya Adanm\u0131\u015f Bir \u00d6m\u00fcr"},"content":{"rendered":"<p>\u00d6yle bir hayat d\u00fc\u015f\u00fcn\u00fcn ki\u2026 Van\u2019da bir gen\u00e7 k\u0131z, geleneklere ba\u015f kald\u0131rs\u0131n ve Emel Say\u0131n\u2019\u0131n filmine gitmenin bedelini ac\u0131 bir hat\u0131rayla \u00f6desin. Fakat aradan y\u0131llar ge\u00e7sin yine o k\u0131z, Suna Dumankaya olarak bilge bir \u015fifac\u0131ya d\u00f6n\u00fc\u015fs\u00fcn.Hadra\u2019dan Fatma\u2019ya, Suna\u2019dan k\u0131z\u0131 Handan\u2019a ve torununa uzanan bu hik\u00e2ye, Emel Say\u0131n\u2019\u0131 da bu kitaba bir hat\u0131rat yazd\u0131racak kadar kucaklas\u0131n.Bu kitap, kadere meydan okuyan, ac\u0131dan umuda uzanan ve hayat\u0131n en beklenmedik arma\u011fanlar\u0131n\u0131 sunan ger\u00e7ek bir d\u00f6n\u00fc\u015f\u00fcm yolculu\u011fudur.Suna Dumankaya\u2019n\u0131n mucizelerle dolu ya\u015fam hik\u00e2yesi, Anadolu\u2019nun en \u00fccra k\u00f6\u015fesindeki gen\u00e7 k\u0131zlar\u0131m\u0131z ba\u015fta olmak \u00fczere herkese ilham olmaya davet ediyor&#8230;<\/p>\n","protected":false},"excerpt":{"rendered":"<p>\u00d6yle bir hayat d\u00fc\u015f\u00fcn\u00fcn ki\u2026 Van\u2019da bir gen\u00e7 k\u0131z, geleneklere ba\u015f kald\u0131rs\u0131n ve Emel Say\u0131n\u2019\u0131n filmine gitmenin bedelini ac\u0131 bir hat\u0131rayla \u00f6desin. Fakat aradan y\u0131llar ge\u00e7sin<span class=\"excerpt-hellip\"> [\u2026]<\/span><\/p>\n","protected":false},"featured_media":0,"template":"","meta":{"_monsterinsights_skip_tracking":false,"_monsterinsights_sitenote_active":false,"_monsterinsights_sitenote_note":"","_monsterinsights_sitenote_category":0},"product_brand":[],"product_cat":[14009,12291],"product_tag":[],"class_list":{"0":"post-783106","1":"product","2":"type-product","3":"status-publish","5":"product_cat-biyografi-otobiyografi-edebiyat","6":"product_cat-edebiyat","7":"pa_cilt-ciltsiz","8":"pa_tur-kitap","9":"pa_yayinevi-mona-kitap","10":"pa_yazar-buket-muftuoglu","12":"first","13":"instock","14":"sale","15":"shipping-taxable","16":"purchasable","17":"product-type-simple"},"_links":{"self":[{"href":"https:\/\/roveyayinevi.com.tr\/index.php\/wp-json\/wp\/v2\/product\/783106","targetHints":{"allow":["GET"]}}],"collection":[{"href":"https:\/\/roveyayinevi.com.tr\/index.php\/wp-json\/wp\/v2\/product"}],"about":[{"href":"https:\/\/roveyayinevi.com.tr\/index.php\/wp-json\/wp\/v2\/types\/product"}],"wp:attachment":[{"href":"https:\/\/roveyayinevi.com.tr\/index.php\/wp-json\/wp\/v2\/media?parent=783106"}],"wp:term":[{"taxonomy":"product_brand","embeddable":true,"href":"https:\/\/roveyayinevi.com.tr\/index.php\/wp-json\/wp\/v2\/product_brand?post=783106"},{"taxonomy":"product_cat","embeddable":true,"href":"https:\/\/roveyayinevi.com.tr\/index.php\/wp-json\/wp\/v2\/product_cat?post=783106"},{"taxonomy":"product_tag","embeddable":true,"href":"https:\/\/roveyayinevi.com.tr\/index.php\/wp-json\/wp\/v2\/product_tag?post=783106"}],"curies":[{"name":"wp","href":"https:\/\/api.w.org\/{rel}","templated":true}]}}