{"id":783102,"date":"2026-02-23T13:14:30","date_gmt":"2026-02-23T10:14:30","guid":{"rendered":"https:\/\/roveyayinevi.com.tr\/index.php\/urun\/istersen-yanindayimcocuk-ve-ergenlerde-duygu-duzenleme\/"},"modified":"2026-04-15T03:47:31","modified_gmt":"2026-04-15T00:47:31","slug":"istersen-yanindayimcocuk-ve-ergenlerde-duygu-duzenleme","status":"publish","type":"product","link":"https:\/\/roveyayinevi.com.tr\/index.php\/urun\/istersen-yanindayimcocuk-ve-ergenlerde-duygu-duzenleme\/","title":{"rendered":"\u0130stersen Yan\u0131nday\u0131m;\u00c7ocuk ve Ergenlerde Duygu D\u00fczenleme"},"content":{"rendered":"<p>\u00c7ocuklar\u0131n ve ergenlerin duygusal d\u00fcnyas\u0131na e\u015flik etmek, onlara sadece \u201cdo\u011fruyu \u00f6\u011fretmek\u201d de\u011fil; g\u00fcvenli, kapsay\u0131c\u0131 ve sa\u011fl\u0131kl\u0131 bir alan sunmakla m\u00fcmk\u00fcnd\u00fcr. Duygu d\u00fczenleme ise bu alan\u0131n merkezinde yer alan, \u00f6\u011frenilebilir ve geli\u015ftirilebilir bir beceridir.\u0130stersen Yan\u0131nday\u0131m, psikolog, psikolojik dan\u0131\u015fman, klinik psikolog, ergoterapist ve e\u011fitimcilerden olu\u015fan 13 uzman taraf\u0131ndan kaleme al\u0131nm\u0131\u015ft\u0131r. Yirmi y\u0131l\u0131 a\u015fk\u0131n klinik ve e\u011fitim deneyimi ile g\u00fcncel \u00e7al\u0131\u015fmalar\u0131 bir araya getiren yazarlar; n\u00f6rogeli\u015fimsel temellerden pratik uygulamalara, ba\u011flanmadan \u00f6z d\u00fczenlemeye, ergenli\u011fin d\u00f6n\u00fc\u015f\u00fcm s\u00fcrecinden ebeveynlikte duygu fark\u0131ndal\u0131\u011f\u0131na uzanan b\u00fct\u00fcnc\u00fcl bir rehber sunuyor.Bilimsel verileri herkesin anlayabilece\u011fi bir dille aktaran bu eser; ebeveynler, e\u011fitimciler ve \u00e7ocuklarla \u00e7al\u0131\u015fan t\u00fcm profesyoneller i\u00e7in hem g\u00fcven veren bir kaynak hem de zorlay\u0131c\u0131 anlarda nefes ald\u0131ran bir e\u015flik\u00e7i olmay\u0131 ama\u00e7l\u0131yor. Duygular\u0131n ili\u015fki i\u00e7inde geli\u015fti\u011fini hat\u0131rlatan bu yolculukta, okura esneklik, fark\u0131ndal\u0131k ve \u015fefkatle ilerleyebilece\u011fi bir rehberlik sa\u011fl\u0131yor.\u0130stersen Yan\u0131nday\u0131m, bir \u00e7ocu\u011fun merak\u0131, bir yeti\u015fkinin sabr\u0131 ve bir gencin ke\u015fif\u00e7i ruhunun, g\u00fcvenli ba\u011f\u0131n g\u00fcc\u00fcyle bulu\u015ftu\u011fu noktada; duygular\u0131n g\u00f6r\u00fcld\u00fc\u011f\u00fc, anla\u015f\u0131ld\u0131\u011f\u0131, g\u00fcvenle d\u00fczenlendi\u011fi bir gelece\u011fe sa\u011fl\u0131kl\u0131 bir psikolojik temel olu\u015fturmay\u0131 hedefliyor.<\/p>\n","protected":false},"excerpt":{"rendered":"<p>\u00c7ocuklar\u0131n ve ergenlerin duygusal d\u00fcnyas\u0131na e\u015flik etmek, onlara sadece \u201cdo\u011fruyu \u00f6\u011fretmek\u201d de\u011fil; g\u00fcvenli, kapsay\u0131c\u0131 ve sa\u011fl\u0131kl\u0131 bir alan sunmakla m\u00fcmk\u00fcnd\u00fcr. Duygu d\u00fczenleme ise bu alan\u0131n merkezinde<span class=\"excerpt-hellip\"> [\u2026]<\/span><\/p>\n","protected":false},"featured_media":0,"template":"","meta":{"_monsterinsights_skip_tracking":false,"_monsterinsights_sitenote_active":false,"_monsterinsights_sitenote_note":"","_monsterinsights_sitenote_category":0},"product_brand":[],"product_cat":[12679,12357],"product_tag":[],"class_list":{"0":"post-783102","1":"product","2":"type-product","3":"status-publish","5":"product_cat-cocuk-psikolojisi","6":"product_cat-psikoloji","7":"pa_cilt-ciltsiz","8":"pa_tur-kitap","9":"pa_yayinevi-mona-kitap","10":"pa_yazar-belkis-edige-serdengecti","12":"first","13":"instock","14":"sale","15":"shipping-taxable","16":"purchasable","17":"product-type-simple"},"_links":{"self":[{"href":"https:\/\/roveyayinevi.com.tr\/index.php\/wp-json\/wp\/v2\/product\/783102","targetHints":{"allow":["GET"]}}],"collection":[{"href":"https:\/\/roveyayinevi.com.tr\/index.php\/wp-json\/wp\/v2\/product"}],"about":[{"href":"https:\/\/roveyayinevi.com.tr\/index.php\/wp-json\/wp\/v2\/types\/product"}],"wp:attachment":[{"href":"https:\/\/roveyayinevi.com.tr\/index.php\/wp-json\/wp\/v2\/media?parent=783102"}],"wp:term":[{"taxonomy":"product_brand","embeddable":true,"href":"https:\/\/roveyayinevi.com.tr\/index.php\/wp-json\/wp\/v2\/product_brand?post=783102"},{"taxonomy":"product_cat","embeddable":true,"href":"https:\/\/roveyayinevi.com.tr\/index.php\/wp-json\/wp\/v2\/product_cat?post=783102"},{"taxonomy":"product_tag","embeddable":true,"href":"https:\/\/roveyayinevi.com.tr\/index.php\/wp-json\/wp\/v2\/product_tag?post=783102"}],"curies":[{"name":"wp","href":"https:\/\/api.w.org\/{rel}","templated":true}]}}