{"id":783091,"date":"2026-02-23T13:14:03","date_gmt":"2026-02-23T10:14:03","guid":{"rendered":"https:\/\/roveyayinevi.com.tr\/index.php\/urun\/bocek-izciler-vahsi-dogada-cizgi-romanla-doga-kesfi\/"},"modified":"2026-04-15T03:46:55","modified_gmt":"2026-04-15T00:46:55","slug":"bocek-izciler-vahsi-dogada-cizgi-romanla-doga-kesfi","status":"publish","type":"product","link":"https:\/\/roveyayinevi.com.tr\/index.php\/urun\/bocek-izciler-vahsi-dogada-cizgi-romanla-doga-kesfi\/","title":{"rendered":"B\u00f6cek \u0130zciler Vah\u015fi Do\u011fada! \u00c7izgi Romanla Do\u011fa Ke\u015ffi"},"content":{"rendered":"<p>Kitaplar\u0131n kapa\u011f\u0131n\u0131 a\u00e7maya \u00fc\u015fenen \u00e7ocuklara okumay\u0131 sevdirecek,\u201creluctant reader\u201d sorununa ila\u00e7 gibi gelecek bir kitap! Yeni okumaya ba\u015flayan \u00e7ocuklar i\u00e7in b\u00fcy\u00fck resimli, KOLAY OKUNUR bir tasar\u0131m. K\u0131sa b\u00f6l\u00fcmlerle ad\u0131m ad\u0131m ilerleyen, \u00c7\u0130ZG\u0130 ROMAN format\u0131nda e\u011flenceli metinler sunan ve KOM\u0130K karakterlerle DO\u011eA SEVG\u0130S\u0130 a\u015f\u0131layan bir macera. Sevimli b\u00f6ceklerden olu\u015fan izci ekibi, \u00e7ocuklar\u0131 \u00e7izgi romanla do\u011fa ke\u015ffine davet ediyor! \u0130zciler, yeni izci rozetleri kazanmak i\u00e7in hedeflerine ula\u015fmaya kararl\u0131. \u00c7\u0131kt\u0131klar\u0131 do\u011fa y\u00fcr\u00fcy\u00fc\u015f\u00fcnde farkl\u0131 bitki t\u00fcrlerini ke\u015ffediyor, b\u00f6cek ger\u00e7eklerini \u00f6\u011freniyor,ye\u015fil kafal\u0131 bir tehlikeyi ekip \u00e7al\u0131\u015fmas\u0131yla yeniyorlar!<\/p>\n","protected":false},"excerpt":{"rendered":"<p>Kitaplar\u0131n kapa\u011f\u0131n\u0131 a\u00e7maya \u00fc\u015fenen \u00e7ocuklara okumay\u0131 sevdirecek,\u201creluctant reader\u201d sorununa ila\u00e7 gibi gelecek bir kitap! Yeni okumaya ba\u015flayan \u00e7ocuklar i\u00e7in b\u00fcy\u00fck resimli, KOLAY OKUNUR bir tasar\u0131m. K\u0131sa<span class=\"excerpt-hellip\"> [\u2026]<\/span><\/p>\n","protected":false},"featured_media":0,"template":"","meta":{"_monsterinsights_skip_tracking":false,"_monsterinsights_sitenote_active":false,"_monsterinsights_sitenote_note":"","_monsterinsights_sitenote_category":0},"product_brand":[],"product_cat":[12274,15842],"product_tag":[],"class_list":{"0":"post-783091","1":"product","2":"type-product","3":"status-publish","5":"product_cat-cocuk-ve-genclik-kitaplari","6":"product_cat-egitici-kitaplar","7":"pa_cilt-ciltsiz","8":"pa_tur-kitap","9":"pa_yayinevi-ithaki-yayinlari","10":"pa_yazar-mike-lowery","12":"first","13":"instock","14":"sale","15":"shipping-taxable","16":"purchasable","17":"product-type-simple"},"_links":{"self":[{"href":"https:\/\/roveyayinevi.com.tr\/index.php\/wp-json\/wp\/v2\/product\/783091","targetHints":{"allow":["GET"]}}],"collection":[{"href":"https:\/\/roveyayinevi.com.tr\/index.php\/wp-json\/wp\/v2\/product"}],"about":[{"href":"https:\/\/roveyayinevi.com.tr\/index.php\/wp-json\/wp\/v2\/types\/product"}],"wp:attachment":[{"href":"https:\/\/roveyayinevi.com.tr\/index.php\/wp-json\/wp\/v2\/media?parent=783091"}],"wp:term":[{"taxonomy":"product_brand","embeddable":true,"href":"https:\/\/roveyayinevi.com.tr\/index.php\/wp-json\/wp\/v2\/product_brand?post=783091"},{"taxonomy":"product_cat","embeddable":true,"href":"https:\/\/roveyayinevi.com.tr\/index.php\/wp-json\/wp\/v2\/product_cat?post=783091"},{"taxonomy":"product_tag","embeddable":true,"href":"https:\/\/roveyayinevi.com.tr\/index.php\/wp-json\/wp\/v2\/product_tag?post=783091"}],"curies":[{"name":"wp","href":"https:\/\/api.w.org\/{rel}","templated":true}]}}