{"id":783082,"date":"2026-02-23T13:13:42","date_gmt":"2026-02-23T10:13:42","guid":{"rendered":"https:\/\/roveyayinevi.com.tr\/index.php\/urun\/eyvah-gecmise-dustuk\/"},"modified":"2026-04-15T03:46:55","modified_gmt":"2026-04-15T00:46:55","slug":"eyvah-gecmise-dustuk","status":"publish","type":"product","link":"https:\/\/roveyayinevi.com.tr\/index.php\/urun\/eyvah-gecmise-dustuk\/","title":{"rendered":"Eyvah Ge\u00e7mi\u015fe D\u00fc\u015ft\u00fck!"},"content":{"rendered":"<p>\u00dclk\u00fc ve en yak\u0131n arkada\u015f\u0131 Tu\u011f\u00e7e i\u00e7in s\u0131radan bir yaz tatili plan\u0131, Dumlup\u0131nar \u015eehitli\u011fi\u2019nde takt\u0131klar\u0131 gizemli VR g\u00f6zl\u00fcklerle bamba\u015fka bir boyuta ta\u015f\u0131n\u0131r. Kendilerini bir anda 1922 y\u0131l\u0131n\u0131n sava\u015f meydanlar\u0131nda, B\u00fcy\u00fck Taarruz\u2019un arifesinde bulan iki dost; tarihin ak\u0131\u015f\u0131n\u0131 de\u011fi\u015ftirmek isteyen sinsi bir casusa kar\u015f\u0131 zorlu bir g\u00f6reve soyunur. Mustafa Kemal Pa\u015fa\u2019n\u0131n \u00e7al\u0131nan gizli harek\u00e2t haritas\u0131n\u0131 geri almak i\u00e7in t\u00fcnellerden ge\u00e7en, t\u0131ls\u0131ml\u0131 nesnelerin yard\u0131m\u0131yla d\u00fc\u015fman karargah\u0131na s\u0131zan \u00dclk\u00fc ve Tu\u011f\u00e7e, asl\u0131nda kendi atalar\u0131n\u0131n yar\u0131m b\u0131rakt\u0131\u011f\u0131 bir emaneti ta\u015f\u0131maktad\u0131rlar. Okuru Polatl\u0131\u2019dan Dumlup\u0131nar\u2019a, ge\u00e7mi\u015fin siperlerinden bug\u00fcn\u00fcn okul s\u0131ralar\u0131na kadar s\u00fcr\u00fckleyen bu eser; vatan sevgisini, cesareti ve dostlu\u011fu fantastik bir kurguyla harmanl\u0131yor. \u201cEyvah Ge\u00e7mi\u015fe D\u00fc\u015ft\u00fck!\u201d, okurlara \u201ctarihin ta kendisi\u201d olduklar\u0131n\u0131 hat\u0131rlatan bir zaman yolculu\u011fu hik\u00e2yesi. Arka Kapak Yaz\u0131s\u0131:Her \u015fey bir tatil plan\u0131yla ba\u015flad\u0131 ama bu, \u00dclk\u00fc\u2019n\u00fcn hayal etti\u011fi deniz tatili de\u011fildi. Bu, fantastik bir tarih yolculu\u011fuydu. \u00dclk\u00fc ve arkada\u015f\u0131 Tu\u011f\u00e7e, VR g\u00f6zl\u00fcklerini takt\u0131klar\u0131 anda kendilerini 1922 y\u0131l\u0131n\u0131n tozlu sava\u015f siperlerinde buldular. Sava\u015f plan\u0131n\u0131n yer ald\u0131\u011f\u0131 harita \u00e7al\u0131nm\u0131\u015f, tarih k\u0131r\u0131lmaya ba\u015flam\u0131\u015ft\u0131. Mustafa Kemal Pa\u015fa\u2019n\u0131n \u00e7ad\u0131r\u0131ndan d\u00fc\u015fman kararg\u00e2h\u0131na uzanan tehlikeli yolculukta, iki k\u00fc\u00e7\u00fck kahraman ellerindeki t\u0131ls\u0131mlarla b\u00fcy\u00fck bir sorumluluk \u00fcstlendi. Kurtarmalar\u0131 gereken bir \u00fclkenin gelece\u011fiydi. Zaman daral\u0131yordu. Casus Dimitrios ise onlar\u0131 ad\u0131m ad\u0131m izlemekteydi. Peki, \u00dclk\u00fc ve Tu\u011f\u00e7e tarihin ak\u0131\u015f\u0131n\u0131 geri \u00e7evirebilecek miydi? Kurtulu\u015f Sava\u015f\u0131\u2019na \u0131\u015f\u0131nlan\u0131p heyecan dolu bu maceraya at\u0131lmaya haz\u0131r m\u0131s\u0131n? \u201c\u00d6mer \u00dcnal, bu kitab\u0131yla i\u00e7imizdeki \u00e7ocu\u011fu uyand\u0131r\u0131p bizi zamanda yolculu\u011fa \u00e7\u0131kar\u0131yor. Bildi\u011fimiz o e\u015fsiz \u00fcslubuyla bu kez Mill\u00ee M\u00fccadele y\u0131llar\u0131na uzan\u0131yor ve iki \u00e7ocu\u011fun maceras\u0131na ortak oluyoruz.\u201d \u2013 Selim Erdo\u011fan M\u00fcfredat Temalar\u0131:TAR\u0130H B\u0130L\u0130NC\u0130, VATAN SEVG\u0130S\u0130, M\u0130LL\u0130 M\u00dcCADELE, SORUMLULUK, DOSTLUK, \u0130\u015eB\u0130RL\u0130\u011e\u0130, TEKNOLOJ\u0130, ZAMAN YOLCULU\u011eU, FANTAST\u0130K \u00d6GELER.<\/p>\n","protected":false},"excerpt":{"rendered":"<p>\u00dclk\u00fc ve en yak\u0131n arkada\u015f\u0131 Tu\u011f\u00e7e i\u00e7in s\u0131radan bir yaz tatili plan\u0131, Dumlup\u0131nar \u015eehitli\u011fi\u2019nde takt\u0131klar\u0131 gizemli VR g\u00f6zl\u00fcklerle bamba\u015fka bir boyuta ta\u015f\u0131n\u0131r. Kendilerini bir anda 1922<span class=\"excerpt-hellip\"> [\u2026]<\/span><\/p>\n","protected":false},"featured_media":0,"template":"","meta":{"_monsterinsights_skip_tracking":false,"_monsterinsights_sitenote_active":false,"_monsterinsights_sitenote_note":"","_monsterinsights_sitenote_category":0},"product_brand":[],"product_cat":[12274,12284],"product_tag":[],"class_list":{"0":"post-783082","1":"product","2":"type-product","3":"status-publish","5":"product_cat-cocuk-ve-genclik-kitaplari","6":"product_cat-hikayeler","7":"pa_cilt-ciltsiz","8":"pa_tur-kitap","9":"pa_yayinevi-kronik-kitap","10":"pa_yazar-omer-unal","12":"first","13":"instock","14":"sale","15":"shipping-taxable","16":"purchasable","17":"product-type-simple"},"_links":{"self":[{"href":"https:\/\/roveyayinevi.com.tr\/index.php\/wp-json\/wp\/v2\/product\/783082","targetHints":{"allow":["GET"]}}],"collection":[{"href":"https:\/\/roveyayinevi.com.tr\/index.php\/wp-json\/wp\/v2\/product"}],"about":[{"href":"https:\/\/roveyayinevi.com.tr\/index.php\/wp-json\/wp\/v2\/types\/product"}],"wp:attachment":[{"href":"https:\/\/roveyayinevi.com.tr\/index.php\/wp-json\/wp\/v2\/media?parent=783082"}],"wp:term":[{"taxonomy":"product_brand","embeddable":true,"href":"https:\/\/roveyayinevi.com.tr\/index.php\/wp-json\/wp\/v2\/product_brand?post=783082"},{"taxonomy":"product_cat","embeddable":true,"href":"https:\/\/roveyayinevi.com.tr\/index.php\/wp-json\/wp\/v2\/product_cat?post=783082"},{"taxonomy":"product_tag","embeddable":true,"href":"https:\/\/roveyayinevi.com.tr\/index.php\/wp-json\/wp\/v2\/product_tag?post=783082"}],"curies":[{"name":"wp","href":"https:\/\/api.w.org\/{rel}","templated":true}]}}