{"id":783040,"date":"2026-02-23T13:11:56","date_gmt":"2026-02-23T10:11:56","guid":{"rendered":"https:\/\/roveyayinevi.com.tr\/index.php\/urun\/kadinlarin-vatandasliga-kabulu\/"},"modified":"2026-04-15T03:46:54","modified_gmt":"2026-04-15T00:46:54","slug":"kadinlarin-vatandasliga-kabulu","status":"publish","type":"product","link":"https:\/\/roveyayinevi.com.tr\/index.php\/urun\/kadinlarin-vatandasliga-kabulu\/","title":{"rendered":"Kad\u0131nlar\u0131n Vatanda\u015fl\u0131\u011fa Kabul\u00fc"},"content":{"rendered":"<p>D\u00fcnyaca \u00fcnl\u00fc Faydac\u0131l\u0131k ak\u0131m\u0131n\u0131n ba\u015f mimarlar\u0131ndan John Stuart Mill&#8217;in e\u015fi olmas\u0131 d\u0131\u015f\u0131nda tefekk\u00fcr tarihindeki yeri b\u00fcy\u00fck bir gayretle unutturulmaya \u00e7al\u0131\u015f\u0131lan filozof ve aktivist Harriet Taylor&#8217;\u0131n &#8220;Kad\u0131nlar\u0131n Vatanda\u015fl\u0131\u011fa Kabul\u00fc&#8221; isimli bu abidevi deneme yaz\u0131s\u0131, kad\u0131n haklar\u0131n\u0131 ablukaya alm\u0131\u015f sosyal ve siyasi meseleleri inceleyen ve hacmiyle ters orant\u0131l\u0131 \u015fekilde d\u00fcnyada \u00e7\u0131\u011f\u0131r a\u00e7an bir eser olma niteli\u011fini ta\u015f\u0131yor. \u0130kna edici, analitik, ak\u0131c\u0131, \u00f6z ve \u00f6zl\u00fc bir \u00fcslupla kaleme al\u0131nan bu kitap, kad\u0131n-lar\u0131n hem aile hukuku hem de toplumsal hayat dinamikleri a\u00e7\u0131s\u0131ndan vatanda\u015fl\u0131k haklar\u0131ndan mahrum b\u0131rak\u0131lmas\u0131n\u0131n tarihsel ba\u011flam\u0131n\u0131 ele al\u0131yor ve kad\u0131nlara erkeklerle e\u015fit haklar tan\u0131nmas\u0131n\u0131n gereklili\u011fini, ezber bozan kan\u0131tlar\u0131 ve \u00f6zg\u00fcn bak\u0131\u015f a\u00e7\u0131s\u0131 \u00fczerinden savunuyor.Taylor&#8217;\u0131n kulland\u0131\u011f\u0131 mant\u0131ksal ak\u0131l y\u00fcr\u00fctme tekni\u011fi ve toplumsal cinsiyet e\u015fitli\u011fine hararetle taraftar olu\u015fu, bu metni feminist edebiyatla ve 19. y\u00fczy\u0131l\u0131n sosyal reform hareketleriyle ilgilenen herkes i\u00e7in okunmas\u0131 gereken bir \u00e7al\u0131\u015fma haline getiriyor. Etkileyici arg\u00fcmanlan, kendine hayran b\u0131rakan dobral\u0131\u011f\u0131 ve e\u015fsiz edebi de\u011feriyle &#8220;Kad\u0131nlar\u0131n Vatanda\u015fl\u0131\u011fa Kabul\u00fc, kad\u0131n haklar\u0131 hareketlerinin m\u00fccadelesinde kitlelerin ufkunu geni\u015fleten bir eser olarak literat\u00fcrdeki hakl\u0131 ve \u015fanl\u0131 yerini, bug\u00fcn art\u0131k hem d\u00fcnya \u00e7ap\u0131nda hem de bu \u00e7evirisi \u00fczerinden \u00fclkemizde almaya ba\u015fl\u0131yor.<\/p>\n","protected":false},"excerpt":{"rendered":"<p>D\u00fcnyaca \u00fcnl\u00fc Faydac\u0131l\u0131k ak\u0131m\u0131n\u0131n ba\u015f mimarlar\u0131ndan John Stuart Mill&#8217;in e\u015fi olmas\u0131 d\u0131\u015f\u0131nda tefekk\u00fcr tarihindeki yeri b\u00fcy\u00fck bir gayretle unutturulmaya \u00e7al\u0131\u015f\u0131lan filozof ve aktivist Harriet Taylor&#8217;\u0131n &#8220;Kad\u0131nlar\u0131n<span class=\"excerpt-hellip\"> [\u2026]<\/span><\/p>\n","protected":false},"featured_media":0,"template":"","meta":{"_monsterinsights_skip_tracking":false,"_monsterinsights_sitenote_active":false,"_monsterinsights_sitenote_note":"","_monsterinsights_sitenote_category":0},"product_brand":[],"product_cat":[12370,12304],"product_tag":[],"class_list":{"0":"post-783040","1":"product","2":"type-product","3":"status-publish","5":"product_cat-arastirma-inceleme","6":"product_cat-tarih","7":"pa_cilt-ciltsiz","8":"pa_tur-kitap","9":"pa_yayinevi-profil-kitap","10":"pa_yazar-harriet-taylor","12":"first","13":"instock","14":"sale","15":"shipping-taxable","16":"purchasable","17":"product-type-simple"},"_links":{"self":[{"href":"https:\/\/roveyayinevi.com.tr\/index.php\/wp-json\/wp\/v2\/product\/783040","targetHints":{"allow":["GET"]}}],"collection":[{"href":"https:\/\/roveyayinevi.com.tr\/index.php\/wp-json\/wp\/v2\/product"}],"about":[{"href":"https:\/\/roveyayinevi.com.tr\/index.php\/wp-json\/wp\/v2\/types\/product"}],"wp:attachment":[{"href":"https:\/\/roveyayinevi.com.tr\/index.php\/wp-json\/wp\/v2\/media?parent=783040"}],"wp:term":[{"taxonomy":"product_brand","embeddable":true,"href":"https:\/\/roveyayinevi.com.tr\/index.php\/wp-json\/wp\/v2\/product_brand?post=783040"},{"taxonomy":"product_cat","embeddable":true,"href":"https:\/\/roveyayinevi.com.tr\/index.php\/wp-json\/wp\/v2\/product_cat?post=783040"},{"taxonomy":"product_tag","embeddable":true,"href":"https:\/\/roveyayinevi.com.tr\/index.php\/wp-json\/wp\/v2\/product_tag?post=783040"}],"curies":[{"name":"wp","href":"https:\/\/api.w.org\/{rel}","templated":true}]}}