{"id":783035,"date":"2026-02-23T13:11:40","date_gmt":"2026-02-23T10:11:40","guid":{"rendered":"https:\/\/roveyayinevi.com.tr\/index.php\/urun\/dikkat-isirir-soguk-kan\/"},"modified":"2026-04-15T03:46:54","modified_gmt":"2026-04-15T00:46:54","slug":"dikkat-isirir-soguk-kan","status":"publish","type":"product","link":"https:\/\/roveyayinevi.com.tr\/index.php\/urun\/dikkat-isirir-soguk-kan\/","title":{"rendered":"Dikkat Is\u0131r\u0131r &#8211; So\u011fuk Kan"},"content":{"rendered":"<p>D\u00d6N\u00dc\u015eENLER\u0130N KASABASINA HO\u015e GELD\u0130N\u0130Z. D\u00fcnya, Kar\u0131nde\u015fen K\u0131yameti\u2019nden sonraki hayata h\u00e2l\u00e2 al\u0131\u015fmaya \u00e7al\u0131\u015f\u0131yor. Yeni d\u00fczeni kabullenemeyenlerin say\u0131s\u0131 az de\u011fil. Kamuoyunda bir numaral\u0131 d\u00fc\u015fman ilan edilen Sel\u2019in g\u00f6zlerden uzak durmas\u0131 ve tehlikeli yeni yeteneklerini gizli tutmas\u0131 gerekiyor. Ne var ki ufukta daha da b\u00fcy\u00fck bir tehdit var: Donduran Humma yay\u0131l\u0131yor. \u00dcstelik yaln\u0131zca bir dokunu\u015fla bile bula\u015fabiliyor\u2026<\/p>\n","protected":false},"excerpt":{"rendered":"<p>D\u00d6N\u00dc\u015eENLER\u0130N KASABASINA HO\u015e GELD\u0130N\u0130Z. D\u00fcnya, Kar\u0131nde\u015fen K\u0131yameti\u2019nden sonraki hayata h\u00e2l\u00e2 al\u0131\u015fmaya \u00e7al\u0131\u015f\u0131yor. Yeni d\u00fczeni kabullenemeyenlerin say\u0131s\u0131 az de\u011fil. Kamuoyunda bir numaral\u0131 d\u00fc\u015fman ilan edilen Sel\u2019in g\u00f6zlerden<span class=\"excerpt-hellip\"> [\u2026]<\/span><\/p>\n","protected":false},"featured_media":0,"template":"","meta":{"_monsterinsights_skip_tracking":false,"_monsterinsights_sitenote_active":false,"_monsterinsights_sitenote_note":"","_monsterinsights_sitenote_category":0},"product_brand":[],"product_cat":[12540,12291],"product_tag":[],"class_list":{"0":"post-783035","1":"product","2":"type-product","3":"status-publish","5":"product_cat-bilim-kurgu","6":"product_cat-edebiyat","7":"pa_cilt-ciltsiz","8":"pa_tur-kitap","9":"pa_yayinevi-x-libris","10":"pa_yazar-s-j-wills","12":"first","13":"instock","14":"sale","15":"shipping-taxable","16":"purchasable","17":"product-type-simple"},"_links":{"self":[{"href":"https:\/\/roveyayinevi.com.tr\/index.php\/wp-json\/wp\/v2\/product\/783035","targetHints":{"allow":["GET"]}}],"collection":[{"href":"https:\/\/roveyayinevi.com.tr\/index.php\/wp-json\/wp\/v2\/product"}],"about":[{"href":"https:\/\/roveyayinevi.com.tr\/index.php\/wp-json\/wp\/v2\/types\/product"}],"wp:attachment":[{"href":"https:\/\/roveyayinevi.com.tr\/index.php\/wp-json\/wp\/v2\/media?parent=783035"}],"wp:term":[{"taxonomy":"product_brand","embeddable":true,"href":"https:\/\/roveyayinevi.com.tr\/index.php\/wp-json\/wp\/v2\/product_brand?post=783035"},{"taxonomy":"product_cat","embeddable":true,"href":"https:\/\/roveyayinevi.com.tr\/index.php\/wp-json\/wp\/v2\/product_cat?post=783035"},{"taxonomy":"product_tag","embeddable":true,"href":"https:\/\/roveyayinevi.com.tr\/index.php\/wp-json\/wp\/v2\/product_tag?post=783035"}],"curies":[{"name":"wp","href":"https:\/\/api.w.org\/{rel}","templated":true}]}}