{"id":783029,"date":"2026-02-23T13:11:23","date_gmt":"2026-02-23T10:11:23","guid":{"rendered":"https:\/\/roveyayinevi.com.tr\/index.php\/urun\/szymanski-sahanin-yildizlari\/"},"modified":"2026-04-15T03:46:53","modified_gmt":"2026-04-15T00:46:53","slug":"szymanski-sahanin-yildizlari","status":"publish","type":"product","link":"https:\/\/roveyayinevi.com.tr\/index.php\/urun\/szymanski-sahanin-yildizlari\/","title":{"rendered":"Szymanski &#8211; Sahan\u0131n Y\u0131ld\u0131zlar\u0131"},"content":{"rendered":"<p>HAREKETL\u0130 KART, DEV POSTER, FUTBOLCU KARTI VE 3D B\u0130BLO HED\u0130YEL\u0130!2025 y\u0131l\u0131 g\u00fcncel bilgileri ve istatistikleriyle!Szyma\u0144ski\u2019nin futbolculuk ser\u00fcveni Polonya\u2019n\u0131n k\u00fc\u00e7\u00fck ama sevimli bir \u015fehrinde, daha \u00e7ocuk ya\u015flarda ba\u015flad\u0131.T\u0131pk\u0131 kendisi gibi gen\u00e7lik y\u0131llar\u0131nda futbolcu olan babas\u0131n\u0131n deste\u011fiyle futbola y\u00f6neldi.\u00d6zverili \u00e7al\u0131\u015fmas\u0131 ve kendisine olan g\u00fcveni sayesinde ya\u015f\u00e7a b\u00fcy\u00fck \u00e7ocuklara bile ye\u015fil sahalarda g\u00f6z a\u00e7t\u0131rmad\u0131.Keskin zek\u00e2s\u0131 ve futboldaki ak\u0131lalmaz yetene\u011fiyle k\u0131sa s\u00fcrede y\u0131ld\u0131z\u0131 parlad\u0131; yaln\u0131zca \u00fclkesinin en b\u00fcy\u00fck tak\u0131mlar\u0131n\u0131n de\u011fil, k\u00fc\u00e7\u00fckl\u00fc\u011f\u00fcnden beri formas\u0131n\u0131 giymek istedi\u011fi Avrupa\u2019daki dev kul\u00fcplerin de dikkatini \u00e7ekti.Kariyerini gen\u00e7 ya\u015flardan itibaren elde etti\u011fi pek \u00e7ok ba\u015far\u0131yla ta\u00e7land\u0131ran Szyma\u0144ski\u2019nin hik\u00e2yesi hem kendi \u00fclkesindeki hem de d\u00fcnyan\u0131n d\u00f6rt bir yan\u0131ndaki futbol tutkunlar\u0131na ilham kayna\u011f\u0131 olmaya devam ediyor.<\/p>\n","protected":false},"excerpt":{"rendered":"<p>HAREKETL\u0130 KART, DEV POSTER, FUTBOLCU KARTI VE 3D B\u0130BLO HED\u0130YEL\u0130!2025 y\u0131l\u0131 g\u00fcncel bilgileri ve istatistikleriyle!Szyma\u0144ski\u2019nin futbolculuk ser\u00fcveni Polonya\u2019n\u0131n k\u00fc\u00e7\u00fck ama sevimli bir \u015fehrinde, daha \u00e7ocuk ya\u015flarda<span class=\"excerpt-hellip\"> [\u2026]<\/span><\/p>\n","protected":false},"featured_media":0,"template":"","meta":{"_monsterinsights_skip_tracking":false,"_monsterinsights_sitenote_active":false,"_monsterinsights_sitenote_note":"","_monsterinsights_sitenote_category":0},"product_brand":[],"product_cat":[15563,15564],"product_tag":[],"class_list":{"0":"post-783029","1":"product","2":"type-product","3":"status-publish","5":"product_cat-hobi","6":"product_cat-spor","7":"pa_cilt-ciltsiz","8":"pa_tur-kitap","9":"pa_yayinevi-parodi-yayinlari","10":"pa_yazar-onur-ozgen","12":"first","13":"instock","14":"sale","15":"shipping-taxable","16":"purchasable","17":"product-type-simple"},"_links":{"self":[{"href":"https:\/\/roveyayinevi.com.tr\/index.php\/wp-json\/wp\/v2\/product\/783029","targetHints":{"allow":["GET"]}}],"collection":[{"href":"https:\/\/roveyayinevi.com.tr\/index.php\/wp-json\/wp\/v2\/product"}],"about":[{"href":"https:\/\/roveyayinevi.com.tr\/index.php\/wp-json\/wp\/v2\/types\/product"}],"wp:attachment":[{"href":"https:\/\/roveyayinevi.com.tr\/index.php\/wp-json\/wp\/v2\/media?parent=783029"}],"wp:term":[{"taxonomy":"product_brand","embeddable":true,"href":"https:\/\/roveyayinevi.com.tr\/index.php\/wp-json\/wp\/v2\/product_brand?post=783029"},{"taxonomy":"product_cat","embeddable":true,"href":"https:\/\/roveyayinevi.com.tr\/index.php\/wp-json\/wp\/v2\/product_cat?post=783029"},{"taxonomy":"product_tag","embeddable":true,"href":"https:\/\/roveyayinevi.com.tr\/index.php\/wp-json\/wp\/v2\/product_tag?post=783029"}],"curies":[{"name":"wp","href":"https:\/\/api.w.org\/{rel}","templated":true}]}}