{"id":782974,"date":"2026-02-23T13:09:18","date_gmt":"2026-02-23T10:09:18","guid":{"rendered":"https:\/\/roveyayinevi.com.tr\/index.php\/urun\/kardelen-4\/"},"modified":"2026-04-15T03:46:37","modified_gmt":"2026-04-15T00:46:37","slug":"kardelen-4","status":"publish","type":"product","link":"https:\/\/roveyayinevi.com.tr\/index.php\/urun\/kardelen-4\/","title":{"rendered":"Kardelen"},"content":{"rendered":"<p>Kimi kad\u0131n hamileyken kimi kad\u0131n kuca\u011f\u0131na ald\u0131ktan sonra Down sendromlu bir \u00e7ocu\u011fa sahip oldu\u011funu \u00f6\u011freniyor. Bu annelerden biri de Zeynep\u2019ti\u2026     Kardelen\u2019in tek istedi\u011fi \u201cnormal\u201d g\u00f6r\u00fcnmek de\u011fil; \u2018\u2019kim oldu\u011funu\u2019\u2019 \u00f6zg\u00fcrce g\u00f6sterebilece\u011fi bir d\u00fcnyada ya\u015fayabilmekti.       \u0130nsanlar\u0131n bak\u0131\u015flar\u0131nda g\u00f6rd\u00fc\u011f\u00fc merak, bazen ac\u0131ma duygusu ve bazen de sevgi duygusuyla ya\u015fama tutunabilme sava\u015f\u0131yd\u0131 onun hik\u00e2yesi.      Hayat\u0131n zor anlar\u0131nda bile nas\u0131l \u00e7i\u00e7ek a\u00e7\u0131labilece\u011fini hat\u0131rlatan bir hik\u00e2yedir \u00e7\u00fcnk\u00fc baz\u0131 \u00e7i\u00e7ekler, kar\u0131n sert oldu\u011fu yerde bile a\u00e7may\u0131 ba\u015far\u0131r.     Bu hik\u00e2ye Bir aile ya\u015fam\u0131, bir umut ve toplumsal fark\u0131ndal\u0131k \u00fczerine dokunakl\u0131 bir anlat\u0131\u2026<\/p>\n","protected":false},"excerpt":{"rendered":"<p>Kimi kad\u0131n hamileyken kimi kad\u0131n kuca\u011f\u0131na ald\u0131ktan sonra Down sendromlu bir \u00e7ocu\u011fa sahip oldu\u011funu \u00f6\u011freniyor. Bu annelerden biri de Zeynep\u2019ti\u2026 Kardelen\u2019in tek istedi\u011fi \u201cnormal\u201d g\u00f6r\u00fcnmek de\u011fil;<span class=\"excerpt-hellip\"> [\u2026]<\/span><\/p>\n","protected":false},"featured_media":0,"template":"","meta":{"_monsterinsights_skip_tracking":false,"_monsterinsights_sitenote_active":false,"_monsterinsights_sitenote_note":"","_monsterinsights_sitenote_category":0},"product_brand":[],"product_cat":[12291,12711],"product_tag":[],"class_list":{"0":"post-782974","1":"product","2":"type-product","3":"status-publish","5":"product_cat-edebiyat","6":"product_cat-roman-oyku","7":"pa_cilt-ciltsiz","8":"pa_tur-kitap","9":"pa_yayinevi-servet-yayinevi","10":"pa_yazar-seval-gok","12":"first","13":"instock","14":"sale","15":"shipping-taxable","16":"purchasable","17":"product-type-simple"},"_links":{"self":[{"href":"https:\/\/roveyayinevi.com.tr\/index.php\/wp-json\/wp\/v2\/product\/782974","targetHints":{"allow":["GET"]}}],"collection":[{"href":"https:\/\/roveyayinevi.com.tr\/index.php\/wp-json\/wp\/v2\/product"}],"about":[{"href":"https:\/\/roveyayinevi.com.tr\/index.php\/wp-json\/wp\/v2\/types\/product"}],"wp:attachment":[{"href":"https:\/\/roveyayinevi.com.tr\/index.php\/wp-json\/wp\/v2\/media?parent=782974"}],"wp:term":[{"taxonomy":"product_brand","embeddable":true,"href":"https:\/\/roveyayinevi.com.tr\/index.php\/wp-json\/wp\/v2\/product_brand?post=782974"},{"taxonomy":"product_cat","embeddable":true,"href":"https:\/\/roveyayinevi.com.tr\/index.php\/wp-json\/wp\/v2\/product_cat?post=782974"},{"taxonomy":"product_tag","embeddable":true,"href":"https:\/\/roveyayinevi.com.tr\/index.php\/wp-json\/wp\/v2\/product_tag?post=782974"}],"curies":[{"name":"wp","href":"https:\/\/api.w.org\/{rel}","templated":true}]}}