{"id":782967,"date":"2026-02-23T13:08:59","date_gmt":"2026-02-23T10:08:59","guid":{"rendered":"https:\/\/roveyayinevi.com.tr\/index.php\/urun\/dokun-hisset-sesli-kitaplar-suaygirini-gidiklamayin\/"},"modified":"2026-04-15T03:46:37","modified_gmt":"2026-04-15T00:46:37","slug":"dokun-hisset-sesli-kitaplar-suaygirini-gidiklamayin","status":"publish","type":"product","link":"https:\/\/roveyayinevi.com.tr\/index.php\/urun\/dokun-hisset-sesli-kitaplar-suaygirini-gidiklamayin\/","title":{"rendered":"Dokun Hisset Sesli Kitaplar &#8211; Suayg\u0131r\u0131n\u0131 G\u0131d\u0131klamay\u0131n!"},"content":{"rendered":"<p>Bu e\u011flenceli kitapta pek \u00e7ok hayvan var!Merakl\u0131 \u00e7ocuklar \u201cdokun hisset\u201d \u00f6zellikli bu sesli kitab\u0131n sayfalar\u0131ndaki yumu\u015fak kuma\u015f par\u00e7alara dokunarak hayvanlar\u0131n seslerini ke\u015ffedebilirler.\u0130lk ya\u015flar i\u00e7in \u00f6zel olarak haz\u0131rlanan bu kitaplar\u0131n sayfalar\u0131 daha kal\u0131nd\u0131r, k\u00f6\u015feleri yuvarlak tasarlanm\u0131\u015ft\u0131r.<\/p>\n","protected":false},"excerpt":{"rendered":"<p>Bu e\u011flenceli kitapta pek \u00e7ok hayvan var!Merakl\u0131 \u00e7ocuklar \u201cdokun hisset\u201d \u00f6zellikli bu sesli kitab\u0131n sayfalar\u0131ndaki yumu\u015fak kuma\u015f par\u00e7alara dokunarak hayvanlar\u0131n seslerini ke\u015ffedebilirler.\u0130lk ya\u015flar i\u00e7in \u00f6zel olarak<span class=\"excerpt-hellip\"> [\u2026]<\/span><\/p>\n","protected":false},"featured_media":0,"template":"","meta":{"_monsterinsights_skip_tracking":false,"_monsterinsights_sitenote_active":false,"_monsterinsights_sitenote_note":"","_monsterinsights_sitenote_category":0},"product_brand":[],"product_cat":[12274,15842],"product_tag":[],"class_list":{"0":"post-782967","1":"product","2":"type-product","3":"status-publish","5":"product_cat-cocuk-ve-genclik-kitaplari","6":"product_cat-egitici-kitaplar","7":"pa_cilt-ciltli","8":"pa_tur-kitap","9":"pa_yayinevi-yapi-kredi-yayinlari","10":"pa_yazar-sam-taplin","12":"first","13":"instock","14":"sale","15":"shipping-taxable","16":"purchasable","17":"product-type-simple"},"_links":{"self":[{"href":"https:\/\/roveyayinevi.com.tr\/index.php\/wp-json\/wp\/v2\/product\/782967","targetHints":{"allow":["GET"]}}],"collection":[{"href":"https:\/\/roveyayinevi.com.tr\/index.php\/wp-json\/wp\/v2\/product"}],"about":[{"href":"https:\/\/roveyayinevi.com.tr\/index.php\/wp-json\/wp\/v2\/types\/product"}],"wp:attachment":[{"href":"https:\/\/roveyayinevi.com.tr\/index.php\/wp-json\/wp\/v2\/media?parent=782967"}],"wp:term":[{"taxonomy":"product_brand","embeddable":true,"href":"https:\/\/roveyayinevi.com.tr\/index.php\/wp-json\/wp\/v2\/product_brand?post=782967"},{"taxonomy":"product_cat","embeddable":true,"href":"https:\/\/roveyayinevi.com.tr\/index.php\/wp-json\/wp\/v2\/product_cat?post=782967"},{"taxonomy":"product_tag","embeddable":true,"href":"https:\/\/roveyayinevi.com.tr\/index.php\/wp-json\/wp\/v2\/product_tag?post=782967"}],"curies":[{"name":"wp","href":"https:\/\/api.w.org\/{rel}","templated":true}]}}