{"id":782928,"date":"2026-02-23T13:07:12","date_gmt":"2026-02-23T10:07:12","guid":{"rendered":"https:\/\/roveyayinevi.com.tr\/index.php\/urun\/evrim-4\/"},"modified":"2026-04-15T03:46:15","modified_gmt":"2026-04-15T00:46:15","slug":"evrim-4","status":"publish","type":"product","link":"https:\/\/roveyayinevi.com.tr\/index.php\/urun\/evrim-4\/","title":{"rendered":"Evrim"},"content":{"rendered":"<p>Biyoloji tarihi alan\u0131nda en yetkin ara\u015ft\u0131rmac\u0131lardan biri olarak tan\u0131nan Peter J. Bowler evrim d\u00fc\u015f\u00fcncesini, felsefe ve bilim tarihiyle olan ili\u015fkilerini ortaya koyarak, k\u00fclt\u00fcrel, sosyolojik ve iktisadi ba\u011flamlar i\u00e7erisinde, hayli enerjik ve ak\u0131c\u0131 bir dille ele al\u0131yor. Bowler\u2019\u0131n bu eserinden \u00f6\u011freniyoruz ki, evrim d\u00fc\u015f\u00fcncesi, Darwin\u2019le beraber evrimsel biyoloji diye tan\u0131mlad\u0131\u011f\u0131m\u0131z bir disiplin haline gelinceye dek, insanl\u0131k tarihindeki varl\u0131k ontolojisine dair t\u00fcm kritik tart\u0131\u015fma ve d\u00f6n\u00fc\u015f\u00fcmlerle birlikte evrilmi\u015ftir. Do\u011fald\u0131r ki son derece karma\u015f\u0131k ve katmanl\u0131 olmas\u0131 beklenen bu tart\u0131\u015fmalar i\u00e7erisinden, ili\u015fkili oldu\u011fu tarihsel ba\u011flardan izole etmeden evrim d\u00fc\u015f\u00fcncesinin evrimsel biyoloji \u015feklinde kristalle\u015fmesini ortaya koymak hayli kapsaml\u0131 ve dinamik bir tarih\u00e7ilik kavray\u0131\u015f\u0131n\u0131 gerektirir. Bowler\u2019\u0131n Evrim: Bir D\u00fc\u015f\u00fcncenin Tarihi adl\u0131 eseri i\u015fte b\u00f6yle bir tarih yaz\u0131m\u0131n\u0131n en parlak \u00f6rneklerinden biri.<\/p>\n","protected":false},"excerpt":{"rendered":"<p>Biyoloji tarihi alan\u0131nda en yetkin ara\u015ft\u0131rmac\u0131lardan biri olarak tan\u0131nan Peter J. Bowler evrim d\u00fc\u015f\u00fcncesini, felsefe ve bilim tarihiyle olan ili\u015fkilerini ortaya koyarak, k\u00fclt\u00fcrel, sosyolojik ve iktisadi<span class=\"excerpt-hellip\"> [\u2026]<\/span><\/p>\n","protected":false},"featured_media":0,"template":"","meta":{"_monsterinsights_skip_tracking":false,"_monsterinsights_sitenote_active":false,"_monsterinsights_sitenote_note":"","_monsterinsights_sitenote_category":0},"product_brand":[],"product_cat":[13005,15998],"product_tag":[],"class_list":{"0":"post-782928","1":"product","2":"type-product","3":"status-publish","5":"product_cat-bilim-muhendislik","6":"product_cat-bilim-tarihi","7":"pa_cilt-ciltsiz","8":"pa_tur-kitap","9":"pa_yayinevi-say-yayinlari","10":"pa_yazar-peter-j-bowler","12":"first","13":"instock","14":"sale","15":"shipping-taxable","16":"purchasable","17":"product-type-simple"},"_links":{"self":[{"href":"https:\/\/roveyayinevi.com.tr\/index.php\/wp-json\/wp\/v2\/product\/782928","targetHints":{"allow":["GET"]}}],"collection":[{"href":"https:\/\/roveyayinevi.com.tr\/index.php\/wp-json\/wp\/v2\/product"}],"about":[{"href":"https:\/\/roveyayinevi.com.tr\/index.php\/wp-json\/wp\/v2\/types\/product"}],"wp:attachment":[{"href":"https:\/\/roveyayinevi.com.tr\/index.php\/wp-json\/wp\/v2\/media?parent=782928"}],"wp:term":[{"taxonomy":"product_brand","embeddable":true,"href":"https:\/\/roveyayinevi.com.tr\/index.php\/wp-json\/wp\/v2\/product_brand?post=782928"},{"taxonomy":"product_cat","embeddable":true,"href":"https:\/\/roveyayinevi.com.tr\/index.php\/wp-json\/wp\/v2\/product_cat?post=782928"},{"taxonomy":"product_tag","embeddable":true,"href":"https:\/\/roveyayinevi.com.tr\/index.php\/wp-json\/wp\/v2\/product_tag?post=782928"}],"curies":[{"name":"wp","href":"https:\/\/api.w.org\/{rel}","templated":true}]}}