{"id":782927,"date":"2026-02-23T13:07:10","date_gmt":"2026-02-23T10:07:10","guid":{"rendered":"https:\/\/roveyayinevi.com.tr\/index.php\/urun\/adan-zye-ii-dunya-savasi-tarihi\/"},"modified":"2026-04-15T03:46:15","modified_gmt":"2026-04-15T00:46:15","slug":"adan-zye-ii-dunya-savasi-tarihi","status":"publish","type":"product","link":"https:\/\/roveyayinevi.com.tr\/index.php\/urun\/adan-zye-ii-dunya-savasi-tarihi\/","title":{"rendered":"A\u2019dan Z\u2019ye II. D\u00fcnya Sava\u015f\u0131 Tarihi"},"content":{"rendered":"<p>A\u2019dan Z\u2019ye II. D\u00dcNYA SAVA\u015eI TAR\u0130H\u013050\u2019den fazla \u00fclkenin kat\u0131ld\u0131\u011f\u0131, 100 milyondan fazla insan\u0131n seferber edildi\u011fi, \u00f6l\u00fc say\u0131s\u0131n\u0131n 50 ila 80 milyon aras\u0131nda oldu\u011fu en b\u00fcy\u00fck ve en \u00f6l\u00fcmc\u00fcl sava\u015f; kana bulanm\u0131\u015f alt\u0131 y\u0131l; say\u0131s\u0131z zul\u00fcm ve vah\u015fet\u2026 II. D\u00fcnya Sava\u015f\u0131, Pearl Harbor sald\u0131r\u0131s\u0131 ve D-Day i\u015fgalinden Holocaust ve Manhattan Projesi\u2019ne kadar, d\u00fcnya \u00fczerinde kal\u0131c\u0131 etkiler b\u0131rakt\u0131. Hitler, MacArthur, Stalin ve Churchill gibi efsanevi isimlerin aras\u0131ndan iyi adamlar ve k\u00f6t\u00fc adamlar ortaya \u00e7\u0131kt\u0131. Balistik f\u00fcze, atom bombas\u0131, radar ve modern ya\u015fam\u0131 tan\u0131mlayan \u00e7e\u015fitli icatlar geli\u015ftirildi. D\u00fcnyan\u0131n d\u00f6rt bir yan\u0131nda sava\u015flar ve operasyonlar, sava\u015f gemileri ve sava\u015f u\u00e7aklar\u0131, silahlar ve bombalar, sald\u0131r\u0131lar ve ku\u015fatmalar, askerler ve liderler vard\u0131. Umutsuzluk ve zafer, zafer ve trajedi, m\u00fccadele ve fedak\u00e2rl\u0131k vard\u0131. A\u2019dan Z\u2019ye II. D\u00fcnya Sava\u015f\u0131, sava\u015fla ilgili 500 ilgi \u00e7ekici soruyu 135\u2019in \u00fczerinde foto\u011fraf ve grafikle yan\u0131tlayarak, sava\u015f\u0131n hik\u00e2yesini ve miras\u0131n\u0131 aktar\u0131yor.<\/p>\n","protected":false},"excerpt":{"rendered":"<p>A\u2019dan Z\u2019ye II. D\u00dcNYA SAVA\u015eI TAR\u0130H\u013050\u2019den fazla \u00fclkenin kat\u0131ld\u0131\u011f\u0131, 100 milyondan fazla insan\u0131n seferber edildi\u011fi, \u00f6l\u00fc say\u0131s\u0131n\u0131n 50 ila 80 milyon aras\u0131nda oldu\u011fu en b\u00fcy\u00fck ve<span class=\"excerpt-hellip\"> [\u2026]<\/span><\/p>\n","protected":false},"featured_media":0,"template":"","meta":{"_monsterinsights_skip_tracking":false,"_monsterinsights_sitenote_active":false,"_monsterinsights_sitenote_note":"","_monsterinsights_sitenote_category":0},"product_brand":[],"product_cat":[12305,12304],"product_tag":[],"class_list":{"0":"post-782927","1":"product","2":"type-product","3":"status-publish","5":"product_cat-dunya-tarihi","6":"product_cat-tarih","7":"pa_cilt-ciltsiz","8":"pa_tur-kitap","9":"pa_yayinevi-say-yayinlari","10":"pa_yazar-richard-estep","12":"first","13":"instock","14":"sale","15":"shipping-taxable","16":"purchasable","17":"product-type-simple"},"_links":{"self":[{"href":"https:\/\/roveyayinevi.com.tr\/index.php\/wp-json\/wp\/v2\/product\/782927","targetHints":{"allow":["GET"]}}],"collection":[{"href":"https:\/\/roveyayinevi.com.tr\/index.php\/wp-json\/wp\/v2\/product"}],"about":[{"href":"https:\/\/roveyayinevi.com.tr\/index.php\/wp-json\/wp\/v2\/types\/product"}],"wp:attachment":[{"href":"https:\/\/roveyayinevi.com.tr\/index.php\/wp-json\/wp\/v2\/media?parent=782927"}],"wp:term":[{"taxonomy":"product_brand","embeddable":true,"href":"https:\/\/roveyayinevi.com.tr\/index.php\/wp-json\/wp\/v2\/product_brand?post=782927"},{"taxonomy":"product_cat","embeddable":true,"href":"https:\/\/roveyayinevi.com.tr\/index.php\/wp-json\/wp\/v2\/product_cat?post=782927"},{"taxonomy":"product_tag","embeddable":true,"href":"https:\/\/roveyayinevi.com.tr\/index.php\/wp-json\/wp\/v2\/product_tag?post=782927"}],"curies":[{"name":"wp","href":"https:\/\/api.w.org\/{rel}","templated":true}]}}