{"id":782922,"date":"2026-02-23T13:06:56","date_gmt":"2026-02-23T10:06:56","guid":{"rendered":"https:\/\/roveyayinevi.com.tr\/index.php\/urun\/kucak-dolusu-gokyuzu-minikler-icin-doga-masallari\/"},"modified":"2026-04-15T03:46:15","modified_gmt":"2026-04-15T00:46:15","slug":"kucak-dolusu-gokyuzu-minikler-icin-doga-masallari","status":"publish","type":"product","link":"https:\/\/roveyayinevi.com.tr\/index.php\/urun\/kucak-dolusu-gokyuzu-minikler-icin-doga-masallari\/","title":{"rendered":"Kucak Dolusu G\u00f6ky\u00fcz\u00fc \u2013 Minikler \u0130\u00e7in Do\u011fa Masallar\u0131"},"content":{"rendered":"<p>Bir bulutun i\u00e7inde merak, bir r\u00fczg\u00e2r\u0131n nefesinde cesaret, bir kargan\u0131n kalbinde m\u00fczik var\u2026Kucak Dolusu G\u00f6ky\u00fcz\u00fc okurlara bir s\u0131rr\u0131 f\u0131s\u0131ld\u0131yor: Ne kadar k\u00fc\u00e7\u00fck olursan ol, hayatta b\u00fcy\u00fck bir fark yaratman\u0131n mutlaka yolu vard\u0131r.Miniklere do\u011fay\u0131, hayvanlar\u0131, dostlu\u011fu, m\u00fczi\u011fi, umudu anlatan \u00fc\u00e7 masal\u2026<\/p>\n","protected":false},"excerpt":{"rendered":"<p>Bir bulutun i\u00e7inde merak, bir r\u00fczg\u00e2r\u0131n nefesinde cesaret, bir kargan\u0131n kalbinde m\u00fczik var\u2026Kucak Dolusu G\u00f6ky\u00fcz\u00fc okurlara bir s\u0131rr\u0131 f\u0131s\u0131ld\u0131yor: Ne kadar k\u00fc\u00e7\u00fck olursan ol, hayatta b\u00fcy\u00fck<span class=\"excerpt-hellip\"> [\u2026]<\/span><\/p>\n","protected":false},"featured_media":0,"template":"","meta":{"_monsterinsights_skip_tracking":false,"_monsterinsights_sitenote_active":false,"_monsterinsights_sitenote_note":"","_monsterinsights_sitenote_category":0},"product_brand":[],"product_cat":[12274,12518],"product_tag":[],"class_list":{"0":"post-782922","1":"product","2":"type-product","3":"status-publish","5":"product_cat-cocuk-ve-genclik-kitaplari","6":"product_cat-okul-oncesi-kitaplar","7":"pa_cilt-ciltsiz","8":"pa_tur-kitap","9":"pa_yayinevi-is-bankasi-kultur-yayinlari","10":"pa_yazar-selcuk-ceylan","12":"first","13":"instock","14":"sale","15":"shipping-taxable","16":"purchasable","17":"product-type-simple"},"_links":{"self":[{"href":"https:\/\/roveyayinevi.com.tr\/index.php\/wp-json\/wp\/v2\/product\/782922","targetHints":{"allow":["GET"]}}],"collection":[{"href":"https:\/\/roveyayinevi.com.tr\/index.php\/wp-json\/wp\/v2\/product"}],"about":[{"href":"https:\/\/roveyayinevi.com.tr\/index.php\/wp-json\/wp\/v2\/types\/product"}],"wp:attachment":[{"href":"https:\/\/roveyayinevi.com.tr\/index.php\/wp-json\/wp\/v2\/media?parent=782922"}],"wp:term":[{"taxonomy":"product_brand","embeddable":true,"href":"https:\/\/roveyayinevi.com.tr\/index.php\/wp-json\/wp\/v2\/product_brand?post=782922"},{"taxonomy":"product_cat","embeddable":true,"href":"https:\/\/roveyayinevi.com.tr\/index.php\/wp-json\/wp\/v2\/product_cat?post=782922"},{"taxonomy":"product_tag","embeddable":true,"href":"https:\/\/roveyayinevi.com.tr\/index.php\/wp-json\/wp\/v2\/product_tag?post=782922"}],"curies":[{"name":"wp","href":"https:\/\/api.w.org\/{rel}","templated":true}]}}