{"id":782921,"date":"2026-02-23T13:06:52","date_gmt":"2026-02-23T10:06:52","guid":{"rendered":"https:\/\/roveyayinevi.com.tr\/index.php\/urun\/dunyayi-ogreniyorum-arkadasim-mekatronik-teknisyeni\/"},"modified":"2026-04-15T03:46:14","modified_gmt":"2026-04-15T00:46:14","slug":"dunyayi-ogreniyorum-arkadasim-mekatronik-teknisyeni","status":"publish","type":"product","link":"https:\/\/roveyayinevi.com.tr\/index.php\/urun\/dunyayi-ogreniyorum-arkadasim-mekatronik-teknisyeni\/","title":{"rendered":"D\u00fcnyay\u0131 \u00d6\u011freniyorum \u2013 Arkada\u015f\u0131m Mekatronik Teknisyeni"},"content":{"rendered":"<p>Lili, babas\u0131yla birlikte al\u0131\u015fveri\u015fe gitmek \u00fczereyken arabada bir anda k\u0131rm\u0131z\u0131 uyar\u0131 \u0131\u015f\u0131\u011f\u0131 yand\u0131!Neyse ki kom\u015fular\u0131 Peter bir otomotiv mekatroniker teknisyeni. Bir teknik servisi yak\u0131ndan tan\u0131rken arabalar\u0131n, motorlar\u0131n ve elektrikli ara\u00e7lar\u0131n nas\u0131l \u00e7al\u0131\u015ft\u0131\u011f\u0131n\u0131 ke\u015ffedebilirsin.Peki, Lili\u2019nin akl\u0131na ne geliyor dersin?Belki Lili de b\u00fcy\u00fcy\u00fcnce bir mekatronik teknisyeni olmak isteyecek!<\/p>\n","protected":false},"excerpt":{"rendered":"<p>Lili, babas\u0131yla birlikte al\u0131\u015fveri\u015fe gitmek \u00fczereyken arabada bir anda k\u0131rm\u0131z\u0131 uyar\u0131 \u0131\u015f\u0131\u011f\u0131 yand\u0131!Neyse ki kom\u015fular\u0131 Peter bir otomotiv mekatroniker teknisyeni. Bir teknik servisi yak\u0131ndan tan\u0131rken arabalar\u0131n,<span class=\"excerpt-hellip\"> [\u2026]<\/span><\/p>\n","protected":false},"featured_media":0,"template":"","meta":{"_monsterinsights_skip_tracking":false,"_monsterinsights_sitenote_active":false,"_monsterinsights_sitenote_note":"","_monsterinsights_sitenote_category":0},"product_brand":[],"product_cat":[12274,12518],"product_tag":[],"class_list":{"0":"post-782921","1":"product","2":"type-product","3":"status-publish","5":"product_cat-cocuk-ve-genclik-kitaplari","6":"product_cat-okul-oncesi-kitaplar","7":"pa_cilt-ciltsiz","8":"pa_tur-kitap","9":"pa_yayinevi-is-bankasi-kultur-yayinlari","10":"pa_yazar-ralf-butschkow","12":"first","13":"instock","14":"sale","15":"shipping-taxable","16":"purchasable","17":"product-type-simple"},"_links":{"self":[{"href":"https:\/\/roveyayinevi.com.tr\/index.php\/wp-json\/wp\/v2\/product\/782921","targetHints":{"allow":["GET"]}}],"collection":[{"href":"https:\/\/roveyayinevi.com.tr\/index.php\/wp-json\/wp\/v2\/product"}],"about":[{"href":"https:\/\/roveyayinevi.com.tr\/index.php\/wp-json\/wp\/v2\/types\/product"}],"wp:attachment":[{"href":"https:\/\/roveyayinevi.com.tr\/index.php\/wp-json\/wp\/v2\/media?parent=782921"}],"wp:term":[{"taxonomy":"product_brand","embeddable":true,"href":"https:\/\/roveyayinevi.com.tr\/index.php\/wp-json\/wp\/v2\/product_brand?post=782921"},{"taxonomy":"product_cat","embeddable":true,"href":"https:\/\/roveyayinevi.com.tr\/index.php\/wp-json\/wp\/v2\/product_cat?post=782921"},{"taxonomy":"product_tag","embeddable":true,"href":"https:\/\/roveyayinevi.com.tr\/index.php\/wp-json\/wp\/v2\/product_tag?post=782921"}],"curies":[{"name":"wp","href":"https:\/\/api.w.org\/{rel}","templated":true}]}}