{"id":782914,"date":"2026-02-23T13:06:32","date_gmt":"2026-02-23T10:06:32","guid":{"rendered":"https:\/\/roveyayinevi.com.tr\/index.php\/urun\/batida-ve-turkiyede-sergicilik-tarihikarsilastirmali-bir-analiz\/"},"modified":"2026-04-15T03:46:14","modified_gmt":"2026-04-15T00:46:14","slug":"batida-ve-turkiyede-sergicilik-tarihikarsilastirmali-bir-analiz","status":"publish","type":"product","link":"https:\/\/roveyayinevi.com.tr\/index.php\/urun\/batida-ve-turkiyede-sergicilik-tarihikarsilastirmali-bir-analiz\/","title":{"rendered":"Bat\u0131\u2019da ve T\u00fcrkiye\u2019de Sergicilik Tarihi;Kar\u015f\u0131la\u015ft\u0131rmal\u0131 Bir Analiz"},"content":{"rendered":"<p>Sanat ve k\u00fclt\u00fcr\u00fcn, toplumsal e\u011fitim ve modernle\u015fme i\u00e7in desteklenmesi hem Avrupa hem Osmanl\u0131-T\u00fcrk sergi tarihinde b\u00fcy\u00fck \u00f6neme sahiptir. Osmanl\u0131 \u0130mparatorlu\u011fu Tanzimat d\u00f6neminde, 19. y\u00fczy\u0131l ortas\u0131ndan itibaren Bat\u0131\u2019n\u0131n tekni\u011fi ve k\u00fclt\u00fcr\u00fcne uyum sa\u011flamay\u0131 ama\u00e7lam\u0131\u015ft\u0131r. T\u00fcrkiye ise devlet destekleri ve sergi dizileriyle \u00fclkede reform yapmay\u0131, ulusal bir k\u00fclt\u00fcr geli\u015ftirmeyi ve geli\u015fmi\u015f Bat\u0131l\u0131 devletler aras\u0131nda yer almay\u0131 denemi\u015ftir.Bilimsel bir konu olarak ele al\u0131nd\u0131\u011f\u0131nda sanat tarihi ve sanat bilimi, sanat\u0131n icras\u0131nda ve alg\u0131lan\u0131\u015f\u0131nda sergi mek\u00e2n\u0131na stratejik bir par\u00e7a olarak \u00f6nem vermek durumunda kalm\u0131\u015ft\u0131r. Serginin kendisi, 1980\u2019li y\u0131llardan itibaren giderek artan bi\u00e7imde Avrupa ve Kuzey Amerika\u2019da k\u00fclt\u00fcr ve sanat biliminin konusu h\u00e2line gelmi\u015ftir. G\u00fcn\u00fcm\u00fczde bienaller ve k\u00fcrat\u00f6rl\u00fck mesle\u011finin pop\u00fclerli\u011fiyle desteklenen sergicilik ara\u015ft\u0131rmalar\u0131, bilimin \u00f6nemli bir bile\u015fenine d\u00f6n\u00fc\u015fm\u00fc\u015ft\u00fcr. Toplumsal hadiselerle birlikte \u00f6r\u00fclen bu k\u00fclt\u00fcr ortam\u0131n\u0131n \u00e7ok katmanl\u0131 yap\u0131s\u0131n\u0131 yans\u0131tmaya \u00e7al\u0131\u015fan bu eser, Osmanl\u0131 ve T\u00fcrk sergicilik tarihinin 19. y\u00fczy\u0131ldaki ba\u015flang\u0131c\u0131ndan g\u00fcn\u00fcm\u00fcze uzanan geli\u015fim s\u00fcrecini, Avrupa ve Kuzey Amerika sergicilik anlay\u0131\u015f\u0131ndan nas\u0131l farkl\u0131la\u015ft\u0131\u011f\u0131n\u0131 ve onlarla ne t\u00fcr paralellikler g\u00f6sterdi\u011fini ele almaktad\u0131r.<\/p>\n","protected":false},"excerpt":{"rendered":"<p>Sanat ve k\u00fclt\u00fcr\u00fcn, toplumsal e\u011fitim ve modernle\u015fme i\u00e7in desteklenmesi hem Avrupa hem Osmanl\u0131-T\u00fcrk sergi tarihinde b\u00fcy\u00fck \u00f6neme sahiptir. Osmanl\u0131 \u0130mparatorlu\u011fu Tanzimat d\u00f6neminde, 19. y\u00fczy\u0131l ortas\u0131ndan itibaren<span class=\"excerpt-hellip\"> [\u2026]<\/span><\/p>\n","protected":false},"featured_media":0,"template":"","meta":{"_monsterinsights_skip_tracking":false,"_monsterinsights_sitenote_active":false,"_monsterinsights_sitenote_note":"","_monsterinsights_sitenote_category":0},"product_brand":[],"product_cat":[13512,12408],"product_tag":[],"class_list":{"0":"post-782914","1":"product","2":"type-product","3":"status-publish","5":"product_cat-mimarlik","6":"product_cat-sanat","7":"pa_cilt-ciltsiz","8":"pa_tur-kitap","9":"pa_yayinevi-vakifbank-kultur-yayinlari","10":"pa_yazar-marcus-graf","12":"first","13":"instock","14":"sale","15":"shipping-taxable","16":"purchasable","17":"product-type-simple"},"_links":{"self":[{"href":"https:\/\/roveyayinevi.com.tr\/index.php\/wp-json\/wp\/v2\/product\/782914","targetHints":{"allow":["GET"]}}],"collection":[{"href":"https:\/\/roveyayinevi.com.tr\/index.php\/wp-json\/wp\/v2\/product"}],"about":[{"href":"https:\/\/roveyayinevi.com.tr\/index.php\/wp-json\/wp\/v2\/types\/product"}],"wp:attachment":[{"href":"https:\/\/roveyayinevi.com.tr\/index.php\/wp-json\/wp\/v2\/media?parent=782914"}],"wp:term":[{"taxonomy":"product_brand","embeddable":true,"href":"https:\/\/roveyayinevi.com.tr\/index.php\/wp-json\/wp\/v2\/product_brand?post=782914"},{"taxonomy":"product_cat","embeddable":true,"href":"https:\/\/roveyayinevi.com.tr\/index.php\/wp-json\/wp\/v2\/product_cat?post=782914"},{"taxonomy":"product_tag","embeddable":true,"href":"https:\/\/roveyayinevi.com.tr\/index.php\/wp-json\/wp\/v2\/product_tag?post=782914"}],"curies":[{"name":"wp","href":"https:\/\/api.w.org\/{rel}","templated":true}]}}