{"id":782907,"date":"2026-02-23T13:06:04","date_gmt":"2026-02-23T10:06:04","guid":{"rendered":"https:\/\/roveyayinevi.com.tr\/index.php\/urun\/viatorun-guncesi\/"},"modified":"2026-04-15T03:46:14","modified_gmt":"2026-04-15T00:46:14","slug":"viatorun-guncesi","status":"publish","type":"product","link":"https:\/\/roveyayinevi.com.tr\/index.php\/urun\/viatorun-guncesi\/","title":{"rendered":"Viator\u2019un G\u00fcncesi"},"content":{"rendered":"<p>\u201cAma Viator ger\u00e7ekse\u2026 Bu, bir kalp k\u0131r\u0131kl\u0131\u011f\u0131ndan daha m\u00fchim bir meseleydi.Nereye kadar ka\u00e7abilirdi?&#8217;Ben kendimden ne kadar uza\u011fa ka\u00e7abilirsem o kadar\u2026&#8217; diye f\u0131s\u0131ldad\u0131.Zihinsel bir \u00e7alkant\u0131 m\u0131yd\u0131 bu olanlar, yoksa ger\u00e7ekten tehlikede miydi?Caddenin ba\u015f\u0131na \u00e7\u0131kt\u0131\u011f\u0131nda, \u0131\u015f\u0131klarda bekleyen Viator&#8217;u g\u00f6rd\u00fc.\u201d \u00c7ok ge\u00e7meden \u015fehirde esrarengiz \u00f6l\u00fcmler ba\u015flar ve Ba\u015fkomiser Caner soru\u015fturmaya dahil olur.Ger\u00e7ek ile kurgu aras\u0131ndaki s\u0131n\u0131rlar silindik\u00e7e Yazar Leylim \u015eayeste i\u00e7in yazmak art\u0131k bir ka\u00e7\u0131\u015f de\u011fil, bir y\u00fczle\u015fmeye d\u00f6n\u00fc\u015f\u00fcr.<\/p>\n","protected":false},"excerpt":{"rendered":"<p>\u201cAma Viator ger\u00e7ekse\u2026 Bu, bir kalp k\u0131r\u0131kl\u0131\u011f\u0131ndan daha m\u00fchim bir meseleydi.Nereye kadar ka\u00e7abilirdi?&#8217;Ben kendimden ne kadar uza\u011fa ka\u00e7abilirsem o kadar\u2026&#8217; diye f\u0131s\u0131ldad\u0131.Zihinsel bir \u00e7alkant\u0131 m\u0131yd\u0131 bu<span class=\"excerpt-hellip\"> [\u2026]<\/span><\/p>\n","protected":false},"featured_media":0,"template":"","meta":{"_monsterinsights_skip_tracking":false,"_monsterinsights_sitenote_active":false,"_monsterinsights_sitenote_note":"","_monsterinsights_sitenote_category":0},"product_brand":[],"product_cat":[12291,14777],"product_tag":[],"class_list":{"0":"post-782907","1":"product","2":"type-product","3":"status-publish","5":"product_cat-edebiyat","6":"product_cat-fantastik","7":"pa_cilt-ciltsiz","8":"pa_tur-kitap","9":"pa_yayinevi-theseus-yayinevi","10":"pa_yazar-incigul-bayten","12":"first","13":"instock","14":"sale","15":"shipping-taxable","16":"purchasable","17":"product-type-simple"},"_links":{"self":[{"href":"https:\/\/roveyayinevi.com.tr\/index.php\/wp-json\/wp\/v2\/product\/782907","targetHints":{"allow":["GET"]}}],"collection":[{"href":"https:\/\/roveyayinevi.com.tr\/index.php\/wp-json\/wp\/v2\/product"}],"about":[{"href":"https:\/\/roveyayinevi.com.tr\/index.php\/wp-json\/wp\/v2\/types\/product"}],"wp:attachment":[{"href":"https:\/\/roveyayinevi.com.tr\/index.php\/wp-json\/wp\/v2\/media?parent=782907"}],"wp:term":[{"taxonomy":"product_brand","embeddable":true,"href":"https:\/\/roveyayinevi.com.tr\/index.php\/wp-json\/wp\/v2\/product_brand?post=782907"},{"taxonomy":"product_cat","embeddable":true,"href":"https:\/\/roveyayinevi.com.tr\/index.php\/wp-json\/wp\/v2\/product_cat?post=782907"},{"taxonomy":"product_tag","embeddable":true,"href":"https:\/\/roveyayinevi.com.tr\/index.php\/wp-json\/wp\/v2\/product_tag?post=782907"}],"curies":[{"name":"wp","href":"https:\/\/api.w.org\/{rel}","templated":true}]}}