{"id":782905,"date":"2026-02-23T13:05:59","date_gmt":"2026-02-23T10:05:59","guid":{"rendered":"https:\/\/roveyayinevi.com.tr\/index.php\/urun\/giritli\/"},"modified":"2026-04-15T03:46:14","modified_gmt":"2026-04-15T00:46:14","slug":"giritli","status":"publish","type":"product","link":"https:\/\/roveyayinevi.com.tr\/index.php\/urun\/giritli\/","title":{"rendered":"Giritli"},"content":{"rendered":"<p>\u201c\u0130nsan, her ne kadar bilgili ve kendinden emin olsa da ruhsal yap\u0131s\u0131 \u00e7ok karma\u015f\u0131k ve \u00e7aresiz bir h\u00e2l alabiliyordu. Bu, pes edip etmemeye olan karars\u0131zl\u0131\u011f\u0131 g\u00f6steren ruh h\u00e2line ait tepkiydi. Pes etmek bir \u015feyden temelli vazge\u00e7mek demekti. Bir \u015feyden vazge\u00e7menin ise her zaman bir bedeli olaca\u011f\u0131 s\u00f6ylenemezdi. Vazge\u00e7menin anlam\u0131, de\u011fi\u015fen ko\u015fullar alt\u0131nda k\u0131ymetini yitiren ve kendili\u011finden hedefi de\u011fi\u015fen bir m\u00fccadeleye d\u00f6n\u00fc\u015febilirdi. Vazge\u00e7meyece\u011fi \u015feyler i\u00e7in ne pahas\u0131na olursa olsun kararl\u0131l\u0131\u011f\u0131n\u0131 s\u00fcrekli diri tutanlard\u0131 bedel \u00f6deyenler.\u201d *** \u00c7ocukluk, hayat\u0131n tamam\u0131na yay\u0131lan bir aray\u0131\u015f ve bulma iste\u011fine d\u00f6n\u00fc\u015f\u00fcrken birbirinden kopamayan ve a\u015fk\u0131 yine birbirlerinde bulan Giritli ve Selin&#8217;in hik\u00e2yesi; sizi, ya\u015fam\u0131 ve a\u015fk\u0131 yeniden anlamland\u0131rmaya \u00e7a\u011f\u0131r\u0131yor\u2026<\/p>\n","protected":false},"excerpt":{"rendered":"<p>\u201c\u0130nsan, her ne kadar bilgili ve kendinden emin olsa da ruhsal yap\u0131s\u0131 \u00e7ok karma\u015f\u0131k ve \u00e7aresiz bir h\u00e2l alabiliyordu. Bu, pes edip etmemeye olan karars\u0131zl\u0131\u011f\u0131 g\u00f6steren<span class=\"excerpt-hellip\"> [\u2026]<\/span><\/p>\n","protected":false},"featured_media":0,"template":"","meta":{"_monsterinsights_skip_tracking":false,"_monsterinsights_sitenote_active":false,"_monsterinsights_sitenote_note":"","_monsterinsights_sitenote_category":0},"product_brand":[],"product_cat":[12291,12711],"product_tag":[],"class_list":{"0":"post-782905","1":"product","2":"type-product","3":"status-publish","5":"product_cat-edebiyat","6":"product_cat-roman-oyku","7":"pa_cilt-ciltsiz","8":"pa_tur-kitap","9":"pa_yayinevi-elpis-yayinlari","10":"pa_yazar-mustafa-algin","12":"first","13":"instock","14":"sale","15":"shipping-taxable","16":"purchasable","17":"product-type-simple"},"_links":{"self":[{"href":"https:\/\/roveyayinevi.com.tr\/index.php\/wp-json\/wp\/v2\/product\/782905","targetHints":{"allow":["GET"]}}],"collection":[{"href":"https:\/\/roveyayinevi.com.tr\/index.php\/wp-json\/wp\/v2\/product"}],"about":[{"href":"https:\/\/roveyayinevi.com.tr\/index.php\/wp-json\/wp\/v2\/types\/product"}],"wp:attachment":[{"href":"https:\/\/roveyayinevi.com.tr\/index.php\/wp-json\/wp\/v2\/media?parent=782905"}],"wp:term":[{"taxonomy":"product_brand","embeddable":true,"href":"https:\/\/roveyayinevi.com.tr\/index.php\/wp-json\/wp\/v2\/product_brand?post=782905"},{"taxonomy":"product_cat","embeddable":true,"href":"https:\/\/roveyayinevi.com.tr\/index.php\/wp-json\/wp\/v2\/product_cat?post=782905"},{"taxonomy":"product_tag","embeddable":true,"href":"https:\/\/roveyayinevi.com.tr\/index.php\/wp-json\/wp\/v2\/product_tag?post=782905"}],"curies":[{"name":"wp","href":"https:\/\/api.w.org\/{rel}","templated":true}]}}