{"id":782881,"date":"2026-02-23T13:04:40","date_gmt":"2026-02-23T10:04:40","guid":{"rendered":"https:\/\/roveyayinevi.com.tr\/index.php\/urun\/insan-makinesi\/"},"modified":"2026-04-08T03:43:12","modified_gmt":"2026-04-08T00:43:12","slug":"insan-makinesi","status":"publish","type":"product","link":"https:\/\/roveyayinevi.com.tr\/index.php\/urun\/insan-makinesi\/","title":{"rendered":"\u0130nsan Makinesi"},"content":{"rendered":"<p>&#8220;Beyniniz sizin efendiniz de\u011fil, hizmetkar\u0131n\u0131zd\u0131r.&#8221;\u00c7o\u011fumuz, arabam\u0131z\u0131n motoruna veya telefonumuzun i\u015fletim sistemine g\u00f6sterdi\u011fimiz \u00f6zeni, evrendeki en karma\u015f\u0131k mekanizmaya, yani kendi zihnimize g\u00f6stermiyoruz. Beynimizin bizi ele ge\u00e7irmesine, gereksiz endi\u015felerle yormas\u0131na ve d\u00fcrt\u00fclerimizin k\u00f6lesi olmaya sessizce izin veriyoruz.Arnold Bennett, bir as\u0131r \u00f6ncesinden bug\u00fcn\u00fcn modern insan\u0131na sesleniyor: &#8220;Zihninizi ba\u015f\u0131bo\u015f bir avare gibi dola\u015fmaktan kurtar\u0131n.&#8221;\u0130nsan Makinesi, sadece bir ki\u015fisel geli\u015fim kitab\u0131 de\u011fil; Stoac\u0131 felsefeyi pratik psikolojiyle harmanlayan, zihni disipline etmenin ve &#8220;ya\u015fama sanat\u0131&#8221;nda amat\u00f6rl\u00fckten profesyonelli\u011fe ge\u00e7i\u015fin el kitab\u0131d\u0131r.Kendinizi &#8220;oldu\u011funuz gibi&#8221; kabul etmek zorunda de\u011filsiniz. Makinenin kontrol\u00fcn\u00fc ele alma zaman\u0131 geldi.<\/p>\n","protected":false},"excerpt":{"rendered":"<p>&#8220;Beyniniz sizin efendiniz de\u011fil, hizmetkar\u0131n\u0131zd\u0131r.&#8221;\u00c7o\u011fumuz, arabam\u0131z\u0131n motoruna veya telefonumuzun i\u015fletim sistemine g\u00f6sterdi\u011fimiz \u00f6zeni, evrendeki en karma\u015f\u0131k mekanizmaya, yani kendi zihnimize g\u00f6stermiyoruz. Beynimizin bizi ele ge\u00e7irmesine, gereksiz<span class=\"excerpt-hellip\"> [\u2026]<\/span><\/p>\n","protected":false},"featured_media":0,"template":"","meta":{"_monsterinsights_skip_tracking":false,"_monsterinsights_sitenote_active":false,"_monsterinsights_sitenote_note":"","_monsterinsights_sitenote_category":0},"product_brand":[],"product_cat":[12364,12376],"product_tag":[],"class_list":{"0":"post-782881","1":"product","2":"type-product","3":"status-publish","5":"product_cat-genel-konular","6":"product_cat-kisisel-gelisim","7":"pa_cilt-ciltsiz","8":"pa_tur-kitap","9":"pa_yayinevi-bambuk-yayinevi","10":"pa_yazar-arnold-bennett","12":"first","13":"instock","14":"sale","15":"shipping-taxable","16":"purchasable","17":"product-type-simple"},"_links":{"self":[{"href":"https:\/\/roveyayinevi.com.tr\/index.php\/wp-json\/wp\/v2\/product\/782881","targetHints":{"allow":["GET"]}}],"collection":[{"href":"https:\/\/roveyayinevi.com.tr\/index.php\/wp-json\/wp\/v2\/product"}],"about":[{"href":"https:\/\/roveyayinevi.com.tr\/index.php\/wp-json\/wp\/v2\/types\/product"}],"wp:attachment":[{"href":"https:\/\/roveyayinevi.com.tr\/index.php\/wp-json\/wp\/v2\/media?parent=782881"}],"wp:term":[{"taxonomy":"product_brand","embeddable":true,"href":"https:\/\/roveyayinevi.com.tr\/index.php\/wp-json\/wp\/v2\/product_brand?post=782881"},{"taxonomy":"product_cat","embeddable":true,"href":"https:\/\/roveyayinevi.com.tr\/index.php\/wp-json\/wp\/v2\/product_cat?post=782881"},{"taxonomy":"product_tag","embeddable":true,"href":"https:\/\/roveyayinevi.com.tr\/index.php\/wp-json\/wp\/v2\/product_tag?post=782881"}],"curies":[{"name":"wp","href":"https:\/\/api.w.org\/{rel}","templated":true}]}}