{"id":782877,"date":"2026-02-23T13:04:28","date_gmt":"2026-02-23T10:04:28","guid":{"rendered":"https:\/\/roveyayinevi.com.tr\/index.php\/urun\/duvarin-ardi-gormedigimiz-filistin\/"},"modified":"2026-04-15T03:46:12","modified_gmt":"2026-04-15T00:46:12","slug":"duvarin-ardi-gormedigimiz-filistin","status":"publish","type":"product","link":"https:\/\/roveyayinevi.com.tr\/index.php\/urun\/duvarin-ardi-gormedigimiz-filistin\/","title":{"rendered":"Duvar\u0131n Ard\u0131 G\u00f6rmedi\u011fimiz Filistin"},"content":{"rendered":"<p>Duvar\u0131n ard\u0131nda, Gazze\u2019nin dar sokaklar\u0131nda \u00e7ocuklar \u00f6l\u00fcm ya\u011fmuru alt\u0131nda oynar, Anneler yaslar\u0131n\u0131 i\u00e7lerine g\u00f6mer, Doktorlar bombalanan hastanelerde hayat kurtarmaya \u00e7al\u0131\u015f\u0131r, F\u0131r\u0131nc\u0131lar enkazda ekmek pi\u015firir.Bu kitap, medyan\u0131n k\u0131sa karelerine s\u0131\u011fmayan o hayatlar\u0131 anlat\u0131yor: Travma nesiller boyu s\u00fcren \u00e7ocuklar, Direni\u015fle aya\u011fa kalkan kad\u0131nlar, Vicdan y\u00fck\u00fcyle uykusuz kalan hekimler.Filistin, bir co\u011frafya de\u011fil; \u0130nsanl\u0131\u011f\u0131n vicdan imtihan\u0131d\u0131r.Zul\u00fcm devam ederken sessiz kalan, Duvar\u0131n ard\u0131ndaki \u00e7\u0131\u011fl\u0131\u011f\u0131 duymayan herkes i\u00e7in:Vicdan\u0131n\u0131z h\u00e2l\u00e2 duyuyor mu?<\/p>\n","protected":false},"excerpt":{"rendered":"<p>Duvar\u0131n ard\u0131nda, Gazze\u2019nin dar sokaklar\u0131nda \u00e7ocuklar \u00f6l\u00fcm ya\u011fmuru alt\u0131nda oynar, Anneler yaslar\u0131n\u0131 i\u00e7lerine g\u00f6mer, Doktorlar bombalanan hastanelerde hayat kurtarmaya \u00e7al\u0131\u015f\u0131r, F\u0131r\u0131nc\u0131lar enkazda ekmek pi\u015firir.Bu kitap, medyan\u0131n<span class=\"excerpt-hellip\"> [\u2026]<\/span><\/p>\n","protected":false},"featured_media":0,"template":"","meta":{"_monsterinsights_skip_tracking":false,"_monsterinsights_sitenote_active":false,"_monsterinsights_sitenote_note":"","_monsterinsights_sitenote_category":0},"product_brand":[],"product_cat":[12364],"product_tag":[],"class_list":{"0":"post-782877","1":"product","2":"type-product","3":"status-publish","5":"product_cat-genel-konular","6":"pa_cilt-ciltsiz","7":"pa_tur-kitap","8":"pa_yayinevi-kalem-lugat-yayincilik","9":"pa_yazar-huseyin-murat-birgin","11":"first","12":"instock","13":"sale","14":"shipping-taxable","15":"purchasable","16":"product-type-simple"},"_links":{"self":[{"href":"https:\/\/roveyayinevi.com.tr\/index.php\/wp-json\/wp\/v2\/product\/782877","targetHints":{"allow":["GET"]}}],"collection":[{"href":"https:\/\/roveyayinevi.com.tr\/index.php\/wp-json\/wp\/v2\/product"}],"about":[{"href":"https:\/\/roveyayinevi.com.tr\/index.php\/wp-json\/wp\/v2\/types\/product"}],"wp:attachment":[{"href":"https:\/\/roveyayinevi.com.tr\/index.php\/wp-json\/wp\/v2\/media?parent=782877"}],"wp:term":[{"taxonomy":"product_brand","embeddable":true,"href":"https:\/\/roveyayinevi.com.tr\/index.php\/wp-json\/wp\/v2\/product_brand?post=782877"},{"taxonomy":"product_cat","embeddable":true,"href":"https:\/\/roveyayinevi.com.tr\/index.php\/wp-json\/wp\/v2\/product_cat?post=782877"},{"taxonomy":"product_tag","embeddable":true,"href":"https:\/\/roveyayinevi.com.tr\/index.php\/wp-json\/wp\/v2\/product_tag?post=782877"}],"curies":[{"name":"wp","href":"https:\/\/api.w.org\/{rel}","templated":true}]}}