{"id":782875,"date":"2026-02-23T13:04:21","date_gmt":"2026-02-23T10:04:21","guid":{"rendered":"https:\/\/roveyayinevi.com.tr\/index.php\/urun\/13-numarali-oda-2\/"},"modified":"2026-04-15T03:46:12","modified_gmt":"2026-04-15T00:46:12","slug":"13-numarali-oda-2","status":"publish","type":"product","link":"https:\/\/roveyayinevi.com.tr\/index.php\/urun\/13-numarali-oda-2\/","title":{"rendered":"13 Numaral\u0131 Oda"},"content":{"rendered":"<p>\u201c13 Numaral\u0131 Oda\u201d Hasan \u0130\u015fci taraf\u0131ndan kaleme al\u0131na 17 \u00f6yk\u00fcden olu\u015fmaktad\u0131r (Y\u0131l\u0131n 72. G\u00fcn\u00fc, Son G\u00fcn,Baias, Gogi, Dolunay, 13 Numaral\u0131 Oda, Bentderesi \u00d6yk\u00fcs\u00fc, Hergele, Salih, Karaca, Bal\u0131k Av\u0131, Y\u0131k\u0131m ve \u00d6l\u00fcm, Bir Naa\u015f\u0131n Rit\u00fceli, Soygun, Flan\u00f6r, \u00c7ikolata, Na Zdrowie). \u00d6yk\u00fcler yal\u0131n ve ak\u0131c\u0131 bir dille anlat\u0131lm\u0131\u015f olup, yazar\u0131n derin g\u00f6zlem yetene\u011finin \u00fcr\u00fcnleridir.   \u201cKitaplar iyi s\u0131\u011f\u0131naklard\u0131, binlerce kitab\u0131n oldu\u011fu bir yer isey\u0131k\u0131lmaz bir kaleydi onun i\u00e7in.\u201d\u201c\u0130nsanlar\u0131n \u00f6m\u00fcrleri k\u0131sa, zamanlar\u0131 \u00e7oktur.\u201d\u201cBiz basit kullar ne yapabiliriz efendimiz? Tanr\u0131 yazar bizya\u015far\u0131z. Y\u00fcklerimiz kald\u0131rabilece\u011fimiz kadard\u0131r.\u201d\u201c\u0130nsan ba\u015fkalar\u0131 i\u00e7in ya\u015farsa, ya\u015fad\u0131\u011f\u0131 hayatta ba\u015fkalar\u0131n\u0131nolur.\u201d\u201c\u0130nsan\u0131n \u00e7ocuklu\u011fuyla yeti\u015fkinli\u011fi aras\u0131nda bir hayat vard\u0131r.\u015eimdi ne o kazanlar kurulur ne o \u00e7e\u015fmeler yerinde durur.\u201d\u201cYads\u0131namaz ger\u00e7eklerde ilk s\u0131ray\u0131 alan \u00f6l\u00fcm, ba\u015fkalar\u0131n\u0131nba\u015f\u0131na gelip bizi es ge\u00e7meyecekti.\u201d\u201cAncak tan\u0131mlamakta g\u00fc\u00e7l\u00fck \u00e7ekti\u011fim bir duygu vard\u0131 h\u00e2l\u00e2.Ne de olsa bir \u015fey ara\u015ft\u0131r\u0131yordum. Bir insan\u0131n ne kadara\u015fa\u011f\u0131l\u0131k olabilece\u011fini<\/p>\n","protected":false},"excerpt":{"rendered":"<p>\u201c13 Numaral\u0131 Oda\u201d Hasan \u0130\u015fci taraf\u0131ndan kaleme al\u0131na 17 \u00f6yk\u00fcden olu\u015fmaktad\u0131r (Y\u0131l\u0131n 72. G\u00fcn\u00fc, Son G\u00fcn,Baias, Gogi, Dolunay, 13 Numaral\u0131 Oda, Bentderesi \u00d6yk\u00fcs\u00fc, Hergele, Salih, Karaca,<span class=\"excerpt-hellip\"> [\u2026]<\/span><\/p>\n","protected":false},"featured_media":0,"template":"","meta":{"_monsterinsights_skip_tracking":false,"_monsterinsights_sitenote_active":false,"_monsterinsights_sitenote_note":"","_monsterinsights_sitenote_category":0},"product_brand":[],"product_cat":[12291,18202],"product_tag":[],"class_list":{"0":"post-782875","1":"product","2":"type-product","3":"status-publish","5":"product_cat-edebiyat","6":"product_cat-hikaye","7":"pa_cilt-ciltsiz","8":"pa_tur-kitap","9":"pa_yayinevi-alden-yayinlari","10":"pa_yazar-hasan-isci","12":"first","13":"instock","14":"sale","15":"shipping-taxable","16":"purchasable","17":"product-type-simple"},"_links":{"self":[{"href":"https:\/\/roveyayinevi.com.tr\/index.php\/wp-json\/wp\/v2\/product\/782875","targetHints":{"allow":["GET"]}}],"collection":[{"href":"https:\/\/roveyayinevi.com.tr\/index.php\/wp-json\/wp\/v2\/product"}],"about":[{"href":"https:\/\/roveyayinevi.com.tr\/index.php\/wp-json\/wp\/v2\/types\/product"}],"wp:attachment":[{"href":"https:\/\/roveyayinevi.com.tr\/index.php\/wp-json\/wp\/v2\/media?parent=782875"}],"wp:term":[{"taxonomy":"product_brand","embeddable":true,"href":"https:\/\/roveyayinevi.com.tr\/index.php\/wp-json\/wp\/v2\/product_brand?post=782875"},{"taxonomy":"product_cat","embeddable":true,"href":"https:\/\/roveyayinevi.com.tr\/index.php\/wp-json\/wp\/v2\/product_cat?post=782875"},{"taxonomy":"product_tag","embeddable":true,"href":"https:\/\/roveyayinevi.com.tr\/index.php\/wp-json\/wp\/v2\/product_tag?post=782875"}],"curies":[{"name":"wp","href":"https:\/\/api.w.org\/{rel}","templated":true}]}}