{"id":782858,"date":"2026-02-23T13:03:30","date_gmt":"2026-02-23T10:03:30","guid":{"rendered":"https:\/\/roveyayinevi.com.tr\/index.php\/urun\/komik-edebi-turler\/"},"modified":"2026-04-15T03:46:12","modified_gmt":"2026-04-15T00:46:12","slug":"komik-edebi-turler","status":"publish","type":"product","link":"https:\/\/roveyayinevi.com.tr\/index.php\/urun\/komik-edebi-turler\/","title":{"rendered":"Komik Edebi T\u00fcrler"},"content":{"rendered":"<p>T\u00fcrk edebiyat ele\u015ftirisinde, \u201ckomik edeb\u00ee t\u00fcrlere\u201d y\u00f6nelik kapsaml\u0131 bir \u00e7al\u0131\u015fman\u0131n kaleme al\u0131nmam\u0131\u015f olmas\u0131, ironik ve parodik yap\u0131lara dayanan modern ve postmodern yap\u0131lar\u0131n de\u011ferlendirilmesinde ciddi sorunlar yaratmaktad\u0131r.   \u201c\u0130roni\u201d kavram\u0131n\u0131n ve tekniklerinin yeterince tan\u0131nmamas\u0131, Ahmet Hamdi Tanp\u0131nar ve O\u011fuz Atay gibi \u201cironik yazarlar\u201d\u0131n kapsaml\u0131 bir bi\u00e7imde de\u011ferlendirilmesinin \u00f6n\u00fcne ge\u00e7mi\u015f hatta \u00e7o\u011fu zaman yanl\u0131\u015f de\u011ferlendirmelere yol a\u00e7m\u0131\u015ft\u0131r.           \u201cParodik ve satirik yap\u0131lara ili\u015fkin bilgi yoklu\u011fu da benzer sorunlara neden olmu\u015f, \u00f6zellikle \u00e7a\u011fda\u015f roman okumalar\u0131nda kar\u015f\u0131m\u0131za \u00e7\u0131kan postmodern tekniklerin ele al\u0131nmas\u0131nda kullan\u0131lacak baz\u0131 \u201ckavramsal ara\u00e7lar\u201d, T\u00fcrk edebiyat ele\u015ftirisinde t\u00fcm\u00fcyle g\u00f6z ard\u0131 edilmi\u015ftir. Bilgi ve kaynak yoklu\u011funun salt ele\u015ftiri i\u00e7in bir sorun \u00fcretti\u011fini d\u00fc\u015f\u00fcnmek safl\u0131k olur, ayn\u0131 zamanda yazar ve okurlar i\u00e7in de ciddi yoksulla\u015fmalara yol a\u00e7an bir olgudur bu. \u0130\u015fte t\u00fcm bu g\u00fc\u00e7l\u00fckleri a\u015fman\u0131n yolu ku\u015fkusuz konuyu enine boyuna analiz eden \u00e7al\u0131\u015fmalar\u0131n yaz\u0131lmas\u0131 ve yay\u0131mlanmas\u0131d\u0131r.     O\u011fuz Cebeci, Komik Edeb\u00ee T\u00fcrler: Parodi, Satir ve \u0130roni isimli bu kitab\u0131nda, hem yukar\u0131da de\u011finilen g\u00fc\u00e7l\u00fcklerin \u00fcstesinden gelmemize katk\u0131 sa\u011flayacak bi\u00e7imde komik edeb\u00ee t\u00fcrlerin kapsaml\u0131 bir analizini yapmakta hem bu t\u00fcrlere ili\u015fkin b\u00fct\u00fcnl\u00fckl\u00fc bir tan\u0131m sunmakta hem de teorik ara\u00e7lar\u0131n yap\u0131t analizinde nas\u0131l kullan\u0131laca\u011f\u0131n\u0131 m\u00fckemmel bir bi\u00e7imde \u00f6rnekleyerek ele\u015ftiri literat\u00fcr\u00fcm\u00fcz a\u00e7\u0131s\u0131ndan \u201cd\u00f6n\u00fc\u015ft\u00fcr\u00fcc\u00fc\u201d olaca\u011f\u0131na inand\u0131\u011f\u0131m\u0131z bir m\u00fcdahalede bulunmaktad\u0131r\u2026<\/p>\n","protected":false},"excerpt":{"rendered":"<p>T\u00fcrk edebiyat ele\u015ftirisinde, \u201ckomik edeb\u00ee t\u00fcrlere\u201d y\u00f6nelik kapsaml\u0131 bir \u00e7al\u0131\u015fman\u0131n kaleme al\u0131nmam\u0131\u015f olmas\u0131, ironik ve parodik yap\u0131lara dayanan modern ve postmodern yap\u0131lar\u0131n de\u011ferlendirilmesinde ciddi sorunlar yaratmaktad\u0131r.<span class=\"excerpt-hellip\"> [\u2026]<\/span><\/p>\n","protected":false},"featured_media":0,"template":"","meta":{"_monsterinsights_skip_tracking":false,"_monsterinsights_sitenote_active":false,"_monsterinsights_sitenote_note":"","_monsterinsights_sitenote_category":0},"product_brand":[],"product_cat":[13072,12291],"product_tag":[],"class_list":{"0":"post-782858","1":"product","2":"type-product","3":"status-publish","5":"product_cat-arastirma-inceleme-referans","6":"product_cat-edebiyat","7":"pa_cilt-ciltsiz","8":"pa_tur-kitap","9":"pa_yayinevi-bilge-kultur-sanat","10":"pa_yazar-oguz-cebeci","12":"first","13":"instock","14":"sale","15":"shipping-taxable","16":"purchasable","17":"product-type-simple"},"_links":{"self":[{"href":"https:\/\/roveyayinevi.com.tr\/index.php\/wp-json\/wp\/v2\/product\/782858","targetHints":{"allow":["GET"]}}],"collection":[{"href":"https:\/\/roveyayinevi.com.tr\/index.php\/wp-json\/wp\/v2\/product"}],"about":[{"href":"https:\/\/roveyayinevi.com.tr\/index.php\/wp-json\/wp\/v2\/types\/product"}],"wp:attachment":[{"href":"https:\/\/roveyayinevi.com.tr\/index.php\/wp-json\/wp\/v2\/media?parent=782858"}],"wp:term":[{"taxonomy":"product_brand","embeddable":true,"href":"https:\/\/roveyayinevi.com.tr\/index.php\/wp-json\/wp\/v2\/product_brand?post=782858"},{"taxonomy":"product_cat","embeddable":true,"href":"https:\/\/roveyayinevi.com.tr\/index.php\/wp-json\/wp\/v2\/product_cat?post=782858"},{"taxonomy":"product_tag","embeddable":true,"href":"https:\/\/roveyayinevi.com.tr\/index.php\/wp-json\/wp\/v2\/product_tag?post=782858"}],"curies":[{"name":"wp","href":"https:\/\/api.w.org\/{rel}","templated":true}]}}