{"id":782841,"date":"2026-02-23T13:02:34","date_gmt":"2026-02-23T10:02:34","guid":{"rendered":"https:\/\/roveyayinevi.com.tr\/index.php\/urun\/avrupa-birligi-cip-yasasi-ve-teknoloji-yonetimii-kuresel-cig-rekabetinin-hukuki-mimarisi\/"},"modified":"2026-04-15T03:46:11","modified_gmt":"2026-04-15T00:46:11","slug":"avrupa-birligi-cip-yasasi-ve-teknoloji-yonetimii-kuresel-cig-rekabetinin-hukuki-mimarisi","status":"publish","type":"product","link":"https:\/\/roveyayinevi.com.tr\/index.php\/urun\/avrupa-birligi-cip-yasasi-ve-teknoloji-yonetimii-kuresel-cig-rekabetinin-hukuki-mimarisi\/","title":{"rendered":"Avrupa Birli\u011fi \u00c7ip yasas\u0131 ve Teknoloji Y\u00f6netimi\u0130: K\u00fcresel \u00c7i\u011f Rekabetinin Hukuki Mimarisi"},"content":{"rendered":"<p>Bu kitap, Avrupa Birli\u011fi \u00c7ip Yasas\u0131n\u0131 merkeze alarak dijital \u00e7a\u011fda hukukun de\u011fi\u015fen rol\u00fcn\u00fc vurgulamaktad\u0131r: Hukuk art\u0131k yaln\u0131zca piyasan\u0131n i\u015fleyi\u015fini d\u00fczenleyen bir \u00e7er\u00e7eve de\u011fil, ayn\u0131 zamanda stratejik kapasiteyi kuran, y\u00f6neten ve krizlere kar\u015f\u0131 dayan\u0131kl\u0131l\u0131\u011f\u0131 \u00f6rg\u00fctleyen bir kurumsal mimaridir. Son d\u00f6nemde ya\u015fanan k\u00fcresel \u00e7ip krizi, dijital hedeflerin maddi altyap\u0131ya ba\u011fl\u0131 oldu\u011funu a\u00e7\u0131k bi\u00e7imde g\u00f6stermi\u015f ve teknoloji y\u00f6netimini jeoekonomik g\u00fcvenli\u011fin merkezine ta\u015f\u0131m\u0131\u015ft\u0131r. Politik Ekonomi Hukuku ve Dinamik Hukuksal \u0130\u015flevselcilik yakla\u015f\u0131mlar\u0131n\u0131 birlikte kullanan bu kitap, AB\u2019nin \u201chukuk arac\u0131l\u0131\u011f\u0131yla kapasite in\u015fas\u0131\u201d modelini a\u00e7\u0131klamaktad\u0131r. Ayr\u0131ca kitap, k\u00fcresel \u00e7ip rekabetini g\u00f6r\u00fcn\u00fcr k\u0131lmak \u00fczere, AB \u00c7ip Yasas\u0131\u2019n\u0131 Amerika Birle\u015fik Devletleri\u2019nin CHIPS and Science Act\u2019i ve \u00c7in\u2019in stratejik politika belgeleri ile kar\u015f\u0131la\u015ft\u0131rmal\u0131 olarak ele almaktad\u0131r. Sonu\u00e7 olarak AB \u00c7ip Yasas\u0131, Avrupa\u2019n\u0131n teknolojik egemenlik aray\u0131\u015f\u0131n\u0131 \u201cnormlar\u201d kadar \u201ckapasite\u201d \u00fczerinden de yeniden d\u00fc\u015f\u00fcnmeye \u00e7a\u011f\u0131ran bir d\u00f6n\u00fcm noktas\u0131 niteli\u011findedir.<\/p>\n","protected":false},"excerpt":{"rendered":"<p>Bu kitap, Avrupa Birli\u011fi \u00c7ip Yasas\u0131n\u0131 merkeze alarak dijital \u00e7a\u011fda hukukun de\u011fi\u015fen rol\u00fcn\u00fc vurgulamaktad\u0131r: Hukuk art\u0131k yaln\u0131zca piyasan\u0131n i\u015fleyi\u015fini d\u00fczenleyen bir \u00e7er\u00e7eve de\u011fil, ayn\u0131 zamanda stratejik<span class=\"excerpt-hellip\"> [\u2026]<\/span><\/p>\n","protected":false},"featured_media":0,"template":"","meta":{"_monsterinsights_skip_tracking":false,"_monsterinsights_sitenote_active":false,"_monsterinsights_sitenote_note":"","_monsterinsights_sitenote_category":0},"product_brand":[],"product_cat":[12573,12566],"product_tag":[],"class_list":{"0":"post-782841","1":"product","2":"type-product","3":"status-publish","5":"product_cat-akademik-kitaplar","6":"product_cat-egitim","7":"pa_cilt-ciltsiz","8":"pa_tur-kitap","9":"pa_yayinevi-soncag-akademik-kitaplar","10":"pa_yazar-nejat-dogan","12":"first","13":"instock","14":"sale","15":"shipping-taxable","16":"purchasable","17":"product-type-simple"},"_links":{"self":[{"href":"https:\/\/roveyayinevi.com.tr\/index.php\/wp-json\/wp\/v2\/product\/782841","targetHints":{"allow":["GET"]}}],"collection":[{"href":"https:\/\/roveyayinevi.com.tr\/index.php\/wp-json\/wp\/v2\/product"}],"about":[{"href":"https:\/\/roveyayinevi.com.tr\/index.php\/wp-json\/wp\/v2\/types\/product"}],"wp:attachment":[{"href":"https:\/\/roveyayinevi.com.tr\/index.php\/wp-json\/wp\/v2\/media?parent=782841"}],"wp:term":[{"taxonomy":"product_brand","embeddable":true,"href":"https:\/\/roveyayinevi.com.tr\/index.php\/wp-json\/wp\/v2\/product_brand?post=782841"},{"taxonomy":"product_cat","embeddable":true,"href":"https:\/\/roveyayinevi.com.tr\/index.php\/wp-json\/wp\/v2\/product_cat?post=782841"},{"taxonomy":"product_tag","embeddable":true,"href":"https:\/\/roveyayinevi.com.tr\/index.php\/wp-json\/wp\/v2\/product_tag?post=782841"}],"curies":[{"name":"wp","href":"https:\/\/api.w.org\/{rel}","templated":true}]}}