{"id":782819,"date":"2026-02-23T13:01:32","date_gmt":"2026-02-23T10:01:32","guid":{"rendered":"https:\/\/roveyayinevi.com.tr\/index.php\/urun\/dikta-degil-ikna-iletisim-psikolojisi\/"},"modified":"2026-04-15T03:46:10","modified_gmt":"2026-04-15T00:46:10","slug":"dikta-degil-ikna-iletisim-psikolojisi","status":"publish","type":"product","link":"https:\/\/roveyayinevi.com.tr\/index.php\/urun\/dikta-degil-ikna-iletisim-psikolojisi\/","title":{"rendered":"Dikta De\u011fil \u0130kna \u0130leti\u015fim Psikolojisi"},"content":{"rendered":"<p>\u0130leti\u015fim Psikolojisi, insan\u0131n varolu\u015f amac\u0131n\u0131, e\u015fsizli\u011fini ve insan\u0131 kendine hat\u0131rlat\u0131yor. Okurun ya\u015fama tan\u0131kl\u0131k etmesini, hayat\u0131n bir sorumluluk oldu\u011funun fark\u0131na varmas\u0131n\u0131 ve kendinde var olan insani zenginlikleri ke\u015ffetmesini sa\u011fl\u0131yor.   \u0130brahim Zeyd Ger\u00e7ik, insan\u0131n sa\u011fl\u0131kl\u0131 ileti\u015fim ve ili\u015fki becerisi geli\u015ftirebilmesinin \u015fu \u00fc\u00e7 unsura ba\u011fl\u0131 oldu\u011fu kanaatinde: insan\u0131n karakteri, psikolojik fark\u0131ndal\u0131\u011f\u0131 ve bu beceriyi ger\u00e7ekle\u015ftirmek i\u00e7in \u00f6\u011frenmesi gereken bilgi.   Ger\u00e7ik, payla\u015ft\u0131\u011f\u0131 bilgiyi ayet, hadis, \u015fiir, vecize, atas\u00f6z\u00fc, hik\u00e2ye, f\u0131kra ve okuma metinleri ile harmanlayarak sunuyor.   \u201c\u0130n\u015fallah bu \u00e7al\u0131\u015fma ki\u015filere de\u011fil de\u011ferlere ba\u011flanmam\u0131z gerekti\u011fini, insan\u0131n dikta ile de\u011fil ikna ile kazan\u0131labilece\u011fini bize hat\u0131rlat\u0131r.\u201d   Dikta De\u011fil \u0130kna\u2026<\/p>\n","protected":false},"excerpt":{"rendered":"<p>\u0130leti\u015fim Psikolojisi, insan\u0131n varolu\u015f amac\u0131n\u0131, e\u015fsizli\u011fini ve insan\u0131 kendine hat\u0131rlat\u0131yor. Okurun ya\u015fama tan\u0131kl\u0131k etmesini, hayat\u0131n bir sorumluluk oldu\u011funun fark\u0131na varmas\u0131n\u0131 ve kendinde var olan insani zenginlikleri<span class=\"excerpt-hellip\"> [\u2026]<\/span><\/p>\n","protected":false},"featured_media":0,"template":"","meta":{"_monsterinsights_skip_tracking":false,"_monsterinsights_sitenote_active":false,"_monsterinsights_sitenote_note":"","_monsterinsights_sitenote_category":0},"product_brand":[],"product_cat":[12357],"product_tag":[],"class_list":{"0":"post-782819","1":"product","2":"type-product","3":"status-publish","5":"product_cat-psikoloji","6":"pa_cilt-ciltsiz","7":"pa_tur-kitap","8":"pa_yayinevi-kapi-yayinlari","9":"pa_yazar-ibrahim-zeyd-gercik","11":"first","12":"instock","13":"sale","14":"shipping-taxable","15":"purchasable","16":"product-type-simple"},"_links":{"self":[{"href":"https:\/\/roveyayinevi.com.tr\/index.php\/wp-json\/wp\/v2\/product\/782819","targetHints":{"allow":["GET"]}}],"collection":[{"href":"https:\/\/roveyayinevi.com.tr\/index.php\/wp-json\/wp\/v2\/product"}],"about":[{"href":"https:\/\/roveyayinevi.com.tr\/index.php\/wp-json\/wp\/v2\/types\/product"}],"wp:attachment":[{"href":"https:\/\/roveyayinevi.com.tr\/index.php\/wp-json\/wp\/v2\/media?parent=782819"}],"wp:term":[{"taxonomy":"product_brand","embeddable":true,"href":"https:\/\/roveyayinevi.com.tr\/index.php\/wp-json\/wp\/v2\/product_brand?post=782819"},{"taxonomy":"product_cat","embeddable":true,"href":"https:\/\/roveyayinevi.com.tr\/index.php\/wp-json\/wp\/v2\/product_cat?post=782819"},{"taxonomy":"product_tag","embeddable":true,"href":"https:\/\/roveyayinevi.com.tr\/index.php\/wp-json\/wp\/v2\/product_tag?post=782819"}],"curies":[{"name":"wp","href":"https:\/\/api.w.org\/{rel}","templated":true}]}}