{"id":782815,"date":"2026-02-23T13:01:19","date_gmt":"2026-02-23T10:01:19","guid":{"rendered":"https:\/\/roveyayinevi.com.tr\/index.php\/urun\/cizgilerin-buyusu-her-yas-icin-mandala\/"},"modified":"2026-04-15T03:46:10","modified_gmt":"2026-04-15T00:46:10","slug":"cizgilerin-buyusu-her-yas-icin-mandala","status":"publish","type":"product","link":"https:\/\/roveyayinevi.com.tr\/index.php\/urun\/cizgilerin-buyusu-her-yas-icin-mandala\/","title":{"rendered":"\u00c7izgilerin B\u00fcy\u00fcs\u00fc &#8211; Her Ya\u015f \u0130\u00e7in Mandala"},"content":{"rendered":"<p>Mandalalar\u0131 boyarken zihniniz \u00e7izgilerin b\u00fcy\u00fcs\u00fcyle dinginle\u015fir; i\u00e7 sesinizi duyar, hayal g\u00fcc\u00fcn\u00fcze a\u00e7\u0131lan yeni pencereleri aralars\u0131n\u0131z.<\/p>\n","protected":false},"excerpt":{"rendered":"<p>Mandalalar\u0131 boyarken zihniniz \u00e7izgilerin b\u00fcy\u00fcs\u00fcyle dinginle\u015fir; i\u00e7 sesinizi duyar, hayal g\u00fcc\u00fcn\u00fcze a\u00e7\u0131lan yeni pencereleri aralars\u0131n\u0131z.<\/p>\n","protected":false},"featured_media":0,"template":"","meta":{"_monsterinsights_skip_tracking":false,"_monsterinsights_sitenote_active":false,"_monsterinsights_sitenote_note":"","_monsterinsights_sitenote_category":0},"product_brand":[],"product_cat":[38511,15563],"product_tag":[],"class_list":{"0":"post-782815","1":"product","2":"type-product","3":"status-publish","5":"product_cat-buyukler-icin-boyama-mandala","6":"product_cat-hobi","7":"pa_cilt-ciltsiz","8":"pa_tur-kitap","9":"pa_yayinevi-bilgi-park","10":"pa_yazar-bilge-yorulmaz","12":"first","13":"instock","14":"sale","15":"shipping-taxable","16":"purchasable","17":"product-type-simple"},"_links":{"self":[{"href":"https:\/\/roveyayinevi.com.tr\/index.php\/wp-json\/wp\/v2\/product\/782815","targetHints":{"allow":["GET"]}}],"collection":[{"href":"https:\/\/roveyayinevi.com.tr\/index.php\/wp-json\/wp\/v2\/product"}],"about":[{"href":"https:\/\/roveyayinevi.com.tr\/index.php\/wp-json\/wp\/v2\/types\/product"}],"wp:attachment":[{"href":"https:\/\/roveyayinevi.com.tr\/index.php\/wp-json\/wp\/v2\/media?parent=782815"}],"wp:term":[{"taxonomy":"product_brand","embeddable":true,"href":"https:\/\/roveyayinevi.com.tr\/index.php\/wp-json\/wp\/v2\/product_brand?post=782815"},{"taxonomy":"product_cat","embeddable":true,"href":"https:\/\/roveyayinevi.com.tr\/index.php\/wp-json\/wp\/v2\/product_cat?post=782815"},{"taxonomy":"product_tag","embeddable":true,"href":"https:\/\/roveyayinevi.com.tr\/index.php\/wp-json\/wp\/v2\/product_tag?post=782815"}],"curies":[{"name":"wp","href":"https:\/\/api.w.org\/{rel}","templated":true}]}}