{"id":782810,"date":"2026-02-23T13:01:03","date_gmt":"2026-02-23T10:01:03","guid":{"rendered":"https:\/\/roveyayinevi.com.tr\/index.php\/urun\/durunun-oyuncaklari\/"},"modified":"2026-04-15T03:46:10","modified_gmt":"2026-04-15T00:46:10","slug":"durunun-oyuncaklari","status":"publish","type":"product","link":"https:\/\/roveyayinevi.com.tr\/index.php\/urun\/durunun-oyuncaklari\/","title":{"rendered":"Duru&#8217;nun Oyuncaklar\u0131"},"content":{"rendered":"<p>\u201cEskiden oyuncaklar\u0131m\u0131z bozulunca tamir edebilirdik. S\u00f6ke taka el becerilerimiz de geli\u015fiyordu. Elimiz \u00e7ivi \u00e7eki\u00e7, i\u011fne iplik tutmas\u0131n\u0131 bilirdi. \u015eimdi nerdeee? Bozulunca at gitsin. Evlerimiz oyuncak \u00e7\u00f6pl\u00fc\u011f\u00fcne d\u00f6nd\u00fc.\u201d Duru ile \u00c7a\u011fan\u2019\u0131n \u00e7ok fazla oyunca\u011f\u0131 vard\u0131r. Ama hep k\u0131r\u0131l\u0131r.  Bir g\u00fcn Oyuncak\u00e7\u0131 Dede ile tan\u0131\u015f\u0131rlar. \u00d6nce bu el eme\u011fi oyuncaklarla ne yapacaklar\u0131n\u0131 anlamazlar. Bu oyuncaklar; kolay k\u0131r\u0131lmaz, sab\u0131r, dikkat ve hayal g\u00fcc\u00fc ister. Duru ve \u00c7a\u011fan, oynad\u0131k\u00e7a sadece oyuncaklarla de\u011fil, emekle, yarat\u0131c\u0131l\u0131kla ve beklemenin g\u00fczelli\u011fiyle tan\u0131\u015f\u0131rlar. B\u00f6ylece Duru ve \u00c7a\u011fan i\u00e7in yepyeni bir oyun d\u00fcnyas\u0131 da a\u00e7\u0131lm\u0131\u015f olur. Nilg\u00fcn Ilgaz\u2019\u0131n kaleme ald\u0131\u011f\u0131 Duru Serisi\u2019nin d\u00f6rd\u00fcnc\u00fc kitab\u0131 Duru\u2019nun Oyuncaklar\u0131, t\u00fcketim ihtiya\u00e7lar\u0131n\u0131 sorgulatan; eme\u011fin ve sabr\u0131n de\u011ferini hissettiren bir anlat\u0131 sunuyor.<\/p>\n","protected":false},"excerpt":{"rendered":"<p>\u201cEskiden oyuncaklar\u0131m\u0131z bozulunca tamir edebilirdik. S\u00f6ke taka el becerilerimiz de geli\u015fiyordu. Elimiz \u00e7ivi \u00e7eki\u00e7, i\u011fne iplik tutmas\u0131n\u0131 bilirdi. \u015eimdi nerdeee? Bozulunca at gitsin. Evlerimiz oyuncak \u00e7\u00f6pl\u00fc\u011f\u00fcne<span class=\"excerpt-hellip\"> [\u2026]<\/span><\/p>\n","protected":false},"featured_media":0,"template":"","meta":{"_monsterinsights_skip_tracking":false,"_monsterinsights_sitenote_active":false,"_monsterinsights_sitenote_note":"","_monsterinsights_sitenote_category":0},"product_brand":[],"product_cat":[12274,12284],"product_tag":[],"class_list":{"0":"post-782810","1":"product","2":"type-product","3":"status-publish","5":"product_cat-cocuk-ve-genclik-kitaplari","6":"product_cat-hikayeler","7":"pa_cilt-ciltsiz","8":"pa_tur-kitap","9":"pa_yayinevi-cinar-yayinlari","10":"pa_yazar-nilgun-ilgaz","12":"first","13":"instock","14":"sale","15":"shipping-taxable","16":"purchasable","17":"product-type-simple"},"_links":{"self":[{"href":"https:\/\/roveyayinevi.com.tr\/index.php\/wp-json\/wp\/v2\/product\/782810","targetHints":{"allow":["GET"]}}],"collection":[{"href":"https:\/\/roveyayinevi.com.tr\/index.php\/wp-json\/wp\/v2\/product"}],"about":[{"href":"https:\/\/roveyayinevi.com.tr\/index.php\/wp-json\/wp\/v2\/types\/product"}],"wp:attachment":[{"href":"https:\/\/roveyayinevi.com.tr\/index.php\/wp-json\/wp\/v2\/media?parent=782810"}],"wp:term":[{"taxonomy":"product_brand","embeddable":true,"href":"https:\/\/roveyayinevi.com.tr\/index.php\/wp-json\/wp\/v2\/product_brand?post=782810"},{"taxonomy":"product_cat","embeddable":true,"href":"https:\/\/roveyayinevi.com.tr\/index.php\/wp-json\/wp\/v2\/product_cat?post=782810"},{"taxonomy":"product_tag","embeddable":true,"href":"https:\/\/roveyayinevi.com.tr\/index.php\/wp-json\/wp\/v2\/product_tag?post=782810"}],"curies":[{"name":"wp","href":"https:\/\/api.w.org\/{rel}","templated":true}]}}