{"id":782789,"date":"2026-02-23T13:00:00","date_gmt":"2026-02-23T10:00:00","guid":{"rendered":"https:\/\/roveyayinevi.com.tr\/index.php\/urun\/edebiyatta-dogaustu-korku\/"},"modified":"2026-04-15T03:46:09","modified_gmt":"2026-04-15T00:46:09","slug":"edebiyatta-dogaustu-korku","status":"publish","type":"product","link":"https:\/\/roveyayinevi.com.tr\/index.php\/urun\/edebiyatta-dogaustu-korku\/","title":{"rendered":"Edebiyatta Do\u011fa\u00fcst\u00fc Korku"},"content":{"rendered":"<p>\u201c\u0130nsanl\u0131\u011f\u0131n en eski ve en g\u00fc\u00e7l\u00fc duygusu korkudur; korkunun en eski ve en g\u00fc\u00e7l\u00fc t\u00fcr\u00fc ise bilinmeyene duyulan korkudur.\u201dKozmik deh\u015fetin efendisi H.P. Lovecraft, kalemini bu kez kendi k\u00e2buslar\u0131n\u0131 besleyen kadim k\u00f6klere, edebiyat\u0131n karanl\u0131k dehlizlerine dald\u0131r\u0131yor. Edebiyatta Do\u011fa\u00fcst\u00fc Korku, gotik romanlardan hayalet \u00f6yk\u00fclerine, \u015feytani mitlerden kozmik deh\u015fetin ilk k\u0131p\u0131rt\u0131lar\u0131na de\u011fin uzanan e\u015fsiz bir g\u00f6lge atlas\u0131.Lovecraft, neden baz\u0131 \u00f6yk\u00fclerin t\u00fcylerimizi \u00fcrpertti\u011fini, neden karanl\u0131ktan korktu\u011fumuzu ve \u201ctuhaf\u201d olan\u0131n neden bizi bu kadar cezbetti\u011fini bir cerrah titizli\u011fiyle analiz ediyor. Kendi yaz\u0131n\u0131n\u0131 besleyen kaynaklar\u0131 a\u00e7\u0131ky\u00fcreklilikle payla\u015f\u0131rken, korku edebiyat\u0131n\u0131n s\u0131n\u0131rlar\u0131n\u0131 da yeniden \u00e7iziyor.Modern korku edebiyat\u0131n\u0131n pusulas\u0131 kabul edilen bu dev eser, t\u00fcr\u00fcn evrimini bir ustan\u0131n g\u00f6z\u00fcnden, onun \u00f6zenli ve lirik \u00fcslubuyla sunuyor. Edebiyatta Do\u011fa\u00fcst\u00fc Korku, okuru korkunun esteti\u011fiyle tan\u0131\u015ft\u0131ran \u00f6l\u00fcms\u00fcz bir manifesto.Korku edebiyat\u0131n\u0131n hen\u00fcz haritas\u0131 \u00e7\u0131kar\u0131lmam\u0131\u015f tekinsiz b\u00f6lgelerinde gezinmek i\u00e7in iyi bir rehber ar\u0131yorsan\u0131z, daha uza\u011fa bakman\u0131za gerek yok.\u201cTuhaf kurgu ve korku literat\u00fcr\u00fc merakl\u0131lar\u0131 i\u00e7in entelekt\u00fcel a\u00e7\u0131dan zengin bir kaynak.\u201d\u2013 S. T. Joshi\u201cKorku edebiyat\u0131 \u00fczerine yaz\u0131lm\u0131\u015f en \u00f6nemli deneme.\u201d \u2013 David G. Hartwell<\/p>\n","protected":false},"excerpt":{"rendered":"<p>\u201c\u0130nsanl\u0131\u011f\u0131n en eski ve en g\u00fc\u00e7l\u00fc duygusu korkudur; korkunun en eski ve en g\u00fc\u00e7l\u00fc t\u00fcr\u00fc ise bilinmeyene duyulan korkudur.\u201dKozmik deh\u015fetin efendisi H.P. Lovecraft, kalemini bu kez<span class=\"excerpt-hellip\"> [\u2026]<\/span><\/p>\n","protected":false},"featured_media":0,"template":"","meta":{"_monsterinsights_skip_tracking":false,"_monsterinsights_sitenote_active":false,"_monsterinsights_sitenote_note":"","_monsterinsights_sitenote_category":0},"product_brand":[],"product_cat":[12291,17033],"product_tag":[],"class_list":{"0":"post-782789","1":"product","2":"type-product","3":"status-publish","5":"product_cat-edebiyat","6":"product_cat-korku-gerilim","7":"pa_cilt-ciltsiz","8":"pa_tur-kitap","9":"pa_yayinevi-ithaki-yayinlari","10":"pa_yazar-h-p-lovecraft","12":"first","13":"instock","14":"sale","15":"shipping-taxable","16":"purchasable","17":"product-type-simple"},"_links":{"self":[{"href":"https:\/\/roveyayinevi.com.tr\/index.php\/wp-json\/wp\/v2\/product\/782789","targetHints":{"allow":["GET"]}}],"collection":[{"href":"https:\/\/roveyayinevi.com.tr\/index.php\/wp-json\/wp\/v2\/product"}],"about":[{"href":"https:\/\/roveyayinevi.com.tr\/index.php\/wp-json\/wp\/v2\/types\/product"}],"wp:attachment":[{"href":"https:\/\/roveyayinevi.com.tr\/index.php\/wp-json\/wp\/v2\/media?parent=782789"}],"wp:term":[{"taxonomy":"product_brand","embeddable":true,"href":"https:\/\/roveyayinevi.com.tr\/index.php\/wp-json\/wp\/v2\/product_brand?post=782789"},{"taxonomy":"product_cat","embeddable":true,"href":"https:\/\/roveyayinevi.com.tr\/index.php\/wp-json\/wp\/v2\/product_cat?post=782789"},{"taxonomy":"product_tag","embeddable":true,"href":"https:\/\/roveyayinevi.com.tr\/index.php\/wp-json\/wp\/v2\/product_tag?post=782789"}],"curies":[{"name":"wp","href":"https:\/\/api.w.org\/{rel}","templated":true}]}}