{"id":782780,"date":"2026-02-23T12:59:35","date_gmt":"2026-02-23T09:59:35","guid":{"rendered":"https:\/\/roveyayinevi.com.tr\/index.php\/urun\/olu-epidemiyologlar-covid-19un-kokenleri-uzerine\/"},"modified":"2026-04-15T03:46:09","modified_gmt":"2026-04-15T00:46:09","slug":"olu-epidemiyologlar-covid-19un-kokenleri-uzerine","status":"publish","type":"product","link":"https:\/\/roveyayinevi.com.tr\/index.php\/urun\/olu-epidemiyologlar-covid-19un-kokenleri-uzerine\/","title":{"rendered":"\u00d6l\u00fc Epidemiyologlar \u2013 Covid -19\u2019un K\u00f6kenleri \u00dczerine"},"content":{"rendered":"<p>Art\u0131k iyi biliniyor ki sanayile\u015fmi\u015f kapitalist tar\u0131m, \u00f6l\u00fcmc\u00fcl vir\u00fcsler i\u00e7in bir kulu\u00e7ka merkezidir. End\u00fcstriyel tar\u0131m g\u00f6zden d\u00fc\u015fm\u00fc\u015ft\u00fcr ve agroekolojik hareketler bu avantaj\u0131 de\u011ferlendirmelidir. D\u00fcnyan\u0131n d\u00f6rt bir yan\u0131nda ekolojik k\u00f6yl\u00fc hareketleri, \u00e7ift\u00e7i hareketleri, tar\u0131m arazisinin metala\u015ft\u0131r\u0131lmas\u0131n\u0131n geri al\u0131nmas\u0131yla \u00f6r\u00fclm\u00fc\u015f permak\u00fclt\u00fcr giri\u015fimleri, diren\u00e7li ve kapitalizm-\u00f6tesi bir d\u00fcnya g\u0131da sistemi i\u00e7in fiziksel \u00fcretim altyap\u0131lar\u0131n\u0131 in\u015fa etmektedir. Max Ajl     MODERN TARIM, bir sonraki kitlesel yok olu\u015fa \u00f6nc\u00fcl\u00fck edecek gibi g\u00f6r\u00fcn\u00fcyor. Tar\u0131m\u0131n ilerlemesi ile birlikte, birincil do\u011fal ya\u015fam alanlar\u0131 ve insan olmayan pop\u00fclasyonlar, yerel b\u00f6lgelere rekor oranlarda azal\u0131yor. Bir yandan da tar\u0131m, onlar\u0131n yerine yeni ekolojiler kuruyor. Tar\u0131msal \u00fcretim ve ticaret, istilac\u0131 t\u00fcrleri ve alternatif kseno-spesifik (aralar\u0131nda doku nakli yap\u0131lan t\u00fcrler) ili\u015fkileri te\u015fvik ederek, ortaya \u00e7\u0131kan patojenlerin, ha\u015ferelerin ve daha \u00f6nce \u00f6tekile\u015ftirilen di\u011fer pop\u00fclasyonlar\u0131n uzun vadeli ekosistemik i\u015flevi bozmas\u0131na izin verir. Ard\u0131ll\u0131k, bir t\u00fcr toplulu\u011funun di\u011ferinin yerini almas\u0131, ku\u015fkusuz yayg\u0131n bir ekolojik s\u00fcre\u00e7tir. Ya\u015fam\u0131n k\u00f6kenlerinden bu yana, d\u00fcnyan\u0131n t\u00fcm biyomlar\u0131, taksonlar\u0131n kar\u0131\u015fmas\u0131 ve e\u015fle\u015fmesi sonucunda, tesad\u00fcfen ortaya \u00e7\u0131km\u0131\u015ft\u0131r. Ancak sermaye liderli\u011findeki \u00fcretimin hem \u00e7evreyi hem de toplumu d\u00f6n\u00fc\u015ft\u00fcrd\u00fc\u011f\u00fc \u00f6l\u00e7ek ve h\u0131z temelinde \u00e7ok daha farkl\u0131d\u0131r. End\u00fcstriyel tar\u0131m, ger\u00e7ek d\u00fcnyay\u0131 temelden etkileyen bir soyutlama olan emtia k\u00e2r\u0131na \u00f6ncelik verirken, g\u0131da \u00fcretimi de d\u00e2hil olmak \u00fczere en insan merkezli faaliyetlerin bile ba\u011fl\u0131 oldu\u011fu biyolojik toplam\u0131n rejeneratif kapasitesini baltalama riski ta\u015f\u0131maktad\u0131r. Bu nedenle, kitapta ba\u015flang\u0131\u00e7 olarak bu \u00fcretim tarz\u0131n\u0131n kendine \u00f6zg\u00fc do\u011fas\u0131n\u0131 inceliyoruz. G\u00fcn\u00fcm\u00fcz tar\u0131m\u0131n\u0131n bir \u00f6zetiyle ba\u015fl\u0131yoruz, ard\u0131ndan ekimin k\u00f6kenlerinden yola \u00e7\u0131k\u0131p, b\u00f6yle bir k\u00fcmelenmeye nas\u0131l ula\u015ft\u0131\u011f\u0131m\u0131z\u0131n k\u0131sa bir tarih\u00e7esiyle devam ediyoruz. Daha sonra, \u00e7iftlik ve k\u00fcmes hayvanlar\u0131n\u0131n hangi y\u00f6ntemlerle etten kemikten metalara d\u00f6n\u00fc\u015ft\u00fcr\u00fcld\u00fc\u011f\u00fcn\u00fc ke\u015ffedece\u011fiz. Hayvanc\u0131l\u0131\u011f\u0131n erken d\u00f6nem \u00e7ift\u00e7ilik ekolojisinden end\u00fcstriyel \u00fcretime ge\u00e7i\u015finin, \u015fu anda kar\u015f\u0131 kar\u015f\u0131ya oldu\u011fumuz hastal\u0131k yayl\u0131m ate\u015finin \u00fcretilmesine tam olarak nas\u0131l yard\u0131mc\u0131 oldu\u011funu a\u00e7\u0131klayaca\u011f\u0131z. S\u00fcre\u00e7 boyunca, sermayenin kazara da olsa kendi yaratt\u0131\u011f\u0131 hastal\u0131klar\u0131 kontrol alt\u0131na al\u0131rken nas\u0131l para kazand\u0131\u011f\u0131n\u0131 ele al\u0131yoruz. Ne kadar ustaca olursa olsun, g\u0131da hayvanlar\u0131n\u0131 ve bitkileri korumak i\u00e7in y\u00fcr\u00fcrl\u00fc\u011fe konan hastal\u0131k kontrol stratejilerinin, asl\u0131nda alternatif g\u0131da sistemlerine kar\u015f\u0131 kullan\u0131lan, kendi kendini aklayan bir bilimcilik gibi hareket ederek nominal savunma sa\u011flad\u0131\u011f\u0131n\u0131 \u00f6ne s\u00fcr\u00fcyoruz. Yani, biyog\u00fcvenlik, sermayenin ve kamu sekt\u00f6r\u00fcndeki m\u00fcttefiklerinin, bireysel bedenlerden daha geni\u015f demografik \u00f6zelliklere kadar, insan pop\u00fclasyonlar\u0131na m\u00fcdahale ederek toplumlar\u0131 y\u00f6netme bi\u00e7imine dair bir biyo-y\u00f6netim dayatmas\u0131d\u0131r. Biyog\u00fcvenli\u011fin her \u015feyden \u00f6nce istilac\u0131 tar\u0131m\u0131n en kazan\u00e7l\u0131 pazarlar\u0131n\u0131 korumak i\u00e7in kullan\u0131ld\u0131\u011f\u0131n\u0131 savunuyoruz. Kapitalizm k\u00e2r elde etme yolunda sadece ekonomilerimiz ve ekolojilerimiz aras\u0131nda metabolik \u00e7atlaklar yaratarak, medeniyetimizin sosyal olarak yeniden \u00fcreme kapasitesini yok etmiyor. Ayn\u0131 zamanda ya\u015fam a\u011f\u0131n\u0131 yabanc\u0131la\u015ft\u0131ran sermayeyi yeniden \u00fcreten, yeni ekolojiler de yarat\u0131yor. \u00c7al\u0131\u015fan insanlardan, dinozorlar kadar eski ve tuhaf yarat\u0131klara evriliyoruz.<\/p>\n","protected":false},"excerpt":{"rendered":"<p>Art\u0131k iyi biliniyor ki sanayile\u015fmi\u015f kapitalist tar\u0131m, \u00f6l\u00fcmc\u00fcl vir\u00fcsler i\u00e7in bir kulu\u00e7ka merkezidir. End\u00fcstriyel tar\u0131m g\u00f6zden d\u00fc\u015fm\u00fc\u015ft\u00fcr ve agroekolojik hareketler bu avantaj\u0131 de\u011ferlendirmelidir. D\u00fcnyan\u0131n d\u00f6rt bir<span class=\"excerpt-hellip\"> [\u2026]<\/span><\/p>\n","protected":false},"featured_media":0,"template":"","meta":{"_monsterinsights_skip_tracking":false,"_monsterinsights_sitenote_active":false,"_monsterinsights_sitenote_note":"","_monsterinsights_sitenote_category":0},"product_brand":[],"product_cat":[23323,12364],"product_tag":[],"class_list":{"0":"post-782780","1":"product","2":"type-product","3":"status-publish","5":"product_cat-ekoloji","6":"product_cat-genel-konular","7":"pa_cilt-ciltsiz","8":"pa_tur-kitap","9":"pa_yayinevi-kalkedon-yayincilik","10":"pa_yazar-rob-wallace","12":"first","13":"instock","14":"sale","15":"shipping-taxable","16":"purchasable","17":"product-type-simple"},"_links":{"self":[{"href":"https:\/\/roveyayinevi.com.tr\/index.php\/wp-json\/wp\/v2\/product\/782780","targetHints":{"allow":["GET"]}}],"collection":[{"href":"https:\/\/roveyayinevi.com.tr\/index.php\/wp-json\/wp\/v2\/product"}],"about":[{"href":"https:\/\/roveyayinevi.com.tr\/index.php\/wp-json\/wp\/v2\/types\/product"}],"wp:attachment":[{"href":"https:\/\/roveyayinevi.com.tr\/index.php\/wp-json\/wp\/v2\/media?parent=782780"}],"wp:term":[{"taxonomy":"product_brand","embeddable":true,"href":"https:\/\/roveyayinevi.com.tr\/index.php\/wp-json\/wp\/v2\/product_brand?post=782780"},{"taxonomy":"product_cat","embeddable":true,"href":"https:\/\/roveyayinevi.com.tr\/index.php\/wp-json\/wp\/v2\/product_cat?post=782780"},{"taxonomy":"product_tag","embeddable":true,"href":"https:\/\/roveyayinevi.com.tr\/index.php\/wp-json\/wp\/v2\/product_tag?post=782780"}],"curies":[{"name":"wp","href":"https:\/\/api.w.org\/{rel}","templated":true}]}}