{"id":782777,"date":"2026-02-23T12:59:29","date_gmt":"2026-02-23T09:59:29","guid":{"rendered":"https:\/\/roveyayinevi.com.tr\/index.php\/urun\/ege-ve-ipekle-degerli-maceralar-serisi-kutulu-set-8-kitap\/"},"modified":"2026-04-15T03:46:08","modified_gmt":"2026-04-15T00:46:08","slug":"ege-ve-ipekle-degerli-maceralar-serisi-kutulu-set-8-kitap","status":"publish","type":"product","link":"https:\/\/roveyayinevi.com.tr\/index.php\/urun\/ege-ve-ipekle-degerli-maceralar-serisi-kutulu-set-8-kitap\/","title":{"rendered":"Ege ve \u0130pek&#8217;le De\u011ferli Maceralar Serisi (Kutulu Set \u2013 8 Kitap)"},"content":{"rendered":"<p>Ege ve \u0130pek\u2019in d\u00fcnyas\u0131nda her g\u00fcn yeni bir macera var! Her \u00f6yk\u00fc bir de\u011feri anlatan e\u011flenceli bir olayla ba\u015fl\u0131yor ve k\u00fc\u00e7\u00fck se\u00e7imlerin nas\u0131l b\u00fcy\u00fck farklar yaratabilece\u011fini anlat\u0131yor. Ege ve \u0130pek\u2019in maceralar\u0131 sayesinde \u00e7ocuklar de\u011ferleri yaln\u0131zca okumuyor; onlar\u0131 hissediyor ve hayatlar\u0131na kat\u0131yor. \u00d6yk\u00fclerin sonundaki etkinliklerse, onlar\u0131 d\u00fc\u015f\u00fcnmeye, hayal kurmaya ve kendi hik\u00e2yelerini yaratmaya davet ediyor.   Set \u0130\u00e7eri\u011fi:   \u00b7         Annemin Vazosu \u00b7         B\u00fcde&#8217;nin G\u00f6zleri \u00b7         Canl\u0131 K\u00fct\u00fcphane \u00b7         Ama Haks\u0131zl\u0131k Bu! \u00b7         Do\u011fum G\u00fcn\u00fc Pastam \u00b7         Ege&#8217;nin Fasulyesi \u00b7         Kimse Beni G\u00f6rm\u00fcyor \u00b7         Ege&#8217;nin Tatili<\/p>\n","protected":false},"excerpt":{"rendered":"<p>Ege ve \u0130pek\u2019in d\u00fcnyas\u0131nda her g\u00fcn yeni bir macera var! Her \u00f6yk\u00fc bir de\u011feri anlatan e\u011flenceli bir olayla ba\u015fl\u0131yor ve k\u00fc\u00e7\u00fck se\u00e7imlerin nas\u0131l b\u00fcy\u00fck farklar yaratabilece\u011fini<span class=\"excerpt-hellip\"> [\u2026]<\/span><\/p>\n","protected":false},"featured_media":0,"template":"","meta":{"_monsterinsights_skip_tracking":false,"_monsterinsights_sitenote_active":false,"_monsterinsights_sitenote_note":"","_monsterinsights_sitenote_category":0},"product_brand":[],"product_cat":[12274,12284],"product_tag":[],"class_list":{"0":"post-782777","1":"product","2":"type-product","3":"status-publish","5":"product_cat-cocuk-ve-genclik-kitaplari","6":"product_cat-hikayeler","7":"pa_cilt-ciltsiz","8":"pa_tur-kitap","9":"pa_yayinevi-mundi","10":"pa_yazar-zeynep-birsin","12":"first","13":"instock","14":"sale","15":"shipping-taxable","16":"purchasable","17":"product-type-simple"},"_links":{"self":[{"href":"https:\/\/roveyayinevi.com.tr\/index.php\/wp-json\/wp\/v2\/product\/782777","targetHints":{"allow":["GET"]}}],"collection":[{"href":"https:\/\/roveyayinevi.com.tr\/index.php\/wp-json\/wp\/v2\/product"}],"about":[{"href":"https:\/\/roveyayinevi.com.tr\/index.php\/wp-json\/wp\/v2\/types\/product"}],"wp:attachment":[{"href":"https:\/\/roveyayinevi.com.tr\/index.php\/wp-json\/wp\/v2\/media?parent=782777"}],"wp:term":[{"taxonomy":"product_brand","embeddable":true,"href":"https:\/\/roveyayinevi.com.tr\/index.php\/wp-json\/wp\/v2\/product_brand?post=782777"},{"taxonomy":"product_cat","embeddable":true,"href":"https:\/\/roveyayinevi.com.tr\/index.php\/wp-json\/wp\/v2\/product_cat?post=782777"},{"taxonomy":"product_tag","embeddable":true,"href":"https:\/\/roveyayinevi.com.tr\/index.php\/wp-json\/wp\/v2\/product_tag?post=782777"}],"curies":[{"name":"wp","href":"https:\/\/api.w.org\/{rel}","templated":true}]}}