{"id":782766,"date":"2026-02-23T12:59:08","date_gmt":"2026-02-23T09:59:08","guid":{"rendered":"https:\/\/roveyayinevi.com.tr\/index.php\/urun\/etik-rejim-turkiye-tiyatro-yazininda-estetik-ve-siyaset\/"},"modified":"2026-04-15T03:46:08","modified_gmt":"2026-04-15T00:46:08","slug":"etik-rejim-turkiye-tiyatro-yazininda-estetik-ve-siyaset","status":"publish","type":"product","link":"https:\/\/roveyayinevi.com.tr\/index.php\/urun\/etik-rejim-turkiye-tiyatro-yazininda-estetik-ve-siyaset\/","title":{"rendered":"Etik Rejim T\u00fcrkiye Tiyatro Yaz\u0131n\u0131nda Estetik ve Siyaset"},"content":{"rendered":"<p>Bu \u00e7al\u0131\u015fma, 2000 sonras\u0131 T\u00fcrkiye tiyatrosunda sanat\u00e7\u0131lar\u0131n \u201cdo\u011frular\u0131 g\u00f6sterme\u201d ve \u201cmesaj aktarma\u201d kayg\u0131lar\u0131n\u0131n k\u00f6kenlerini ara\u015ft\u0131rarak, sahne sanatlar\u0131n\u0131 bi\u00e7imlendiren yap\u0131sal dinamikleri Jacques Ranci\u00e8re\u2019in \u201csanat rejimleri\u201d kavram\u0131 \u00fczerinden tart\u0131\u015f\u0131yor. Son d\u00f6nem ba\u011f\u0131ms\u0131z tiyatrolar\u0131n ve yazarlar\u0131n estetik pratikleri ile Erken Cumhuriyet d\u00f6neminin \u201chalk\u0131 ayd\u0131nlatma\u201d misyonu aras\u0131nda kurulan s\u00fcreklilikle, sahneyi bir s\u00f6ylem\/vaaz alan\u0131, sanat\u0131 ise toplumsal m\u00fchendisli\u011fin basit bir arac\u0131na d\u00f6n\u00fc\u015ft\u00fcren anlay\u0131\u015f\u0131n izi s\u00fcr\u00fcl\u00fcyor. Bu yakla\u015f\u0131m\u0131n, estetik \u00f6l\u00e7\u00fctleri geri plana iterek tiyatroyu Ranci\u00e8re\u2019in \u201cetik rejim\u201d dedi\u011fi s\u0131n\u0131rlara nas\u0131l hapsetti\u011fi g\u00f6zler \u00f6n\u00fcne seriliyor. Alternatif sahneleme aray\u0131\u015f\u0131ndaki\/iddias\u0131ndaki yap\u0131mlar\u0131n dahi bu rejimden ne \u00f6l\u00e7\u00fcde \u00f6zg\u00fcrle\u015febildi\u011fini sorgulayan kitap, okuru, sanat\u0131n yap\u0131sal dinamiklerini estetikten \u00e7ok ahlaki ve politik fayda \u00fczerinden de\u011ferlendiren \u201cetik d\u00f6neme\u00e7\u201d ile y\u00fczle\u015fmeye \u00e7a\u011f\u0131r\u0131yor. Tiyatroseverleri, sanat\u00e7\u0131lar\u0131, ele\u015ftirmenleri ve kuramc\u0131lar\u0131, bireysel tercihlerden \u00f6te, tiyatro prati\u011fini ku\u015fatan yap\u0131sal sorunlar\u0131 kavramaya ve etik rejimin \u00f6tesindeki estetik imkanlar\u0131 yeniden \u00e7o\u011faltmaya davet eden k\u0131\u015fk\u0131rt\u0131c\u0131 bir kaynak.<\/p>\n","protected":false},"excerpt":{"rendered":"<p>Bu \u00e7al\u0131\u015fma, 2000 sonras\u0131 T\u00fcrkiye tiyatrosunda sanat\u00e7\u0131lar\u0131n \u201cdo\u011frular\u0131 g\u00f6sterme\u201d ve \u201cmesaj aktarma\u201d kayg\u0131lar\u0131n\u0131n k\u00f6kenlerini ara\u015ft\u0131rarak, sahne sanatlar\u0131n\u0131 bi\u00e7imlendiren yap\u0131sal dinamikleri Jacques Ranci\u00e8re\u2019in \u201csanat rejimleri\u201d kavram\u0131 \u00fczerinden<span class=\"excerpt-hellip\"> [\u2026]<\/span><\/p>\n","protected":false},"featured_media":0,"template":"","meta":{"_monsterinsights_skip_tracking":false,"_monsterinsights_sitenote_active":false,"_monsterinsights_sitenote_note":"","_monsterinsights_sitenote_category":0},"product_brand":[],"product_cat":[12409,12408],"product_tag":[],"class_list":{"0":"post-782766","1":"product","2":"type-product","3":"status-publish","5":"product_cat-fotograf-sinema-tiyatro","6":"product_cat-sanat","7":"pa_cilt-ciltsiz","8":"pa_tur-kitap","9":"pa_yayinevi-habitus-yayinlari","10":"pa_yazar-istek-serhan-erbek","12":"first","13":"instock","14":"sale","15":"shipping-taxable","16":"purchasable","17":"product-type-simple"},"_links":{"self":[{"href":"https:\/\/roveyayinevi.com.tr\/index.php\/wp-json\/wp\/v2\/product\/782766","targetHints":{"allow":["GET"]}}],"collection":[{"href":"https:\/\/roveyayinevi.com.tr\/index.php\/wp-json\/wp\/v2\/product"}],"about":[{"href":"https:\/\/roveyayinevi.com.tr\/index.php\/wp-json\/wp\/v2\/types\/product"}],"wp:attachment":[{"href":"https:\/\/roveyayinevi.com.tr\/index.php\/wp-json\/wp\/v2\/media?parent=782766"}],"wp:term":[{"taxonomy":"product_brand","embeddable":true,"href":"https:\/\/roveyayinevi.com.tr\/index.php\/wp-json\/wp\/v2\/product_brand?post=782766"},{"taxonomy":"product_cat","embeddable":true,"href":"https:\/\/roveyayinevi.com.tr\/index.php\/wp-json\/wp\/v2\/product_cat?post=782766"},{"taxonomy":"product_tag","embeddable":true,"href":"https:\/\/roveyayinevi.com.tr\/index.php\/wp-json\/wp\/v2\/product_tag?post=782766"}],"curies":[{"name":"wp","href":"https:\/\/api.w.org\/{rel}","templated":true}]}}