{"id":782751,"date":"2026-02-23T12:58:35","date_gmt":"2026-02-23T09:58:35","guid":{"rendered":"https:\/\/roveyayinevi.com.tr\/index.php\/urun\/kanatli-nobetciler\/"},"modified":"2026-04-15T03:46:07","modified_gmt":"2026-04-15T00:46:07","slug":"kanatli-nobetciler","status":"publish","type":"product","link":"https:\/\/roveyayinevi.com.tr\/index.php\/urun\/kanatli-nobetciler\/","title":{"rendered":"Kanatl\u0131 N\u00f6bet\u00e7iler"},"content":{"rendered":"<p>Yirminci y\u00fczy\u0131l\u0131n ortalar\u0131nda do\u011fduysan\u0131z, \u015fehirlerin b\u00fcy\u00fcd\u00fc\u011f\u00fcne, makinelerin zorlu i\u015fleri kolayla\u015ft\u0131rd\u0131\u011f\u0131na, bir de havalar\u0131n \u0131s\u0131nd\u0131\u011f\u0131na tan\u0131k olmu\u015fsunuz demektir. Art\u0131k her yaz bir \u00f6ncekinden daha s\u0131cak, sonbaharlar daha \u0131l\u0131k, bahar \u00e7i\u00e7ekleri daha erkenci, ya\u011fmurlar, r\u00fczg\u00e2rlar daha vah\u015fi. Ekosistem de\u011fi\u015fimlerinin hi\u00e7 olmad\u0131\u011f\u0131 kadar s\u00fcratli ya\u015fand\u0131\u011f\u0131 bu d\u00fcnyaya ku\u015flar\u0131n g\u00f6z\u00fcnden bakan \u00c7a\u011fan \u015eekercio\u011flu ve Janice Wormworth, Kanatl\u0131 N\u00f6bet\u00e7iler\u2019in \u00f6yk\u00fclerini iklim de\u011fi\u015fikli\u011finin parmak izlerine terc\u00fcme ediyor. Bu d\u00fcnyada istilac\u0131 bitkiler, deniz papa\u011fanlar\u0131n\u0131 binbir zahmetle a\u00e7t\u0131klar\u0131 t\u00fcnelleri terk etmeye zorluyor. Bat\u0131 Afrika\u2019dan Hollanda\u2019ya erken gelmeyi ba\u015faramayan kara sinekkapanlar ise t\u0131rt\u0131l bollu\u011funa yeti\u015femiyor. Avrupa\u2019da yaz\u0131n geli\u015fini m\u00fcjdeleyen guguk ku\u015funun sabah \u00f6t\u00fc\u015f\u00fc bu d\u00fcnyada daha az duyuluyor. Kuzey Kutbu\u2019nda kulu\u00e7kaya yatm\u0131\u015f kal\u0131n gakal\u0131 alklar sivrisineklerin istilas\u0131na u\u011fruyor. \u0130klim de\u011fi\u015fikli\u011finin \u00f6n saflar\u0131nda varolma sava\u015f\u0131 veren Kanatl\u0131 N\u00f6bet\u00e7iler bize da\u011flar\u0131n tepesinden, okyanuslar\u0131n derinliklerinden, \u00e7\u00f6llerden ve kutuplardan haber getiriyor: Hi\u00e7bir habitat, hi\u00e7bir t\u00fcr ve hi\u00e7bir halk bu de\u011fi\u015fimden ka\u00e7amayacak. \u00c7a\u011fan \u015eekercio\u011flu ve Janice Wormworth\u2019un ilmek ilmek \u00f6rd\u00fc\u011f\u00fc bu k\u00fcresel tablo soru i\u015faretleriyle dolu. 2030\u2019a kadar y\u0131ll\u0131k karbondioksit emisyonlar\u0131m\u0131z\u0131 y\u00fczde 25 oran\u0131nda azaltabilecek miyiz? Ortalama s\u0131cakl\u0131k art\u0131\u015flar\u0131nda 2\u00b0 C\u2019lik emniyet s\u0131n\u0131r\u0131n\u0131 a\u015facak m\u0131y\u0131z? Ya\u015fad\u0131\u011f\u0131m\u0131z ekosistem k\u0131r\u0131lma noktas\u0131na ne kadar yakla\u015ft\u0131? Bu sorular\u0131n cevaplar\u0131 belirsiz. Ancak yazarlar\u0131n onlarca y\u0131ll\u0131k g\u00f6zlem ve ara\u015ft\u0131rman\u0131n filtresinden s\u00fczerek \u00f6n\u00fcm\u00fcze serdi\u011fi ipu\u00e7lar\u0131 yolumuzu ayd\u0131nlatabilir: kimi zaman ya\u015fam alan\u0131n\u0131 kuzeye kayd\u0131ran bir k\u00fc\u00e7\u00fck ak bal\u0131k\u00e7\u0131l, kimi zaman g\u00f6\u00e7 etmekten vazge\u00e7en bir florya ku\u015fu, kimi zaman da birka\u00e7 \u00e7iftten koca bir koloni yaratmay\u0131 ba\u015faran kahverengi nodiler do\u011fa koruman\u0131n bu cesur yeni d\u00fcnyas\u0131nda bizler rehber olacak.  Janice Wormworth, bilim yazar\u0131 ve ileti\u015fimcidir.<\/p>\n","protected":false},"excerpt":{"rendered":"<p>Yirminci y\u00fczy\u0131l\u0131n ortalar\u0131nda do\u011fduysan\u0131z, \u015fehirlerin b\u00fcy\u00fcd\u00fc\u011f\u00fcne, makinelerin zorlu i\u015fleri kolayla\u015ft\u0131rd\u0131\u011f\u0131na, bir de havalar\u0131n \u0131s\u0131nd\u0131\u011f\u0131na tan\u0131k olmu\u015fsunuz demektir. Art\u0131k her yaz bir \u00f6ncekinden daha s\u0131cak, sonbaharlar daha<span class=\"excerpt-hellip\"> [\u2026]<\/span><\/p>\n","protected":false},"featured_media":0,"template":"","meta":{"_monsterinsights_skip_tracking":false,"_monsterinsights_sitenote_active":false,"_monsterinsights_sitenote_note":"","_monsterinsights_sitenote_category":0},"product_brand":[],"product_cat":[23323,12364],"product_tag":[],"class_list":{"0":"post-782751","1":"product","2":"type-product","3":"status-publish","5":"product_cat-ekoloji","6":"product_cat-genel-konular","7":"pa_cilt-ciltsiz","8":"pa_tur-kitap","9":"pa_yayinevi-koc-universitesi-yayinlari","10":"pa_yazar-caglaya-h-sekercioglu","11":"pa_yazar-janice-wormworth","13":"first","14":"instock","15":"sale","16":"shipping-taxable","17":"purchasable","18":"product-type-simple"},"_links":{"self":[{"href":"https:\/\/roveyayinevi.com.tr\/index.php\/wp-json\/wp\/v2\/product\/782751","targetHints":{"allow":["GET"]}}],"collection":[{"href":"https:\/\/roveyayinevi.com.tr\/index.php\/wp-json\/wp\/v2\/product"}],"about":[{"href":"https:\/\/roveyayinevi.com.tr\/index.php\/wp-json\/wp\/v2\/types\/product"}],"wp:attachment":[{"href":"https:\/\/roveyayinevi.com.tr\/index.php\/wp-json\/wp\/v2\/media?parent=782751"}],"wp:term":[{"taxonomy":"product_brand","embeddable":true,"href":"https:\/\/roveyayinevi.com.tr\/index.php\/wp-json\/wp\/v2\/product_brand?post=782751"},{"taxonomy":"product_cat","embeddable":true,"href":"https:\/\/roveyayinevi.com.tr\/index.php\/wp-json\/wp\/v2\/product_cat?post=782751"},{"taxonomy":"product_tag","embeddable":true,"href":"https:\/\/roveyayinevi.com.tr\/index.php\/wp-json\/wp\/v2\/product_tag?post=782751"}],"curies":[{"name":"wp","href":"https:\/\/api.w.org\/{rel}","templated":true}]}}