{"id":782749,"date":"2026-02-23T12:58:32","date_gmt":"2026-02-23T09:58:32","guid":{"rendered":"https:\/\/roveyayinevi.com.tr\/index.php\/urun\/15-yuzyil-osmanli-imparatorlugunda-mimarlik-ve-malzeme-siyaseti\/"},"modified":"2026-04-15T03:46:07","modified_gmt":"2026-04-15T00:46:07","slug":"15-yuzyil-osmanli-imparatorlugunda-mimarlik-ve-malzeme-siyaseti","status":"publish","type":"product","link":"https:\/\/roveyayinevi.com.tr\/index.php\/urun\/15-yuzyil-osmanli-imparatorlugunda-mimarlik-ve-malzeme-siyaseti\/","title":{"rendered":"15. Y\u00fczy\u0131l Osmanl\u0131 \u0130mparatorlu\u011fu&#8217;nda Mimarl\u0131k ve Malzeme Siyaseti"},"content":{"rendered":"<p>Osmanl\u0131 mimarl\u0131\u011f\u0131 dendi\u011finde akla genellikle 16. y\u00fczy\u0131l ve Mimar Sinan\u2019\u0131n an\u0131tsal kubbeleri gelir. Bu klasik \u00e7a\u011f\u0131 m\u00fcmk\u00fcn k\u0131lan 15. y\u00fczy\u0131l\u0131n dinamik, ak\u0131\u015fkan ve denemelerle dolu d\u00fcnyas\u0131 ise nedense pek akla gelmez. Patricia Blessing, 15. Y\u00fczy\u0131l Osmanl\u0131 \u0130mparatorlu\u011fu\u2019nda Mimarl\u0131k ve Malzeme Siyaseti\u2019nde, bu kurucu d\u00f6nemi yeniden mercek alt\u0131na al\u0131yor. 15. y\u00fczy\u0131l\u0131 16. y\u00fczy\u0131l\u0131n bir \u201chaz\u0131rl\u0131k d\u00f6nemi\u201d olarak g\u00f6ren geleneksel anlay\u0131\u015fa kar\u015f\u0131 \u00e7\u0131kan yazar, imparatorlu\u011fun erken d\u00f6nemindeki \u00e7okdilli ve \u00e7okdinli \u201cRum\u00eelik\u201d kimli\u011finin mimarideki yans\u0131malar\u0131n\u0131 ara\u015ft\u0131r\u0131yor. Kitap, 1400\u2019lerin bu deneysel ve ak\u0131\u015fkan yap\u0131s\u0131n\u0131n, 1500\u2019lerde yerini nas\u0131l merkezi at\u00f6lyelerce y\u00f6netilen daha net bir Osmanl\u0131 saray \u00fcslubuna b\u0131rakt\u0131\u011f\u0131n\u0131 g\u00f6zler \u00f6n\u00fcne seriyor. Anadolu, Balkanlar, \u0130ran ve Orta Asya\u2019dan gelen i\u015f\u00e7ilerin ve ustalar\u0131n, imparatorlu\u011fun yap\u0131m pratiklerini nas\u0131l \u015fekillendirdi\u011fini b\u00f6lgeleraras\u0131 bir al\u0131\u015fveri\u015f a\u011f\u0131 \u00fczerinden izliyor. \u201cHangi malzemeler neden se\u00e7ildi?\u201d, \u201cHangi \u00fcsluplar benimsendi?\u201d \u201cZanaatk\u00e2rlar nereden getirildi?\u201d gibi sorular\u0131n pe\u015fine d\u00fc\u015fen Blessing, yaln\u0131zca sultanlar\u0131n ve vezirlerin himaye politikalar\u0131n\u0131 de\u011fil, in\u015faat s\u00fcre\u00e7lerinin ard\u0131ndaki hayati tercihleri de inceliyor. Blessing\u2019in bu \u00e7al\u0131\u015fmas\u0131, Osmanl\u0131 mimarl\u0131k tarihinin kurucu \u00e7a\u011f\u0131na dair yerle\u015fik kabulleri yeniden tart\u0131\u015fmaya a\u00e7an, temel bir ba\u015fvuru kayna\u011f\u0131d\u0131r<\/p>\n","protected":false},"excerpt":{"rendered":"<p>Osmanl\u0131 mimarl\u0131\u011f\u0131 dendi\u011finde akla genellikle 16. y\u00fczy\u0131l ve Mimar Sinan\u2019\u0131n an\u0131tsal kubbeleri gelir. Bu klasik \u00e7a\u011f\u0131 m\u00fcmk\u00fcn k\u0131lan 15. y\u00fczy\u0131l\u0131n dinamik, ak\u0131\u015fkan ve denemelerle dolu d\u00fcnyas\u0131<span class=\"excerpt-hellip\"> [\u2026]<\/span><\/p>\n","protected":false},"featured_media":0,"template":"","meta":{"_monsterinsights_skip_tracking":false,"_monsterinsights_sitenote_active":false,"_monsterinsights_sitenote_note":"","_monsterinsights_sitenote_category":0},"product_brand":[],"product_cat":[13512,12408],"product_tag":[],"class_list":{"0":"post-782749","1":"product","2":"type-product","3":"status-publish","5":"product_cat-mimarlik","6":"product_cat-sanat","7":"pa_cilt-ciltli","8":"pa_tur-kitap","9":"pa_yayinevi-koc-universitesi-yayinlari","10":"pa_yazar-patricia-blessing","12":"first","13":"instock","14":"sale","15":"shipping-taxable","16":"purchasable","17":"product-type-simple"},"_links":{"self":[{"href":"https:\/\/roveyayinevi.com.tr\/index.php\/wp-json\/wp\/v2\/product\/782749","targetHints":{"allow":["GET"]}}],"collection":[{"href":"https:\/\/roveyayinevi.com.tr\/index.php\/wp-json\/wp\/v2\/product"}],"about":[{"href":"https:\/\/roveyayinevi.com.tr\/index.php\/wp-json\/wp\/v2\/types\/product"}],"wp:attachment":[{"href":"https:\/\/roveyayinevi.com.tr\/index.php\/wp-json\/wp\/v2\/media?parent=782749"}],"wp:term":[{"taxonomy":"product_brand","embeddable":true,"href":"https:\/\/roveyayinevi.com.tr\/index.php\/wp-json\/wp\/v2\/product_brand?post=782749"},{"taxonomy":"product_cat","embeddable":true,"href":"https:\/\/roveyayinevi.com.tr\/index.php\/wp-json\/wp\/v2\/product_cat?post=782749"},{"taxonomy":"product_tag","embeddable":true,"href":"https:\/\/roveyayinevi.com.tr\/index.php\/wp-json\/wp\/v2\/product_tag?post=782749"}],"curies":[{"name":"wp","href":"https:\/\/api.w.org\/{rel}","templated":true}]}}