{"id":782747,"date":"2026-02-23T12:58:28","date_gmt":"2026-02-23T09:58:28","guid":{"rendered":"https:\/\/roveyayinevi.com.tr\/index.php\/urun\/denekler-ve-deneyler\/"},"modified":"2026-04-15T03:46:07","modified_gmt":"2026-04-15T00:46:07","slug":"denekler-ve-deneyler","status":"publish","type":"product","link":"https:\/\/roveyayinevi.com.tr\/index.php\/urun\/denekler-ve-deneyler\/","title":{"rendered":"Denekler ve Deneyler"},"content":{"rendered":"<p>Orman\u0131n \u00fccra k\u00f6\u015fesinde, \u015fehirden izole edilmi\u015f bir psikiyatri klini\u011fi&#8230; Her hastan\u0131n bir s\u0131rr\u0131, her doktorun bir g\u00f6lgesi, her koridorun bir f\u0131s\u0131lt\u0131s\u0131 var. Yeni g\u00f6reve ba\u015flayan Dr. Mira Asorovna, daha ilk g\u00fcnden dengenin bozuk oldu\u011funu hisseder.   Paranoid bir kad\u0131n s\u00fcrekli \u201cbabam burada\u201d diye \u00e7\u0131\u011fl\u0131k atmakta, intihar e\u011filimindeki gen\u00e7 bir adam \u00f6fkesini kelimelere bile d\u00f6kememekte ve kendi iste\u011fiyle klinikte kalmak isteyen gen\u00e7 bir k\u0131z, mekanik y\u00fcr\u00fcy\u00fc\u015f\u00fcyle herkesi tedirgin etmektedir.   \u00dcstelik \u00e7al\u0131\u015fanlar aras\u0131nda da i\u015fler kar\u0131\u015f\u0131k: Gizemli doktor Yaramir, Mira\u2019yla tan\u0131\u015fmaktan bile ka\u00e7\u0131n\u0131rken, Profes\u00f6r Mikail\u2019in s\u0131cak tavr\u0131n\u0131n ard\u0131nda bile a\u00e7\u0131klanamayan bir sertlik vard\u0131r.   Mira hastalar\u0131n\u0131 anlamaya \u00e7al\u0131\u015ft\u0131k\u00e7a kendi ge\u00e7mi\u015finin karanl\u0131k kap\u0131lar\u0131 yeniden a\u00e7\u0131l\u0131r.   \u00c7ocuklu\u011funda sakl\u0131 olan ger\u00e7ekler, klini\u011fin duvarlar\u0131nda yank\u0131lanan \u00e7\u0131\u011fl\u0131klarla birle\u015fir ve \u015fu \u00fc\u00e7 soruyu b\u00fcy\u00fct\u00fcr:   Mira hastalar\u0131n\u0131 tam anlam\u0131yla iyile\u015ftirebilecek mi? Hi\u00e7 hat\u0131rlamad\u0131\u011f\u0131 ge\u00e7mi\u015fini \u00f6\u011frenecek mi? Yaramir ve Mira\u2019n\u0131n aras\u0131ndaki ili\u015fki nas\u0131l ilerleyecek?   Ger\u00e7e\u011fin yak\u0131n\u0131na giden herkesin bildi\u011fi tek bir \u015fey vard\u0131r: Bu klinikten \u00e7\u0131kmak, girmekten \u00e7ok daha zordur.   ***  \u201cDenekler ve Deneyler\u201d, insan psikolojisinin k\u0131r\u0131lganl\u0131\u011f\u0131n\u0131, travman\u0131n derin izlerini ve bilimin karanl\u0131kla fl\u00f6rt etti\u011fi s\u0131n\u0131rlar\u0131 ustal\u0131kla i\u015fleyen bir psikolojik gerilim roman\u0131. Okur, her sayfada bir kap\u0131 daha aral\u0131yor; fakat hangi kap\u0131n\u0131n ard\u0131nda ger\u00e7e\u011fin, hangisinin ard\u0131nda bir kabusun oldu\u011funu asla bilemiyor\u2026<\/p>\n","protected":false},"excerpt":{"rendered":"<p>Orman\u0131n \u00fccra k\u00f6\u015fesinde, \u015fehirden izole edilmi\u015f bir psikiyatri klini\u011fi&#8230; Her hastan\u0131n bir s\u0131rr\u0131, her doktorun bir g\u00f6lgesi, her koridorun bir f\u0131s\u0131lt\u0131s\u0131 var. Yeni g\u00f6reve ba\u015flayan Dr.<span class=\"excerpt-hellip\"> [\u2026]<\/span><\/p>\n","protected":false},"featured_media":0,"template":"","meta":{"_monsterinsights_skip_tracking":false,"_monsterinsights_sitenote_active":false,"_monsterinsights_sitenote_note":"","_monsterinsights_sitenote_category":0},"product_brand":[],"product_cat":[12291,17033],"product_tag":[],"class_list":{"0":"post-782747","1":"product","2":"type-product","3":"status-publish","5":"product_cat-edebiyat","6":"product_cat-korku-gerilim","7":"pa_cilt-ciltsiz","8":"pa_tur-kitap","9":"pa_yayinevi-otis-yayinlari","10":"pa_yazar-fatma-nur-ozturk","12":"first","13":"instock","14":"sale","15":"shipping-taxable","16":"purchasable","17":"product-type-simple"},"_links":{"self":[{"href":"https:\/\/roveyayinevi.com.tr\/index.php\/wp-json\/wp\/v2\/product\/782747","targetHints":{"allow":["GET"]}}],"collection":[{"href":"https:\/\/roveyayinevi.com.tr\/index.php\/wp-json\/wp\/v2\/product"}],"about":[{"href":"https:\/\/roveyayinevi.com.tr\/index.php\/wp-json\/wp\/v2\/types\/product"}],"wp:attachment":[{"href":"https:\/\/roveyayinevi.com.tr\/index.php\/wp-json\/wp\/v2\/media?parent=782747"}],"wp:term":[{"taxonomy":"product_brand","embeddable":true,"href":"https:\/\/roveyayinevi.com.tr\/index.php\/wp-json\/wp\/v2\/product_brand?post=782747"},{"taxonomy":"product_cat","embeddable":true,"href":"https:\/\/roveyayinevi.com.tr\/index.php\/wp-json\/wp\/v2\/product_cat?post=782747"},{"taxonomy":"product_tag","embeddable":true,"href":"https:\/\/roveyayinevi.com.tr\/index.php\/wp-json\/wp\/v2\/product_tag?post=782747"}],"curies":[{"name":"wp","href":"https:\/\/api.w.org\/{rel}","templated":true}]}}