{"id":782744,"date":"2026-02-23T12:58:23","date_gmt":"2026-02-23T09:58:23","guid":{"rendered":"https:\/\/roveyayinevi.com.tr\/index.php\/urun\/zihin-ustasi\/"},"modified":"2026-04-15T03:46:07","modified_gmt":"2026-04-15T00:46:07","slug":"zihin-ustasi","status":"publish","type":"product","link":"https:\/\/roveyayinevi.com.tr\/index.php\/urun\/zihin-ustasi\/","title":{"rendered":"Zihin Ustas\u0131"},"content":{"rendered":"<p>Zihin sand\u0131\u011f\u0131ndan \u00e7ok daha fazla oyunbazd\u0131r. Sana ka\u00e7man gereken kap\u0131lar\u0131 a\u00e7ar ama \u00e7o\u011fu zamanda seni kendi i\u00e7inde hapseder. Hi\u00e7 \u201cNeden hep ayn\u0131 \u015feyleri ya\u015f\u0131yorum\u201d diye kendine sordun mu? Kendini fark\u0131nda olmadan ayn\u0131 d\u00fc\u015f\u00fcnce d\u00f6ng\u00fclerinin i\u00e7inde buldun mu? Bu kitap zihnin kurdu\u011fu g\u00f6r\u00fcnmez oyunlar\u0131 fark etmen ve kendi oyununun ustas\u0131 olman i\u00e7in yaz\u0131ld\u0131. Zihin, insan\u0131n hem en b\u00fcy\u00fck \u00f6\u011fretmeni hem de en ustaca kurgulanm\u0131\u015f tuza\u011f\u0131d\u0131r. O sana hayat\u0131 \u00f6\u011fretirken saklanarak kendi oyunlar\u0131n\u0131 da oynar. Okuduk\u00e7a ya\u015fad\u0131\u011f\u0131n pek \u00e7ok duygunun, ald\u0131\u011f\u0131n bir\u00e7ok karar\u0131n ve tekrar eden hik\u00e2yelerinin \u00e7o\u011funun sana ait olmad\u0131\u011f\u0131n\u0131 sadece zihninin sana oynad\u0131\u011f\u0131 kadim oyunlar\u0131n bir yans\u0131mas\u0131 oldu\u011funu g\u00f6receksin. Bu sayfalarda bilin\u00e7alt\u0131n\u0131n nas\u0131l \u00e7al\u0131\u015ft\u0131\u011f\u0131n\u0131 sade ama derin bir dil ke\u015ffedeceksin. Sorun d\u0131\u015f d\u00fcnya da de\u011fil, oyunu kuran zihindedir. Ve oyun fark edildi\u011fi anda \u2026 De\u011fi\u015fim ba\u015flar.<\/p>\n","protected":false},"excerpt":{"rendered":"<p>Zihin sand\u0131\u011f\u0131ndan \u00e7ok daha fazla oyunbazd\u0131r. Sana ka\u00e7man gereken kap\u0131lar\u0131 a\u00e7ar ama \u00e7o\u011fu zamanda seni kendi i\u00e7inde hapseder. Hi\u00e7 \u201cNeden hep ayn\u0131 \u015feyleri ya\u015f\u0131yorum\u201d diye kendine<span class=\"excerpt-hellip\"> [\u2026]<\/span><\/p>\n","protected":false},"featured_media":0,"template":"","meta":{"_monsterinsights_skip_tracking":false,"_monsterinsights_sitenote_active":false,"_monsterinsights_sitenote_note":"","_monsterinsights_sitenote_category":0},"product_brand":[],"product_cat":[12364,12376],"product_tag":[],"class_list":{"0":"post-782744","1":"product","2":"type-product","3":"status-publish","5":"product_cat-genel-konular","6":"product_cat-kisisel-gelisim","7":"pa_cilt-ciltsiz","8":"pa_tur-kitap","9":"pa_yayinevi-soncag","10":"pa_yazar-esra-anlar","12":"first","13":"instock","14":"sale","15":"shipping-taxable","16":"purchasable","17":"product-type-simple"},"_links":{"self":[{"href":"https:\/\/roveyayinevi.com.tr\/index.php\/wp-json\/wp\/v2\/product\/782744","targetHints":{"allow":["GET"]}}],"collection":[{"href":"https:\/\/roveyayinevi.com.tr\/index.php\/wp-json\/wp\/v2\/product"}],"about":[{"href":"https:\/\/roveyayinevi.com.tr\/index.php\/wp-json\/wp\/v2\/types\/product"}],"wp:attachment":[{"href":"https:\/\/roveyayinevi.com.tr\/index.php\/wp-json\/wp\/v2\/media?parent=782744"}],"wp:term":[{"taxonomy":"product_brand","embeddable":true,"href":"https:\/\/roveyayinevi.com.tr\/index.php\/wp-json\/wp\/v2\/product_brand?post=782744"},{"taxonomy":"product_cat","embeddable":true,"href":"https:\/\/roveyayinevi.com.tr\/index.php\/wp-json\/wp\/v2\/product_cat?post=782744"},{"taxonomy":"product_tag","embeddable":true,"href":"https:\/\/roveyayinevi.com.tr\/index.php\/wp-json\/wp\/v2\/product_tag?post=782744"}],"curies":[{"name":"wp","href":"https:\/\/api.w.org\/{rel}","templated":true}]}}