{"id":782721,"date":"2026-02-23T12:57:25","date_gmt":"2026-02-23T09:57:25","guid":{"rendered":"https:\/\/roveyayinevi.com.tr\/index.php\/urun\/ataturkun-cumhurbaskanligi-forsu-ve-16-turk-devleti\/"},"modified":"2026-04-15T03:46:04","modified_gmt":"2026-04-15T00:46:04","slug":"ataturkun-cumhurbaskanligi-forsu-ve-16-turk-devleti","status":"publish","type":"product","link":"https:\/\/roveyayinevi.com.tr\/index.php\/urun\/ataturkun-cumhurbaskanligi-forsu-ve-16-turk-devleti\/","title":{"rendered":"Atat\u00fcrk\u2019\u00fcn Cumhurba\u015fkanl\u0131\u011f\u0131 Forsu ve 16 T\u00fcrk Devleti"},"content":{"rendered":"<p>\u201cG\u00d6REV\u0130M B\u0130TMEM\u0130\u015eT\u0130R,   B\u0130TMEYECEKT\u0130R. BEN TOPRAK OLDUKTAN SONRA DA DEVAM EDECEKT\u0130R.\u201d   \u2013 ATAT\u00dcRK   T\u00fcrk devletlerinde kullan\u0131lan sembol ve simgeler bazen bir \u00e7a\u011f\u0131n haf\u0131zas\u0131n\u0131 bazense T\u00fcrk\u2019\u00fcn m\u00fchr\u00fcn\u00fc vurdu\u011fu t\u00fcm \u00e7a\u011flar\u0131n haf\u0131zas\u0131n\u0131 ta\u015f\u0131r. Cumhurba\u015fkanl\u0131\u011f\u0131 Forsu, yaln\u0131zca bir \u00e7a\u011f\u0131n de\u011fil; ge\u00e7mi\u015fle bug\u00fcn aras\u0131nda kurulan, T\u00fcrk\u2019e ait sakl\u0131 ve ihti\u015faml\u0131 t\u00fcm \u00e7a\u011flar\u0131n haf\u0131zas\u0131n\u0131 ta\u015f\u0131maktad\u0131r. T\u00fcrk devlet gelene\u011finin s\u00fcreklili\u011fini, tarih bilincini ve egemenlik fikrini tek bir sembol alt\u0131nda toplayan Cumhurba\u015fkanl\u0131\u011f\u0131 Forsu\u2019nun, uzun y\u0131llar boyunca k\u00f6kenleri ve mazisi ara\u015ft\u0131r\u0131lm\u0131\u015f ancak neticede belge de\u011fil, ki\u015filer ve kurumlar\u0131n yetersiz yorumlar\u0131 \u00f6n plana \u00e7\u0131kar\u0131lm\u0131\u015ft\u0131r.   Bu \u00e7al\u0131\u015fma, forsun merkezindeki g\u00fcne\u015fin manas\u0131 ve \u00e7evresindeki 16 y\u0131ld\u0131z\u0131n T\u00fcrkiye Cumhuriyeti\u2019ni ve tarihte kurulmu\u015f on alt\u0131 T\u00fcrk devletini simgeledi\u011fi kabul\u00fcn\u00fc tamamen y\u0131karak, Cumhurba\u015fkanl\u0131\u011f\u0131 Forsu\u2019nun dayand\u0131\u011f\u0131 tarihsel zemini, Atat\u00fcrk d\u00f6nemine ait birincil bir kaynak \u00fczerinden yeniden ve daha sa\u011flam bi\u00e7imde ortaya koymaktad\u0131r. B\u00f6ylece Cumhurba\u015fkanl\u0131\u011f\u0131 Forsu\u2019nun anlam d\u00fcnyas\u0131 ve on alt\u0131 T\u00fcrk devletine ait tek do\u011fru liste, tarihsel ba\u011flam\u0131 i\u00e7inde ilk kez a\u00e7\u0131k ve tutarl\u0131 bir \u015fekilde g\u00fcn y\u00fcz\u00fcne \u00e7\u0131kmaktad\u0131r.   Bu kitap T\u00fcrkiye Cumhuriyeti tarihine ilk kez d\u00fc\u015f\u00fclm\u00fc\u015f kal\u0131c\u0131 ve sessiz bir nottur.<\/p>\n","protected":false},"excerpt":{"rendered":"<p>\u201cG\u00d6REV\u0130M B\u0130TMEM\u0130\u015eT\u0130R, B\u0130TMEYECEKT\u0130R. BEN TOPRAK OLDUKTAN SONRA DA DEVAM EDECEKT\u0130R.\u201d \u2013 ATAT\u00dcRK T\u00fcrk devletlerinde kullan\u0131lan sembol ve simgeler bazen bir \u00e7a\u011f\u0131n haf\u0131zas\u0131n\u0131 bazense T\u00fcrk\u2019\u00fcn m\u00fchr\u00fcn\u00fc vurdu\u011fu<span class=\"excerpt-hellip\"> [\u2026]<\/span><\/p>\n","protected":false},"featured_media":0,"template":"","meta":{"_monsterinsights_skip_tracking":false,"_monsterinsights_sitenote_active":false,"_monsterinsights_sitenote_note":"","_monsterinsights_sitenote_category":0},"product_brand":[],"product_cat":[12370,12304],"product_tag":[],"class_list":{"0":"post-782721","1":"product","2":"type-product","3":"status-publish","5":"product_cat-arastirma-inceleme","6":"product_cat-tarih","7":"pa_cilt-ciltsiz","8":"pa_tur-kitap","9":"pa_yayinevi-destek-yayinlari","10":"pa_yazar-baran-aydin","12":"first","13":"instock","14":"sale","15":"shipping-taxable","16":"purchasable","17":"product-type-simple"},"_links":{"self":[{"href":"https:\/\/roveyayinevi.com.tr\/index.php\/wp-json\/wp\/v2\/product\/782721","targetHints":{"allow":["GET"]}}],"collection":[{"href":"https:\/\/roveyayinevi.com.tr\/index.php\/wp-json\/wp\/v2\/product"}],"about":[{"href":"https:\/\/roveyayinevi.com.tr\/index.php\/wp-json\/wp\/v2\/types\/product"}],"wp:attachment":[{"href":"https:\/\/roveyayinevi.com.tr\/index.php\/wp-json\/wp\/v2\/media?parent=782721"}],"wp:term":[{"taxonomy":"product_brand","embeddable":true,"href":"https:\/\/roveyayinevi.com.tr\/index.php\/wp-json\/wp\/v2\/product_brand?post=782721"},{"taxonomy":"product_cat","embeddable":true,"href":"https:\/\/roveyayinevi.com.tr\/index.php\/wp-json\/wp\/v2\/product_cat?post=782721"},{"taxonomy":"product_tag","embeddable":true,"href":"https:\/\/roveyayinevi.com.tr\/index.php\/wp-json\/wp\/v2\/product_tag?post=782721"}],"curies":[{"name":"wp","href":"https:\/\/api.w.org\/{rel}","templated":true}]}}