{"id":782717,"date":"2026-02-23T12:57:17","date_gmt":"2026-02-23T09:57:17","guid":{"rendered":"https:\/\/roveyayinevi.com.tr\/index.php\/urun\/cocuk-rehberi-1-4-yas\/"},"modified":"2026-04-15T03:46:04","modified_gmt":"2026-04-15T00:46:04","slug":"cocuk-rehberi-1-4-yas","status":"publish","type":"product","link":"https:\/\/roveyayinevi.com.tr\/index.php\/urun\/cocuk-rehberi-1-4-yas\/","title":{"rendered":"\u00c7ocuk Rehberi 1-4 Ya\u015f"},"content":{"rendered":"<p>Bir \u00e7ocu\u011fun d\u00fcnyaya geli\u0119iyle birlikte sadece o de\u011fil, biz de de\u011fi\u0119meye ba\u0119lar\u0131z. Yeniden \u00f6\u011frenir, yeniden hisseder, hayata bamba\u0119ka bakmaya ba\u0119lar\u0131z.  Sordu\u011fumuz her soru, duydu\u011fumuz her endi\u0119e, uykusuz ge\u00e7en her gece tek bir c\u00fcmlede toplan\u0131r: \u201cO iyi olsun.\u201d Bu kitap, bir \u00e7ocu\u011fun \u201ciyi olmas\u0131n\u0131n\u201d yaln\u0131zca hastalanmamakla s\u0131n\u0131rl\u0131 olmad\u0131\u011f\u0131n\u0131 hat\u0131rlatmak i\u00e7in yaz\u0131ld\u0131. \u00c7\u00fcnk\u00fc \u00e7ocuk sa\u011fl\u0131\u011f\u0131, yaln\u0131zca bedenin de\u011fil, zihnin ve \u00e7evrenin de dengede olmas\u0131yla m\u00fcmk\u00fcnd\u00fcr. Bir \u00e7ocu\u011fun g\u00fc\u00e7l\u00fc ba\u011f\u0131\u0119\u0131kl\u0131\u011f\u0131, d\u00fczenli uykusu, sa\u011fl\u0131kl\u0131 yeme al\u0131\u0119kanl\u0131\u011f\u0131 ya da dengeli geli\u0119imi, hepsi onun i\u00e7inde b\u00fcy\u00fcyen \u201cg\u00fcven duygusuyla\u201d birlikte \u0119ekillenir. Ve bu g\u00fcvenin ilk temeli, anne ve baban\u0131n g\u00f6zlerinde, sesinde ve varl\u0131\u011f\u0131ndad\u0131r. Ebeveynlik m\u00fckemmel olmay\u0131 de\u011fil, ger\u00e7ek olmay\u0131 ister. Hata yapmaktan korkmadan, sevgiyle yeniden denemeyi&#8230; \u00c7ocuklar\u0131m\u0131z bizden kusursuzluk de\u011fil, yanlar\u0131nda olmam\u0131z\u0131 ister. Dinlenmeyi, birlikte g\u00fclmeyi, duyulmay\u0131 ister. Bug\u00fcn att\u0131\u011f\u0131m\u0131z her k\u00fc\u00e7\u00fck ad\u0131m, belki fark\u0131nda bile olmadan yar\u0131n\u0131n g\u00fc\u00e7l\u00fc bir yeti\u0119kinini b\u00fcy\u00fct\u00fcyor. Bu y\u00fczden hi\u00e7bir \u00e7aba k\u00fc\u00e7\u00fck de\u011fildir. Her sar\u0131lma, her sab\u0131r, her ilgi; uzun \u00f6m\u00fcrl\u00fc bir sevginin yap\u0131ta\u0119\u0131d\u0131r. Unutmay\u0131n, sa\u011fl\u0131kl\u0131 nesiller yaln\u0131zca iyi beslenen de\u011fil, iyi hisseden \u00e7ocuklardan do\u011far. Sevgiyle&#8230; \u201cBebek Rehberi \u0130lk Bir Y\u0131l\u201d kitab\u0131n\u0131n yazar\u0131 G\u00f6rkem Astarc\u0131o\u011flu\u2019nun kaleminden&#8230;<\/p>\n","protected":false},"excerpt":{"rendered":"<p>Bir \u00e7ocu\u011fun d\u00fcnyaya geli\u0119iyle birlikte sadece o de\u011fil, biz de de\u011fi\u0119meye ba\u0119lar\u0131z. Yeniden \u00f6\u011frenir, yeniden hisseder, hayata bamba\u0119ka bakmaya ba\u0119lar\u0131z. Sordu\u011fumuz her soru, duydu\u011fumuz her endi\u0119e,<span class=\"excerpt-hellip\"> [\u2026]<\/span><\/p>\n","protected":false},"featured_media":0,"template":"","meta":{"_monsterinsights_skip_tracking":false,"_monsterinsights_sitenote_active":false,"_monsterinsights_sitenote_note":"","_monsterinsights_sitenote_category":0},"product_brand":[],"product_cat":[26509,13365],"product_tag":[],"class_list":{"0":"post-782717","1":"product","2":"type-product","3":"status-publish","5":"product_cat-cocuk-gelisimi","6":"product_cat-saglik","7":"pa_cilt-ciltsiz","8":"pa_tur-kitap","9":"pa_yayinevi-hayykitap","10":"pa_yazar-gorkem-astarcioglu","12":"first","13":"instock","14":"sale","15":"shipping-taxable","16":"purchasable","17":"product-type-simple"},"_links":{"self":[{"href":"https:\/\/roveyayinevi.com.tr\/index.php\/wp-json\/wp\/v2\/product\/782717","targetHints":{"allow":["GET"]}}],"collection":[{"href":"https:\/\/roveyayinevi.com.tr\/index.php\/wp-json\/wp\/v2\/product"}],"about":[{"href":"https:\/\/roveyayinevi.com.tr\/index.php\/wp-json\/wp\/v2\/types\/product"}],"wp:attachment":[{"href":"https:\/\/roveyayinevi.com.tr\/index.php\/wp-json\/wp\/v2\/media?parent=782717"}],"wp:term":[{"taxonomy":"product_brand","embeddable":true,"href":"https:\/\/roveyayinevi.com.tr\/index.php\/wp-json\/wp\/v2\/product_brand?post=782717"},{"taxonomy":"product_cat","embeddable":true,"href":"https:\/\/roveyayinevi.com.tr\/index.php\/wp-json\/wp\/v2\/product_cat?post=782717"},{"taxonomy":"product_tag","embeddable":true,"href":"https:\/\/roveyayinevi.com.tr\/index.php\/wp-json\/wp\/v2\/product_tag?post=782717"}],"curies":[{"name":"wp","href":"https:\/\/api.w.org\/{rel}","templated":true}]}}