{"id":782697,"date":"2026-02-23T12:55:22","date_gmt":"2026-02-23T09:55:22","guid":{"rendered":"https:\/\/roveyayinevi.com.tr\/index.php\/urun\/bayezidin-ogullari\/"},"modified":"2026-04-15T03:45:59","modified_gmt":"2026-04-15T00:45:59","slug":"bayezidin-ogullari","status":"publish","type":"product","link":"https:\/\/roveyayinevi.com.tr\/index.php\/urun\/bayezidin-ogullari\/","title":{"rendered":"Bayezid\u2019in O\u011fullar\u0131"},"content":{"rendered":"<p>1402-1413 y\u0131llar\u0131 aras\u0131ndaki i\u00e7 sava\u015f, Osmanl\u0131 tarihinin en karma\u015f\u0131k ve en \u00e7arp\u0131c\u0131 d\u00f6nemlerinden biridir. Siyas\u00ee istikrars\u0131zl\u0131\u011f\u0131 sebebiyle genellikle Fetret Devri olarak an\u0131lan bu y\u0131llar, asl\u0131nda Osmanl\u0131 tarihinin tali bir aral\u0131\u011f\u0131 de\u011fil, ba\u015fl\u0131 ba\u015f\u0131na m\u00fcstakil bir tarihsel safhay\u0131 te\u015fkil eder. Bu kitap, Y\u0131ld\u0131r\u0131m Bayezid\u2019in 1402\u2019de Ankara Sava\u015f\u0131\u2019nda Timur\u2019a yenilmesi ve ard\u0131ndan Osmanl\u0131 h\u00e2kimiyet alan\u0131n\u0131n par\u00e7alanmas\u0131yla ba\u015flayan s\u00fcreci bir b\u00fct\u00fcn olarak ele almaktad\u0131r.   Timur\u2019un Anadolu\u2019dan \u00e7ekilmesinin ard\u0131ndan Osmanl\u0131 \u00fclkesinde ortaya \u00e7\u0131kan tablo, Bayezid\u2019in o\u011fullar\u0131 aras\u0131nda patlak veren ve yerli unsurlar\u0131n yan\u0131 s\u0131ra yabanc\u0131 g\u00fc\u00e7lerin de d\u00e2hil oldu\u011fu kanl\u0131 m\u00fccadelelere sahne olur. Bu i\u00e7 sava\u015flar s\u0131ras\u0131nda, \u00f6zellikle nihai galip olan ve karde\u015flerini ortadan kald\u0131rmas\u0131n\u0131 me\u015frula\u015ft\u0131rmak zorunda kalan \u00c7elebi Mehmed\u2019in \u00e7evresinde, Osmanl\u0131 tarih yaz\u0131c\u0131l\u0131\u011f\u0131n\u0131n en erken \u00f6rnekleri kaleme al\u0131n\u0131r. Eser, mevcut kaynaklar \u0131\u015f\u0131\u011f\u0131nda olaylar\u0131 ayr\u0131nt\u0131l\u0131 bi\u00e7imde in\u015fa ederken, ayn\u0131 zamanda d\u00f6nemin siyas\u00ee k\u00fclt\u00fcr\u00fcn\u00fc ve bu k\u00fclt\u00fcr\u00fcn tarih anlat\u0131lar\u0131na nas\u0131l yans\u0131d\u0131\u011f\u0131n\u0131 da \u00e7\u00f6z\u00fcmlemektedir.<\/p>\n","protected":false},"excerpt":{"rendered":"<p>1402-1413 y\u0131llar\u0131 aras\u0131ndaki i\u00e7 sava\u015f, Osmanl\u0131 tarihinin en karma\u015f\u0131k ve en \u00e7arp\u0131c\u0131 d\u00f6nemlerinden biridir. Siyas\u00ee istikrars\u0131zl\u0131\u011f\u0131 sebebiyle genellikle Fetret Devri olarak an\u0131lan bu y\u0131llar, asl\u0131nda Osmanl\u0131<span class=\"excerpt-hellip\"> [\u2026]<\/span><\/p>\n","protected":false},"featured_media":0,"template":"","meta":{"_monsterinsights_skip_tracking":false,"_monsterinsights_sitenote_active":false,"_monsterinsights_sitenote_note":"","_monsterinsights_sitenote_category":0},"product_brand":[],"product_cat":[12304],"product_tag":[],"class_list":{"0":"post-782697","1":"product","2":"type-product","3":"status-publish","5":"product_cat-tarih","6":"pa_cilt-ciltsiz","7":"pa_tur-kitap","8":"pa_yayinevi-turkuvaz-kitap","9":"pa_yazar-dimitris-j-kastritsis","11":"first","12":"instock","13":"sale","14":"shipping-taxable","15":"purchasable","16":"product-type-simple"},"_links":{"self":[{"href":"https:\/\/roveyayinevi.com.tr\/index.php\/wp-json\/wp\/v2\/product\/782697","targetHints":{"allow":["GET"]}}],"collection":[{"href":"https:\/\/roveyayinevi.com.tr\/index.php\/wp-json\/wp\/v2\/product"}],"about":[{"href":"https:\/\/roveyayinevi.com.tr\/index.php\/wp-json\/wp\/v2\/types\/product"}],"wp:attachment":[{"href":"https:\/\/roveyayinevi.com.tr\/index.php\/wp-json\/wp\/v2\/media?parent=782697"}],"wp:term":[{"taxonomy":"product_brand","embeddable":true,"href":"https:\/\/roveyayinevi.com.tr\/index.php\/wp-json\/wp\/v2\/product_brand?post=782697"},{"taxonomy":"product_cat","embeddable":true,"href":"https:\/\/roveyayinevi.com.tr\/index.php\/wp-json\/wp\/v2\/product_cat?post=782697"},{"taxonomy":"product_tag","embeddable":true,"href":"https:\/\/roveyayinevi.com.tr\/index.php\/wp-json\/wp\/v2\/product_tag?post=782697"}],"curies":[{"name":"wp","href":"https:\/\/api.w.org\/{rel}","templated":true}]}}