{"id":782684,"date":"2026-02-23T12:54:45","date_gmt":"2026-02-23T09:54:45","guid":{"rendered":"https:\/\/roveyayinevi.com.tr\/index.php\/urun\/mengucek-mirasi-divrigi-ulu-cami-ve-kulliyesi\/"},"modified":"2026-04-15T03:45:35","modified_gmt":"2026-04-15T00:45:35","slug":"mengucek-mirasi-divrigi-ulu-cami-ve-kulliyesi","status":"publish","type":"product","link":"https:\/\/roveyayinevi.com.tr\/index.php\/urun\/mengucek-mirasi-divrigi-ulu-cami-ve-kulliyesi\/","title":{"rendered":"Meng\u00fccek Miras\u0131: Divri\u011fi Ulu Cami ve K\u00fclliyesi"},"content":{"rendered":"<p>&#8220;Meng\u00fccek Miras\u0131&#8221; isimli bu kitapta, Neolitik ve Tun\u00e7 \u00e7a\u011flara uzanan yerle\u015fim izlerinden Sel\u00e7uklu d\u00f6nemine, \u0130sl\u00e2m d\u00fc\u015f\u00fcncesinden kozmoloji ve insan tasavvuruna kadar geni\u015f bir \u00e7er\u00e7evede Divri\u011fi Ulu Cami ve K\u00fclliyesi ele al\u0131n\u0131yor. Yap\u0131; ta\u015f bezemeleri, kap\u0131lar\u0131 ve mek\u00e2n kurgusuyla kutsal kitab\u0131m\u0131z Kur\u2019an\u2019\u0131, k\u00e2inat kitab\u0131n\u0131 ve insan\u0131 birlikte d\u00fc\u015f\u00fcnmeye \u00e7a\u011f\u0131ran bir anlam \u00f6rg\u00fcs\u00fc olarak okunuyor.UNESCO D\u00fcnya Miras\u0131 Listesi\u2019nde yer alan bu benzersiz eser, bu y\u00f6n\u00fcyle yaln\u0131zca ge\u00e7mi\u015ften kalan k\u00fclt\u00fcrel bir yap\u0131 de\u011fil, bug\u00fcn de zihni ve kalbi harekete ge\u00e7iren canl\u0131 bir anlat\u0131 olarak kar\u015f\u0131m\u0131za \u00e7\u0131k\u0131yor.\u201cMeng\u00fccek Miras\u0131\u201d, Divri\u011fi\u2019yi yeniden d\u00fc\u015f\u00fcnmek ve anlamak i\u00e7in okurlara bir \u00e7a\u011fr\u0131&#8230;<\/p>\n","protected":false},"excerpt":{"rendered":"<p>&#8220;Meng\u00fccek Miras\u0131&#8221; isimli bu kitapta, Neolitik ve Tun\u00e7 \u00e7a\u011flara uzanan yerle\u015fim izlerinden Sel\u00e7uklu d\u00f6nemine, \u0130sl\u00e2m d\u00fc\u015f\u00fcncesinden kozmoloji ve insan tasavvuruna kadar geni\u015f bir \u00e7er\u00e7evede Divri\u011fi Ulu<span class=\"excerpt-hellip\"> [\u2026]<\/span><\/p>\n","protected":false},"featured_media":0,"template":"","meta":{"_monsterinsights_skip_tracking":false,"_monsterinsights_sitenote_active":false,"_monsterinsights_sitenote_note":"","_monsterinsights_sitenote_category":0},"product_brand":[],"product_cat":[12304],"product_tag":[],"class_list":{"0":"post-782684","1":"product","2":"type-product","3":"status-publish","5":"product_cat-tarih","6":"pa_cilt-ciltsiz","7":"pa_tur-kitap","8":"pa_yayinevi-profil-kitap","9":"pa_yazar-ruhan-ozaygun","11":"first","12":"instock","13":"sale","14":"shipping-taxable","15":"purchasable","16":"product-type-simple"},"_links":{"self":[{"href":"https:\/\/roveyayinevi.com.tr\/index.php\/wp-json\/wp\/v2\/product\/782684","targetHints":{"allow":["GET"]}}],"collection":[{"href":"https:\/\/roveyayinevi.com.tr\/index.php\/wp-json\/wp\/v2\/product"}],"about":[{"href":"https:\/\/roveyayinevi.com.tr\/index.php\/wp-json\/wp\/v2\/types\/product"}],"wp:attachment":[{"href":"https:\/\/roveyayinevi.com.tr\/index.php\/wp-json\/wp\/v2\/media?parent=782684"}],"wp:term":[{"taxonomy":"product_brand","embeddable":true,"href":"https:\/\/roveyayinevi.com.tr\/index.php\/wp-json\/wp\/v2\/product_brand?post=782684"},{"taxonomy":"product_cat","embeddable":true,"href":"https:\/\/roveyayinevi.com.tr\/index.php\/wp-json\/wp\/v2\/product_cat?post=782684"},{"taxonomy":"product_tag","embeddable":true,"href":"https:\/\/roveyayinevi.com.tr\/index.php\/wp-json\/wp\/v2\/product_tag?post=782684"}],"curies":[{"name":"wp","href":"https:\/\/api.w.org\/{rel}","templated":true}]}}