{"id":782662,"date":"2026-02-23T12:52:56","date_gmt":"2026-02-23T09:52:56","guid":{"rendered":"https:\/\/roveyayinevi.com.tr\/index.php\/urun\/buyukelciligin-tarihi-diplomasinin-ileri-karakollari\/"},"modified":"2026-04-15T03:44:49","modified_gmt":"2026-04-15T00:44:49","slug":"buyukelciligin-tarihi-diplomasinin-ileri-karakollari","status":"publish","type":"product","link":"https:\/\/roveyayinevi.com.tr\/index.php\/urun\/buyukelciligin-tarihi-diplomasinin-ileri-karakollari\/","title":{"rendered":"B\u00fcy\u00fckel\u00e7ili\u011fin Tarihi &#8211; Diplomasinin \u0130leri Karakollar\u0131"},"content":{"rendered":"<p>En eski \u00e7a\u011flardan g\u00fcn\u00fcm\u00fcze diplomatik misyonlar\u0131n s\u0131ra d\u0131\u015f\u0131 tarihi g\u00fcn y\u00fcz\u00fcne \u00e7\u0131k\u0131yor. Diplomasi tarihinin sahne arkas\u0131na a\u00e7\u0131lan bu s\u00fcr\u00fckleyici hik\u00e2yede devletler aras\u0131ndaki g\u00f6r\u00fcnmez ba\u011flar\u0131n nas\u0131l kuruldu\u011fu ve s\u00fcrd\u00fcr\u00fcld\u00fc\u011f\u00fc inceleniyor. G. R. Berridge, b\u00fcy\u00fckel\u00e7iliklerden konsolosluklara, asker\u00ee ata\u015feliklerden \u00f6zel temsilciliklere diplomasinin yaln\u0131zca m\u00fczakere masalar\u0131nda de\u011fil, d\u00fcnyan\u0131n d\u00f6rt bir yan\u0131ndaki \u201cileri karakollarda\u201d da \u015fekillendi\u011fini ustal\u0131kla ortaya koyuyor. Mezhep sava\u015flar\u0131ndan s\u00f6m\u00fcrgecilik yar\u0131\u015f\u0131na, Uzak Do\u011fu\u2019dan G\u00fcney Amerika\u2019ya farkl\u0131 konjonkt\u00fcr ve co\u011frafyalarda diplomatik misyonlar\u0131n nas\u0131l hayatta kalabildi\u011fi \u00f6zg\u00fcn bir \u00fcslupla anlat\u0131l\u0131rken devletlerin bilgi toplama, ili\u015fki kurma ve n\u00fcfuz sa\u011flama y\u00f6ntemleri de g\u00f6r\u00fcn\u00fcr k\u0131l\u0131n\u0131yor. \u015eimdiden diplomasi tarihinin klasikleri aras\u0131na giren kitapta Yusuf Ag\u00e2h Efendi\u2019nin Londra sefaretinden Washington\u2019da bir poker masas\u0131nda \u0130stanbul\u2019daki Amerikan el\u00e7ilik binas\u0131 \u00fczerine bahis oynanmas\u0131na dek bir\u00e7ok s\u0131ra d\u0131\u015f\u0131 olay ve anekdot yer al\u0131yor. \u00c7ok say\u0131da g\u00f6rselin yan\u0131 s\u0131ra mahir diplomatlar ve n\u00fcfuzlu aristokratlar\u0131n hayatlar\u0131ndan enstantaneleri de bar\u0131nd\u0131ran Diplomasinin \u0130leri Karakollar\u0131, t\u00fcm sosyal bilimciler i\u00e7in vazge\u00e7ilmez bir ba\u015fvuru kayna\u011f\u0131.<\/p>\n","protected":false},"excerpt":{"rendered":"<p>En eski \u00e7a\u011flardan g\u00fcn\u00fcm\u00fcze diplomatik misyonlar\u0131n s\u0131ra d\u0131\u015f\u0131 tarihi g\u00fcn y\u00fcz\u00fcne \u00e7\u0131k\u0131yor. Diplomasi tarihinin sahne arkas\u0131na a\u00e7\u0131lan bu s\u00fcr\u00fckleyici hik\u00e2yede devletler aras\u0131ndaki g\u00f6r\u00fcnmez ba\u011flar\u0131n nas\u0131l kuruldu\u011fu<span class=\"excerpt-hellip\"> [\u2026]<\/span><\/p>\n","protected":false},"featured_media":0,"template":"","meta":{"_monsterinsights_skip_tracking":false,"_monsterinsights_sitenote_active":false,"_monsterinsights_sitenote_note":"","_monsterinsights_sitenote_category":0},"product_brand":[],"product_cat":[12370,12304],"product_tag":[],"class_list":{"0":"post-782662","1":"product","2":"type-product","3":"status-publish","5":"product_cat-arastirma-inceleme","6":"product_cat-tarih","7":"pa_cilt-ciltsiz","8":"pa_tur-kitap","9":"pa_yayinevi-yeditepe-yayinevi","10":"pa_yazar-g-r-berridge","12":"first","13":"instock","14":"sale","15":"shipping-taxable","16":"purchasable","17":"product-type-simple"},"_links":{"self":[{"href":"https:\/\/roveyayinevi.com.tr\/index.php\/wp-json\/wp\/v2\/product\/782662","targetHints":{"allow":["GET"]}}],"collection":[{"href":"https:\/\/roveyayinevi.com.tr\/index.php\/wp-json\/wp\/v2\/product"}],"about":[{"href":"https:\/\/roveyayinevi.com.tr\/index.php\/wp-json\/wp\/v2\/types\/product"}],"wp:attachment":[{"href":"https:\/\/roveyayinevi.com.tr\/index.php\/wp-json\/wp\/v2\/media?parent=782662"}],"wp:term":[{"taxonomy":"product_brand","embeddable":true,"href":"https:\/\/roveyayinevi.com.tr\/index.php\/wp-json\/wp\/v2\/product_brand?post=782662"},{"taxonomy":"product_cat","embeddable":true,"href":"https:\/\/roveyayinevi.com.tr\/index.php\/wp-json\/wp\/v2\/product_cat?post=782662"},{"taxonomy":"product_tag","embeddable":true,"href":"https:\/\/roveyayinevi.com.tr\/index.php\/wp-json\/wp\/v2\/product_tag?post=782662"}],"curies":[{"name":"wp","href":"https:\/\/api.w.org\/{rel}","templated":true}]}}