{"id":782658,"date":"2026-02-23T12:52:38","date_gmt":"2026-02-23T09:52:38","guid":{"rendered":"https:\/\/roveyayinevi.com.tr\/index.php\/urun\/kirik-inci-2\/"},"modified":"2026-04-15T03:44:43","modified_gmt":"2026-04-15T00:44:43","slug":"kirik-inci-2","status":"publish","type":"product","link":"https:\/\/roveyayinevi.com.tr\/index.php\/urun\/kirik-inci-2\/","title":{"rendered":"K\u0131r\u0131k \u0130nci 2"},"content":{"rendered":"<p>As\u0131l miras bendim. Ben \u0130nci\u2019ydim. Ben ailemin \u0130nci tanesiydim.    Ailesinin miras\u0131na sahip \u00e7\u0131kmak ve onlar\u0131n intikam\u0131n\u0131 almak i\u00e7in elinden gelen her \u015feyi yapan \u0130nci, buna en b\u00fcy\u00fck d\u00fc\u015fman\u0131ndan ba\u015flar.   K\u0131l\u0131\u00e7 Arslan K\u0131rahanl\u0131 ile ilgili ger\u00e7eklerin g\u00fcn y\u00fcz\u00fcne \u00e7\u0131kmas\u0131yla hayatlar\u0131 hi\u00e7 beklemedikleri bir y\u00f6nde ilerlemeye ba\u015flar ve \u0130nci kendisi i\u00e7in yeni bir yol \u00e7izer.   Ancak \u0130nci ve K\u0131l\u0131\u00e7 t\u00fcm g\u00fcvensizliklere ra\u011fmen birbirlerine olan hislerine kar\u015f\u0131 koyamaz. Sadece iki se\u00e7enekleri vard\u0131r: Birlik olmak ya da yok olmak.    Bu kadar karma\u015fan\u0131n aras\u0131nda \u0130nci\u2019ninse tek bir amac\u0131 vard\u0131r: Ailesinin katillerinden intikam\u0131n\u0131 almak&#8230; Ve bu yolda elinin ne kadar kirlendi\u011finin, sonunun ne olaca\u011f\u0131n\u0131n art\u0131k hi\u00e7bir \u00f6nemi yoktur. <\/p>\n","protected":false},"excerpt":{"rendered":"<p>As\u0131l miras bendim. Ben \u0130nci\u2019ydim. Ben ailemin \u0130nci tanesiydim. Ailesinin miras\u0131na sahip \u00e7\u0131kmak ve onlar\u0131n intikam\u0131n\u0131 almak i\u00e7in elinden gelen her \u015feyi yapan \u0130nci, buna en<span class=\"excerpt-hellip\"> [\u2026]<\/span><\/p>\n","protected":false},"featured_media":0,"template":"","meta":{"_monsterinsights_skip_tracking":false,"_monsterinsights_sitenote_active":false,"_monsterinsights_sitenote_note":"","_monsterinsights_sitenote_category":0},"product_brand":[],"product_cat":[12291,12711],"product_tag":[],"class_list":{"0":"post-782658","1":"product","2":"type-product","3":"status-publish","5":"product_cat-edebiyat","6":"product_cat-roman-oyku","7":"pa_cilt-ciltsiz","8":"pa_tur-kitap","9":"pa_yayinevi-indigo-kitap","10":"pa_yazar-ceren-melek","12":"first","13":"instock","14":"sale","15":"shipping-taxable","16":"purchasable","17":"product-type-simple"},"_links":{"self":[{"href":"https:\/\/roveyayinevi.com.tr\/index.php\/wp-json\/wp\/v2\/product\/782658","targetHints":{"allow":["GET"]}}],"collection":[{"href":"https:\/\/roveyayinevi.com.tr\/index.php\/wp-json\/wp\/v2\/product"}],"about":[{"href":"https:\/\/roveyayinevi.com.tr\/index.php\/wp-json\/wp\/v2\/types\/product"}],"wp:attachment":[{"href":"https:\/\/roveyayinevi.com.tr\/index.php\/wp-json\/wp\/v2\/media?parent=782658"}],"wp:term":[{"taxonomy":"product_brand","embeddable":true,"href":"https:\/\/roveyayinevi.com.tr\/index.php\/wp-json\/wp\/v2\/product_brand?post=782658"},{"taxonomy":"product_cat","embeddable":true,"href":"https:\/\/roveyayinevi.com.tr\/index.php\/wp-json\/wp\/v2\/product_cat?post=782658"},{"taxonomy":"product_tag","embeddable":true,"href":"https:\/\/roveyayinevi.com.tr\/index.php\/wp-json\/wp\/v2\/product_tag?post=782658"}],"curies":[{"name":"wp","href":"https:\/\/api.w.org\/{rel}","templated":true}]}}