{"id":782651,"date":"2026-02-23T12:51:39","date_gmt":"2026-02-23T09:51:39","guid":{"rendered":"https:\/\/roveyayinevi.com.tr\/index.php\/urun\/evlilik-insanlari\/"},"modified":"2026-04-15T03:44:09","modified_gmt":"2026-04-15T00:44:09","slug":"evlilik-insanlari","status":"publish","type":"product","link":"https:\/\/roveyayinevi.com.tr\/index.php\/urun\/evlilik-insanlari\/","title":{"rendered":"Evlilik \u0130nsanlar\u0131"},"content":{"rendered":"<p>Rhode Island, Newport&#8217;ta g\u00fczel bir g\u00fcn. Phoebe Stone, z\u00fcmr\u00fct ye\u015fili bir elbise ve yald\u0131zl\u0131, topuklu ayakkab\u0131larla, g\u00f6r\u00fcn\u00fcrde bir \u00e7antas\u0131 ya da bavulu olmadan Cornwall Inn&#8217;e tek ba\u015f\u0131na gelir. Lobideki herkes onun d\u00fc\u011f\u00fcn konuklar\u0131ndan biri oldu\u011funu d\u00fc\u015f\u00fcn\u00fcr; ancak Phoebe, b\u00fcy\u00fck d\u00fc\u011f\u00fcne kat\u0131lmayan tek misafirdir. Phoebe, y\u0131llard\u0131r buraya gelmeyi hayal etmi\u015ftir; kocas\u0131yla g\u00fczel yemekler yemeyi, g\u00fcnbat\u0131m\u0131nda okyanusa a\u00e7\u0131lmay\u0131 ummu\u015ftur. \u015eimdi ise onsuz, dibe vurmu\u015f ve kendine son bir l\u00fcks harcama yapmaya kararl\u0131 bir \u015fekilde buradad\u0131r. Bu arada b\u00fcy\u00fck d\u00fc\u011f\u00fcn\u00fcn biricik gelini Lila, hafta sonunun getirebilece\u011fi her ayr\u0131nt\u0131y\u0131 ve olas\u0131 her felaketi hesaplam\u0131\u015ft\u0131r; tabii Phoebe ve Phoebe&#8217;nin b\u00fcy\u00fck plan\u0131 hari\u00e7\u2026 K\u0131sa s\u00fcre sonra, iki kad\u0131n da bug\u00fcne kadar yapt\u0131klar\u0131 en iyi planlar\u0131n\u0131n raydan \u00e7\u0131kt\u0131\u011f\u0131n\u0131 ve birbirlerinde beklenmedik bir s\u0131rda\u015f bulduklar\u0131n\u0131 fark eder. Abs\u00fcrd derecede komik ve y\u0131k\u0131c\u0131 derecede dokunakl\u0131 olan Evlilik \u0130nsanlar\u0131, hayal dahi edemedi\u011fimiz yerlere varabilecek dolamba\u00e7l\u0131 yollara, bizi ya\u015fama d\u00f6nd\u00fcrecek tesad\u00fcfi kar\u015f\u0131la\u015fmalara inan\u0131lmaz derecede incelikli ve etkileyici bir a\u00e7\u0131dan bak\u0131yor.\u201cM\u00fckemmel\u2026 Ke\u015fke ben yazsayd\u0131m.\u201d -JOJO MOYES \u201cKahkahalarla g\u00fcld\u00fcren, komik ve \u015fa\u015f\u0131rt\u0131c\u0131 derecede dokunakl\u0131\u2026\u201d -INDEPENDENT<\/p>\n","protected":false},"excerpt":{"rendered":"<p>Rhode Island, Newport&#8217;ta g\u00fczel bir g\u00fcn. Phoebe Stone, z\u00fcmr\u00fct ye\u015fili bir elbise ve yald\u0131zl\u0131, topuklu ayakkab\u0131larla, g\u00f6r\u00fcn\u00fcrde bir \u00e7antas\u0131 ya da bavulu olmadan Cornwall Inn&#8217;e tek<span class=\"excerpt-hellip\"> [\u2026]<\/span><\/p>\n","protected":false},"featured_media":0,"template":"","meta":{"_monsterinsights_skip_tracking":false,"_monsterinsights_sitenote_active":false,"_monsterinsights_sitenote_note":"","_monsterinsights_sitenote_category":0},"product_brand":[],"product_cat":[12291,12711],"product_tag":[],"class_list":{"0":"post-782651","1":"product","2":"type-product","3":"status-publish","5":"product_cat-edebiyat","6":"product_cat-roman-oyku","7":"pa_cilt-ciltsiz","8":"pa_tur-kitap","9":"pa_yayinevi-nemesis-kitap","10":"pa_yazar-alison-espach","12":"first","13":"instock","14":"sale","15":"shipping-taxable","16":"purchasable","17":"product-type-simple"},"_links":{"self":[{"href":"https:\/\/roveyayinevi.com.tr\/index.php\/wp-json\/wp\/v2\/product\/782651","targetHints":{"allow":["GET"]}}],"collection":[{"href":"https:\/\/roveyayinevi.com.tr\/index.php\/wp-json\/wp\/v2\/product"}],"about":[{"href":"https:\/\/roveyayinevi.com.tr\/index.php\/wp-json\/wp\/v2\/types\/product"}],"wp:attachment":[{"href":"https:\/\/roveyayinevi.com.tr\/index.php\/wp-json\/wp\/v2\/media?parent=782651"}],"wp:term":[{"taxonomy":"product_brand","embeddable":true,"href":"https:\/\/roveyayinevi.com.tr\/index.php\/wp-json\/wp\/v2\/product_brand?post=782651"},{"taxonomy":"product_cat","embeddable":true,"href":"https:\/\/roveyayinevi.com.tr\/index.php\/wp-json\/wp\/v2\/product_cat?post=782651"},{"taxonomy":"product_tag","embeddable":true,"href":"https:\/\/roveyayinevi.com.tr\/index.php\/wp-json\/wp\/v2\/product_tag?post=782651"}],"curies":[{"name":"wp","href":"https:\/\/api.w.org\/{rel}","templated":true}]}}