{"id":782647,"date":"2026-02-23T12:50:46","date_gmt":"2026-02-23T09:50:46","guid":{"rendered":"https:\/\/roveyayinevi.com.tr\/index.php\/urun\/en-guzel-sey\/"},"modified":"2026-04-15T03:43:47","modified_gmt":"2026-04-15T00:43:47","slug":"en-guzel-sey","status":"publish","type":"product","link":"https:\/\/roveyayinevi.com.tr\/index.php\/urun\/en-guzel-sey\/","title":{"rendered":"En G\u00fczel \u015eey"},"content":{"rendered":"<p>G\u00f6ky\u00fcz\u00fcndeki \u0131\u015f\u0131l \u0131\u015f\u0131l y\u0131ld\u0131zlar da \u00e7ok g\u00fczel, yeralt\u0131ndaki kar\u0131nca yuvalar\u0131 da. Yaln\u0131z ba\u015f\u0131na yepyeni bir maceraya at\u0131lmak da \u00e7ok g\u00fczel, kalabal\u0131k bir koroyla \u015fark\u0131 s\u00f6ylemek de. G\u00fczellik bazen \u00e7ok uzaklarda bazen de yan\u0131 ba\u015f\u0131m\u0131zda. Peki, bu d\u00fcnyadaki en g\u00fczel \u015fey nedir acaba?     Uluslararas\u0131 \u00f6d\u00fcll\u00fc sanat\u00e7\u0131 Huban Korman her ya\u015ftan okurunu hat\u0131ralar, hayaller, kokular ve renkler e\u015fli\u011finde felsefi bir yolculu\u011fa davet ediyor.<\/p>\n","protected":false},"excerpt":{"rendered":"<p>G\u00f6ky\u00fcz\u00fcndeki \u0131\u015f\u0131l \u0131\u015f\u0131l y\u0131ld\u0131zlar da \u00e7ok g\u00fczel, yeralt\u0131ndaki kar\u0131nca yuvalar\u0131 da. Yaln\u0131z ba\u015f\u0131na yepyeni bir maceraya at\u0131lmak da \u00e7ok g\u00fczel, kalabal\u0131k bir koroyla \u015fark\u0131 s\u00f6ylemek de.<span class=\"excerpt-hellip\"> [\u2026]<\/span><\/p>\n","protected":false},"featured_media":0,"template":"","meta":{"_monsterinsights_skip_tracking":false,"_monsterinsights_sitenote_active":false,"_monsterinsights_sitenote_note":"","_monsterinsights_sitenote_category":0},"product_brand":[],"product_cat":[12274,12284],"product_tag":[],"class_list":{"0":"post-782647","1":"product","2":"type-product","3":"status-publish","5":"product_cat-cocuk-ve-genclik-kitaplari","6":"product_cat-hikayeler","7":"pa_cilt-ciltsiz","8":"pa_tur-kitap","9":"pa_yayinevi-redhouse-kidz-yayinlari","10":"pa_yazar-huban-korman","12":"first","13":"instock","14":"sale","15":"shipping-taxable","16":"purchasable","17":"product-type-simple"},"_links":{"self":[{"href":"https:\/\/roveyayinevi.com.tr\/index.php\/wp-json\/wp\/v2\/product\/782647","targetHints":{"allow":["GET"]}}],"collection":[{"href":"https:\/\/roveyayinevi.com.tr\/index.php\/wp-json\/wp\/v2\/product"}],"about":[{"href":"https:\/\/roveyayinevi.com.tr\/index.php\/wp-json\/wp\/v2\/types\/product"}],"wp:attachment":[{"href":"https:\/\/roveyayinevi.com.tr\/index.php\/wp-json\/wp\/v2\/media?parent=782647"}],"wp:term":[{"taxonomy":"product_brand","embeddable":true,"href":"https:\/\/roveyayinevi.com.tr\/index.php\/wp-json\/wp\/v2\/product_brand?post=782647"},{"taxonomy":"product_cat","embeddable":true,"href":"https:\/\/roveyayinevi.com.tr\/index.php\/wp-json\/wp\/v2\/product_cat?post=782647"},{"taxonomy":"product_tag","embeddable":true,"href":"https:\/\/roveyayinevi.com.tr\/index.php\/wp-json\/wp\/v2\/product_tag?post=782647"}],"curies":[{"name":"wp","href":"https:\/\/api.w.org\/{rel}","templated":true}]}}