{"id":782635,"date":"2026-02-23T12:48:58","date_gmt":"2026-02-23T09:48:58","guid":{"rendered":"https:\/\/roveyayinevi.com.tr\/index.php\/urun\/dunya-hakkinda-kucuk-ve-buyuk-sorular\/"},"modified":"2026-04-15T03:42:39","modified_gmt":"2026-04-15T00:42:39","slug":"dunya-hakkinda-kucuk-ve-buyuk-sorular","status":"publish","type":"product","link":"https:\/\/roveyayinevi.com.tr\/index.php\/urun\/dunya-hakkinda-kucuk-ve-buyuk-sorular\/","title":{"rendered":"D\u00fcnya Hakk\u0131nda K\u00fc\u00e7\u00fck ve B\u00fcy\u00fck Sorular"},"content":{"rendered":"<p>D\u00dcNYA HAKKINDA K\u00dc\u00c7\u00dcK VE B\u00dcY\u00dcK SORULAR Phil ve Sophie Ina Schmidt   Felsefe soruya g\u00f6n\u00fcl vermekle ba\u015flar.   Phil ve Sophie, merak\u0131n pusulas\u0131n\u0131 ellerine al\u0131p hayat\u0131n b\u00fcy\u00fck sorular\u0131na do\u011fru yola \u00e7\u0131kan iki yak\u0131n arkada\u015ft\u0131r. Hemen her g\u00fcn ziyaret ettikleri hu\u015f a\u011fac\u0131 onlar i\u00e7in sadece bir a\u011fa\u00e7 de\u011fil; d\u00fc\u015f\u00fcncenin serbest\u00e7e dola\u015ft\u0131\u011f\u0131, sorular\u0131n filizlendi\u011fi bir felsefe dura\u011f\u0131d\u0131r. Orada zaman\u0131n izini s\u00fcrerken, mutlulu\u011fun haritas\u0131n\u0131 \u00e7izerken ya da bir d\u00fc\u015f\u00fcncenin d\u00fcnyay\u0131 nas\u0131l de\u011fi\u015ftirebilece\u011fini tartarken, asl\u0131nda her \u00e7ocukta sakl\u0131 duran o d\u00fc\u015f\u00fcn\u00fcr uyan\u0131r. \u00c7\u00fcnk\u00fc sormak, var olman\u0131n ilk i\u015faretidir. Bu metin, sorular\u0131 sar\u0131p sarmalayan bir d\u00fcnyan\u0131n kap\u0131s\u0131n\u0131 aral\u0131yor. Her kap\u0131n\u0131n ard\u0131nda, merakla bakan g\u00f6zler i\u00e7in yeni bir anlam yat\u0131yor. Schmidt\u2019in yal\u0131n ama derin anlat\u0131m\u0131, felsefeyi ula\u015f\u0131lmaz bir kule olmaktan \u00e7\u0131kar\u0131p g\u00fcndelik ya\u015fant\u0131n\u0131n i\u00e7ine yerle\u015ftiriyor. Her soru bir ad\u0131m, her sayfa bir ke\u015fif. D\u00fc\u015f\u00fcnen, soran, birlikte anlam arayan ve d\u00fc\u015f\u00fcncenin g\u00f6lgesinde serinlemek isteyen herkes i\u00e7in zamans\u0131z bir yolculuk.   *** Merakl\u0131ysan ve d\u00fcnya hakk\u0131nda \u00e7esitli sorular soruyorsan sen de felsefe yap\u0131yorsun demektir. Phil ve Sophie\u2019nin en sevdi\u011fi \u015fey soru sormak. Hem de bol bol! Hele bir de en sevdikleri yer olan b\u00fcy\u00fck hu\u015f a\u011fac\u0131n\u0131n alt\u0131ndalarsa\u2026 Ne zaman \u00f6nemli bir konu konu\u015fmak, kafalar\u0131ndaki d\u00fc\u015f\u00fcnceleri serbest b\u0131rakmak ya da sorulara cevap aramak isteseler, hep orada bulu\u015furlar. Bazen de do\u011fru soruyu aramak i\u00e7in gelirler\u2026 Zaman nas\u0131l ge\u00e7er?D\u00fc\u015f\u00fcnceler nereden gelir?Mutluluk bulunabilir mi?Birinin arkada\u015f\u0131m\u0131z oldu\u011funu nas\u0131l anlar\u0131z?Adalet nedir?   Felsefi sorulara minicik bir ba\u015flang\u0131\u00e7.   <\/p>\n","protected":false},"excerpt":{"rendered":"<p>D\u00dcNYA HAKKINDA K\u00dc\u00c7\u00dcK VE B\u00dcY\u00dcK SORULAR Phil ve Sophie Ina Schmidt Felsefe soruya g\u00f6n\u00fcl vermekle ba\u015flar. Phil ve Sophie, merak\u0131n pusulas\u0131n\u0131 ellerine al\u0131p hayat\u0131n b\u00fcy\u00fck sorular\u0131na<span class=\"excerpt-hellip\"> [\u2026]<\/span><\/p>\n","protected":false},"featured_media":0,"template":"","meta":{"_monsterinsights_skip_tracking":false,"_monsterinsights_sitenote_active":false,"_monsterinsights_sitenote_note":"","_monsterinsights_sitenote_category":0},"product_brand":[],"product_cat":[12274,12284],"product_tag":[],"class_list":{"0":"post-782635","1":"product","2":"type-product","3":"status-publish","5":"product_cat-cocuk-ve-genclik-kitaplari","6":"product_cat-hikayeler","7":"pa_cilt-ciltsiz","8":"pa_tur-kitap","9":"pa_yayinevi-elma-cocuk","10":"pa_yazar-ina-schmidt","12":"first","13":"instock","14":"sale","15":"shipping-taxable","16":"purchasable","17":"product-type-simple"},"_links":{"self":[{"href":"https:\/\/roveyayinevi.com.tr\/index.php\/wp-json\/wp\/v2\/product\/782635","targetHints":{"allow":["GET"]}}],"collection":[{"href":"https:\/\/roveyayinevi.com.tr\/index.php\/wp-json\/wp\/v2\/product"}],"about":[{"href":"https:\/\/roveyayinevi.com.tr\/index.php\/wp-json\/wp\/v2\/types\/product"}],"wp:attachment":[{"href":"https:\/\/roveyayinevi.com.tr\/index.php\/wp-json\/wp\/v2\/media?parent=782635"}],"wp:term":[{"taxonomy":"product_brand","embeddable":true,"href":"https:\/\/roveyayinevi.com.tr\/index.php\/wp-json\/wp\/v2\/product_brand?post=782635"},{"taxonomy":"product_cat","embeddable":true,"href":"https:\/\/roveyayinevi.com.tr\/index.php\/wp-json\/wp\/v2\/product_cat?post=782635"},{"taxonomy":"product_tag","embeddable":true,"href":"https:\/\/roveyayinevi.com.tr\/index.php\/wp-json\/wp\/v2\/product_tag?post=782635"}],"curies":[{"name":"wp","href":"https:\/\/api.w.org\/{rel}","templated":true}]}}