{"id":782634,"date":"2026-02-23T12:48:46","date_gmt":"2026-02-23T09:48:46","guid":{"rendered":"https:\/\/roveyayinevi.com.tr\/index.php\/urun\/7-tip-sisteminde-birincil-kaynaklara-gore-tutsu-ile-tedavi-ciltli\/"},"modified":"2026-04-15T03:42:32","modified_gmt":"2026-04-15T00:42:32","slug":"7-tip-sisteminde-birincil-kaynaklara-gore-tutsu-ile-tedavi-ciltli","status":"publish","type":"product","link":"https:\/\/roveyayinevi.com.tr\/index.php\/urun\/7-tip-sisteminde-birincil-kaynaklara-gore-tutsu-ile-tedavi-ciltli\/","title":{"rendered":"7 T\u0131p Sisteminde Birincil Kaynaklara G\u00f6re T\u00fcts\u00fc ile Tedavi (Ciltli)"},"content":{"rendered":"<p>Tarih boyunca yaln\u0131zca ruhsal ar\u0131nma ve rit\u00fcel ama\u00e7larla de\u011fil ayn\u0131 zamanda t\u0131bbi bir ara\u00e7 olarak da kullan\u0131lan t\u00fcts\u00fc, yeni bir akademik \u00e7al\u0131\u015fmayla yeniden g\u00fcndeme geliyor. \u201c7 T\u0131p Sisteminde Birincil Kaynaklara G\u00f6re T\u00fcts\u00fc ile Tedavi\u201d ba\u015fl\u0131kl\u0131 bu kapsaml\u0131 ara\u015ft\u0131rma, Antik \u00c7a\u011f\u2019dan g\u00fcn\u00fcm\u00fcze t\u00fcts\u00fcyle hastal\u0131klar\u0131n korunma ve tedavi uygulamalar\u0131n\u0131; \u00e7ivi yaz\u0131s\u0131 tabletlerden medikal papir\u00fcslere, yazma eserler ve erken modern ila\u00e7 kataloglar\u0131na uzanan geni\u015f bir perspektifle ele al\u0131yor.\u00c7al\u0131\u015fmada 83\u2019\u00fc kadim t\u0131p metni olmak \u00fczere toplam 126 birincil kayna\u011fa incelenmi\u015f, t\u00fcts\u00fcn\u00fcn sa\u011fl\u0131kla ili\u015fkili olarak 687 kez kullan\u0131ld\u0131\u011f\u0131 tespit edilmi\u015ftir. Solunum ve sindirim sistemi hastal\u0131klar\u0131ndan kad\u0131n hastal\u0131klar\u0131na, ruhsal rahats\u0131zl\u0131klardan salg\u0131n hastal\u0131klara kadar geni\u015f bir spektrumda t\u00fcts\u00fcn\u00fcn tedavi edici rol\u00fc detayl\u0131 bi\u00e7imde analiz edilmi\u015ftir. T\u00fcts\u00fcyle hastal\u0131klardan korunma ve tedavi \u00fczerine d\u00fcnyadaki ilk kantitatif analiz \u00e7al\u0131\u015fmas\u0131 olma \u00f6zelli\u011fi ta\u015f\u0131yan bu kapsaml\u0131 ara\u015ft\u0131rma ayn\u0131 zamanda bilimsel belgelenmesi a\u00e7\u0131s\u0131ndan da \u00f6nc\u00fc niteliktedir.\u201c7 T\u0131p Sisteminde Birincil Kaynaklara G\u00f6re T\u00fcts\u00fc ile Tedavi\u201d, geleneksel t\u0131bb\u0131n izini s\u00fcren ara\u015ft\u0131rmac\u0131lar, klinik aromaterapistler, t\u0131p ve tarih merakl\u0131lar\u0131 i\u00e7in benzersiz bir ba\u015fvuru kayna\u011f\u0131 olma \u00f6zelli\u011fi ta\u015f\u0131yor.<\/p>\n","protected":false},"excerpt":{"rendered":"<p>Tarih boyunca yaln\u0131zca ruhsal ar\u0131nma ve rit\u00fcel ama\u00e7larla de\u011fil ayn\u0131 zamanda t\u0131bbi bir ara\u00e7 olarak da kullan\u0131lan t\u00fcts\u00fc, yeni bir akademik \u00e7al\u0131\u015fmayla yeniden g\u00fcndeme geliyor. \u201c7<span class=\"excerpt-hellip\"> [\u2026]<\/span><\/p>\n","protected":false},"featured_media":0,"template":"","meta":{"_monsterinsights_skip_tracking":false,"_monsterinsights_sitenote_active":false,"_monsterinsights_sitenote_note":"","_monsterinsights_sitenote_category":0},"product_brand":[],"product_cat":[13397,13365],"product_tag":[],"class_list":{"0":"post-782634","1":"product","2":"type-product","3":"status-publish","5":"product_cat-alternatif-tip-sifali-bitkiler","6":"product_cat-saglik","7":"pa_cilt-ciltli","8":"pa_tur-kitap","9":"pa_yayinevi-albaraka-yayinlari","10":"pa_yazar-kolektif","12":"first","13":"instock","14":"sale","15":"shipping-taxable","16":"purchasable","17":"product-type-simple"},"_links":{"self":[{"href":"https:\/\/roveyayinevi.com.tr\/index.php\/wp-json\/wp\/v2\/product\/782634","targetHints":{"allow":["GET"]}}],"collection":[{"href":"https:\/\/roveyayinevi.com.tr\/index.php\/wp-json\/wp\/v2\/product"}],"about":[{"href":"https:\/\/roveyayinevi.com.tr\/index.php\/wp-json\/wp\/v2\/types\/product"}],"wp:attachment":[{"href":"https:\/\/roveyayinevi.com.tr\/index.php\/wp-json\/wp\/v2\/media?parent=782634"}],"wp:term":[{"taxonomy":"product_brand","embeddable":true,"href":"https:\/\/roveyayinevi.com.tr\/index.php\/wp-json\/wp\/v2\/product_brand?post=782634"},{"taxonomy":"product_cat","embeddable":true,"href":"https:\/\/roveyayinevi.com.tr\/index.php\/wp-json\/wp\/v2\/product_cat?post=782634"},{"taxonomy":"product_tag","embeddable":true,"href":"https:\/\/roveyayinevi.com.tr\/index.php\/wp-json\/wp\/v2\/product_tag?post=782634"}],"curies":[{"name":"wp","href":"https:\/\/api.w.org\/{rel}","templated":true}]}}