{"id":782625,"date":"2026-02-23T12:44:42","date_gmt":"2026-02-23T09:44:42","guid":{"rendered":"https:\/\/roveyayinevi.com.tr\/index.php\/urun\/60-dakikada-guclu-beden-dili\/"},"modified":"2026-04-15T03:38:16","modified_gmt":"2026-04-15T00:38:16","slug":"60-dakikada-guclu-beden-dili","status":"publish","type":"product","link":"https:\/\/roveyayinevi.com.tr\/index.php\/urun\/60-dakikada-guclu-beden-dili\/","title":{"rendered":"60 Dakikada G\u00fc\u00e7l\u00fc Beden Dili"},"content":{"rendered":"<p>Sadece 60 dakikan\u0131z\u0131 ay\u0131rarak beden dilinin temel prensiplerini \u00f6\u011frenecek, jestlerinizdenduru\u015funuza kadar her hareketinizin anlam\u0131n\u0131 kavrayacaks\u0131n\u0131z.Kendinizi daha iyi ifade edebilmek, ba\u015fkalar\u0131n\u0131n beden dilini do\u011fru yorumlayarak etkili ileti\u015fimkurabilmek i\u00e7in ihtiyac\u0131n\u0131z olan t\u00fcm ipu\u00e7lar\u0131n\u0131 bu kitapta bulacaks\u0131n\u0131z.<\/p>\n","protected":false},"excerpt":{"rendered":"<p>Sadece 60 dakikan\u0131z\u0131 ay\u0131rarak beden dilinin temel prensiplerini \u00f6\u011frenecek, jestlerinizdenduru\u015funuza kadar her hareketinizin anlam\u0131n\u0131 kavrayacaks\u0131n\u0131z.Kendinizi daha iyi ifade edebilmek, ba\u015fkalar\u0131n\u0131n beden dilini do\u011fru yorumlayarak etkili ileti\u015fimkurabilmek<span class=\"excerpt-hellip\"> [\u2026]<\/span><\/p>\n","protected":false},"featured_media":0,"template":"","meta":{"_monsterinsights_skip_tracking":false,"_monsterinsights_sitenote_active":false,"_monsterinsights_sitenote_note":"","_monsterinsights_sitenote_category":0},"product_brand":[],"product_cat":[12364,12376],"product_tag":[],"class_list":{"0":"post-782625","1":"product","2":"type-product","3":"status-publish","5":"product_cat-genel-konular","6":"product_cat-kisisel-gelisim","7":"pa_cilt-ciltsiz","8":"pa_tur-kitap","9":"pa_yayinevi-yediveren-yayinlari","10":"pa_yazar-kolektif","12":"first","13":"instock","14":"sale","15":"shipping-taxable","16":"purchasable","17":"product-type-simple"},"_links":{"self":[{"href":"https:\/\/roveyayinevi.com.tr\/index.php\/wp-json\/wp\/v2\/product\/782625","targetHints":{"allow":["GET"]}}],"collection":[{"href":"https:\/\/roveyayinevi.com.tr\/index.php\/wp-json\/wp\/v2\/product"}],"about":[{"href":"https:\/\/roveyayinevi.com.tr\/index.php\/wp-json\/wp\/v2\/types\/product"}],"wp:attachment":[{"href":"https:\/\/roveyayinevi.com.tr\/index.php\/wp-json\/wp\/v2\/media?parent=782625"}],"wp:term":[{"taxonomy":"product_brand","embeddable":true,"href":"https:\/\/roveyayinevi.com.tr\/index.php\/wp-json\/wp\/v2\/product_brand?post=782625"},{"taxonomy":"product_cat","embeddable":true,"href":"https:\/\/roveyayinevi.com.tr\/index.php\/wp-json\/wp\/v2\/product_cat?post=782625"},{"taxonomy":"product_tag","embeddable":true,"href":"https:\/\/roveyayinevi.com.tr\/index.php\/wp-json\/wp\/v2\/product_tag?post=782625"}],"curies":[{"name":"wp","href":"https:\/\/api.w.org\/{rel}","templated":true}]}}