{"id":782617,"date":"2026-02-23T12:42:15","date_gmt":"2026-02-23T09:42:15","guid":{"rendered":"https:\/\/roveyayinevi.com.tr\/index.php\/urun\/hayatimi-kurtaran-savas\/"},"modified":"2026-04-15T03:36:30","modified_gmt":"2026-04-15T00:36:30","slug":"hayatimi-kurtaran-savas","status":"publish","type":"product","link":"https:\/\/roveyayinevi.com.tr\/index.php\/urun\/hayatimi-kurtaran-savas\/","title":{"rendered":"Hayat\u0131m\u0131 Kurtaran Sava\u015f"},"content":{"rendered":"<p>\u00c7a\u011fda\u015f d\u00fcnya edebiyat\u0131n\u0131n en iyi kurgular\u0131ndan biri olan bu eser 22 dilde yay\u0131mlanm\u0131\u015f, toplamda 45 \u00f6d\u00fcle aday olup 26 \u00f6d\u00fcle lay\u0131k g\u00f6r\u00fclm\u00fc\u015ft\u00fcr.Kazand\u0131\u011f\u0131 \u00f6d\u00fcllerden baz\u0131lar\u0131:Newbery Onur \u00d6d\u00fcl\u00fcY\u0131l\u0131n En \u0130yi Kitab\u0131 \u00d6d\u00fcl\u00fc &#8211; Wall Street JournalY\u0131l\u0131n En \u0130yi Kitab\u0131 \u00d6d\u00fcl\u00fc &#8211; Kirkus ReviewsY\u0131l\u0131n En \u0130yi Kitab\u0131 \u00d6d\u00fcl\u00fc &#8211; Publishers WeeklySchneider Family Kitap \u00d6d\u00fcl\u00fcJosette Frank Kitap \u00d6d\u00fcl\u00fcOdyssey Kitap \u00d6d\u00fcl\u00fcOnur \u00d6d\u00fcl\u00fc &#8211; E. B. White Read AloudJudy Lopez Kitap \u00d6d\u00fcl\u00fc<\/p>\n","protected":false},"excerpt":{"rendered":"<p>\u00c7a\u011fda\u015f d\u00fcnya edebiyat\u0131n\u0131n en iyi kurgular\u0131ndan biri olan bu eser 22 dilde yay\u0131mlanm\u0131\u015f, toplamda 45 \u00f6d\u00fcle aday olup 26 \u00f6d\u00fcle lay\u0131k g\u00f6r\u00fclm\u00fc\u015ft\u00fcr.Kazand\u0131\u011f\u0131 \u00f6d\u00fcllerden baz\u0131lar\u0131:Newbery Onur \u00d6d\u00fcl\u00fcY\u0131l\u0131n<span class=\"excerpt-hellip\"> [\u2026]<\/span><\/p>\n","protected":false},"featured_media":0,"template":"","meta":{"_monsterinsights_skip_tracking":false,"_monsterinsights_sitenote_active":false,"_monsterinsights_sitenote_note":"","_monsterinsights_sitenote_category":0},"product_brand":[],"product_cat":[12291,12711],"product_tag":[],"class_list":{"0":"post-782617","1":"product","2":"type-product","3":"status-publish","5":"product_cat-edebiyat","6":"product_cat-roman-oyku","7":"pa_cilt-ciltsiz","8":"pa_tur-kitap","9":"pa_yayinevi-parodi-yayinlari","10":"pa_yazar-kolektif","12":"first","13":"instock","14":"sale","15":"shipping-taxable","16":"purchasable","17":"product-type-simple"},"_links":{"self":[{"href":"https:\/\/roveyayinevi.com.tr\/index.php\/wp-json\/wp\/v2\/product\/782617","targetHints":{"allow":["GET"]}}],"collection":[{"href":"https:\/\/roveyayinevi.com.tr\/index.php\/wp-json\/wp\/v2\/product"}],"about":[{"href":"https:\/\/roveyayinevi.com.tr\/index.php\/wp-json\/wp\/v2\/types\/product"}],"wp:attachment":[{"href":"https:\/\/roveyayinevi.com.tr\/index.php\/wp-json\/wp\/v2\/media?parent=782617"}],"wp:term":[{"taxonomy":"product_brand","embeddable":true,"href":"https:\/\/roveyayinevi.com.tr\/index.php\/wp-json\/wp\/v2\/product_brand?post=782617"},{"taxonomy":"product_cat","embeddable":true,"href":"https:\/\/roveyayinevi.com.tr\/index.php\/wp-json\/wp\/v2\/product_cat?post=782617"},{"taxonomy":"product_tag","embeddable":true,"href":"https:\/\/roveyayinevi.com.tr\/index.php\/wp-json\/wp\/v2\/product_tag?post=782617"}],"curies":[{"name":"wp","href":"https:\/\/api.w.org\/{rel}","templated":true}]}}