{"id":782613,"date":"2026-02-23T12:40:57","date_gmt":"2026-02-23T09:40:57","guid":{"rendered":"https:\/\/roveyayinevi.com.tr\/index.php\/urun\/miras-turk-mutfagi-teknikleri-1-ciltli-2\/"},"modified":"2026-04-15T03:34:59","modified_gmt":"2026-04-15T00:34:59","slug":"miras-turk-mutfagi-teknikleri-1-ciltli-2","status":"publish","type":"product","link":"https:\/\/roveyayinevi.com.tr\/index.php\/urun\/miras-turk-mutfagi-teknikleri-1-ciltli-2\/","title":{"rendered":"Miras \u2013 T\u00fcrk Mutfa\u011fi Teknikleri 1 (Ciltli)"},"content":{"rendered":"<p>\u201cT\u00fcrk Mutfa\u011f\u0131 teknikleri ad\u0131n\u0131 verdi\u011fi be\u015f y\u00fcz sayfay\u0131 a\u015fan bu \u00e7al\u0131\u015fma, yeterince anlat\u0131lamam\u0131\u015f b\u00fcy\u00fck bir mutfa\u011f\u0131n hakk\u0131n\u0131 vermek i\u00e7in \u00e7ok \u00f6nemli bir ilk ad\u0131m. Neyi, nas\u0131l ve neden yapt\u0131\u011f\u0131m\u0131za odaklanan, tariflerden de\u011fil pi\u015firme tekniklerinden yola \u00e7\u0131kan, o teknikleri \u015femalarla, ek bilgilerle a\u00e7\u0131klay\u0131p tariflerle sonu\u00e7land\u0131ran, k\u0131sacas\u0131 konusuna do\u011fru a\u00e7\u0131dan yakla\u015fan farkl\u0131 bir kitap. Yemeklerin yap\u0131m a\u015famalar\u0131n\u0131 foto\u011fraflarla g\u00f6steren, hatta QR koduyla videolar\u0131na da eri\u015fim sa\u011flayan T\u00fcrk Mutfa\u011f\u0131 Teknikleri, do\u011fru b\u0131\u00e7a\u011f\u0131 nas\u0131l se\u00e7ip ne \u015fekilde kullanaca\u011f\u0131n\u0131zdan tutun, hangi yeme\u011fi nas\u0131l bir tencerede pi\u015firmek gerekti\u011fine kadar say\u0131s\u0131z yararl\u0131 bilgiyle amat\u00f6rler kadar a\u015f\u00e7\u0131 adaylar\u0131n\u0131n da faydalanaca\u011f\u0131 bir i\u00e7eri\u011fe sahip olma \u00f6zelli\u011fini ta\u015f\u0131yor. \u201d                                                                                                                                           H\u00dcLYA EK\u015e\u0130G\u0130L<\/p>\n","protected":false},"excerpt":{"rendered":"<p>\u201cT\u00fcrk Mutfa\u011f\u0131 teknikleri ad\u0131n\u0131 verdi\u011fi be\u015f y\u00fcz sayfay\u0131 a\u015fan bu \u00e7al\u0131\u015fma, yeterince anlat\u0131lamam\u0131\u015f b\u00fcy\u00fck bir mutfa\u011f\u0131n hakk\u0131n\u0131 vermek i\u00e7in \u00e7ok \u00f6nemli bir ilk ad\u0131m. Neyi, nas\u0131l<span class=\"excerpt-hellip\"> [\u2026]<\/span><\/p>\n","protected":false},"featured_media":0,"template":"","meta":{"_monsterinsights_skip_tracking":false,"_monsterinsights_sitenote_active":false,"_monsterinsights_sitenote_note":"","_monsterinsights_sitenote_category":0},"product_brand":[],"product_cat":[12458,12457],"product_tag":[],"class_list":{"0":"post-782613","1":"product","2":"type-product","3":"status-publish","5":"product_cat-turk-mutfagi","6":"product_cat-yemek-kitaplari","7":"pa_cilt-ciltli","8":"pa_tur-kitap","9":"pa_yayinevi-is-bankasi-kultur-yayinlari","10":"pa_yazar-refika-birgul-burak-arpak","12":"first","13":"instock","14":"sale","15":"shipping-taxable","16":"purchasable","17":"product-type-simple"},"_links":{"self":[{"href":"https:\/\/roveyayinevi.com.tr\/index.php\/wp-json\/wp\/v2\/product\/782613","targetHints":{"allow":["GET"]}}],"collection":[{"href":"https:\/\/roveyayinevi.com.tr\/index.php\/wp-json\/wp\/v2\/product"}],"about":[{"href":"https:\/\/roveyayinevi.com.tr\/index.php\/wp-json\/wp\/v2\/types\/product"}],"wp:attachment":[{"href":"https:\/\/roveyayinevi.com.tr\/index.php\/wp-json\/wp\/v2\/media?parent=782613"}],"wp:term":[{"taxonomy":"product_brand","embeddable":true,"href":"https:\/\/roveyayinevi.com.tr\/index.php\/wp-json\/wp\/v2\/product_brand?post=782613"},{"taxonomy":"product_cat","embeddable":true,"href":"https:\/\/roveyayinevi.com.tr\/index.php\/wp-json\/wp\/v2\/product_cat?post=782613"},{"taxonomy":"product_tag","embeddable":true,"href":"https:\/\/roveyayinevi.com.tr\/index.php\/wp-json\/wp\/v2\/product_tag?post=782613"}],"curies":[{"name":"wp","href":"https:\/\/api.w.org\/{rel}","templated":true}]}}