{"id":782597,"date":"2026-02-23T12:24:29","date_gmt":"2026-02-23T09:24:29","guid":{"rendered":"https:\/\/roveyayinevi.com.tr\/index.php\/urun\/hayalet-8\/"},"modified":"2026-04-16T03:10:05","modified_gmt":"2026-04-16T00:10:05","slug":"hayalet-8","status":"publish","type":"product","link":"https:\/\/roveyayinevi.com.tr\/index.php\/urun\/hayalet-8\/","title":{"rendered":"Hayalet"},"content":{"rendered":"<p>Hayalet, ba\u015fkarakter Lorenz Lubota\u2019n\u0131n kendi a\u011fz\u0131ndan anlatt\u0131\u011f\u0131 platonik-erotik saplant\u0131s\u0131n\u0131n hik\u00e2yesi \u00fczerine kurulmu\u015ftur. Lubota, ergen bir k\u0131za duydu\u011fu hayranl\u0131\u011f\u0131n etkisiyle su\u00e7 eylemlerine kar\u0131\u015f\u0131r. Ger\u00e7eklikle ba\u011f\u0131n\u0131 gitgide koparan saplant\u0131l\u0131 d\u00fc\u015f\u00fcnceleri, Lubota\u2019n\u0131n ahlaki de\u011ferlerini ve ki\u015fili\u011fini d\u00f6n\u00fc\u015ft\u00fcr\u00fcr. Ge\u00e7mi\u015fin hayaletleri, a\u015fk\u0131n zehirli cazibesi ve yanl\u0131\u015f se\u00e7imlerin karanl\u0131k d\u00fcnyas\u0131, Lubota\u2019y\u0131 ka\u00e7\u0131n\u0131lmaz bir trajediye s\u00fcr\u00fckler. Nobel \u00f6d\u00fcll\u00fc Gerhart Hauptmann, bu eserinde insan do\u011fas\u0131n\u0131n karma\u015f\u0131kl\u0131\u011f\u0131n\u0131, toplumsal bask\u0131lar\u0131n etkisini ve a\u015fk\u0131n bazen nas\u0131l bir lanete d\u00f6n\u00fc\u015febilece\u011fini sars\u0131c\u0131 bir kurguyla ele al\u0131yor. Friedrich Wilhelm Murnau y\u00f6netmenli\u011finde 1922\u2019de sinemaya da uyarlanan Hayalet, insan psikolojisinin derinliklerini i\u00e7eren bir ba\u015fyap\u0131tt\u0131r. <\/p>\n","protected":false},"excerpt":{"rendered":"<p>Hayalet, ba\u015fkarakter Lorenz Lubota\u2019n\u0131n kendi a\u011fz\u0131ndan anlatt\u0131\u011f\u0131 platonik-erotik saplant\u0131s\u0131n\u0131n hik\u00e2yesi \u00fczerine kurulmu\u015ftur. Lubota, ergen bir k\u0131za duydu\u011fu hayranl\u0131\u011f\u0131n etkisiyle su\u00e7 eylemlerine kar\u0131\u015f\u0131r. Ger\u00e7eklikle ba\u011f\u0131n\u0131 gitgide koparan<span class=\"excerpt-hellip\"> [\u2026]<\/span><\/p>\n","protected":false},"featured_media":0,"template":"","meta":{"_monsterinsights_skip_tracking":false,"_monsterinsights_sitenote_active":false,"_monsterinsights_sitenote_note":"","_monsterinsights_sitenote_category":0},"product_brand":[],"product_cat":[12291,12711],"product_tag":[],"class_list":{"0":"post-782597","1":"product","2":"type-product","3":"status-publish","5":"product_cat-edebiyat","6":"product_cat-roman-oyku","7":"pa_cilt-ciltsiz","8":"pa_tur-kitap","9":"pa_yayinevi-everest-yayinlari","10":"pa_yazar-gerhart-hauptmann","12":"first","13":"instock","14":"sale","15":"shipping-taxable","16":"purchasable","17":"product-type-simple"},"_links":{"self":[{"href":"https:\/\/roveyayinevi.com.tr\/index.php\/wp-json\/wp\/v2\/product\/782597","targetHints":{"allow":["GET"]}}],"collection":[{"href":"https:\/\/roveyayinevi.com.tr\/index.php\/wp-json\/wp\/v2\/product"}],"about":[{"href":"https:\/\/roveyayinevi.com.tr\/index.php\/wp-json\/wp\/v2\/types\/product"}],"wp:attachment":[{"href":"https:\/\/roveyayinevi.com.tr\/index.php\/wp-json\/wp\/v2\/media?parent=782597"}],"wp:term":[{"taxonomy":"product_brand","embeddable":true,"href":"https:\/\/roveyayinevi.com.tr\/index.php\/wp-json\/wp\/v2\/product_brand?post=782597"},{"taxonomy":"product_cat","embeddable":true,"href":"https:\/\/roveyayinevi.com.tr\/index.php\/wp-json\/wp\/v2\/product_cat?post=782597"},{"taxonomy":"product_tag","embeddable":true,"href":"https:\/\/roveyayinevi.com.tr\/index.php\/wp-json\/wp\/v2\/product_tag?post=782597"}],"curies":[{"name":"wp","href":"https:\/\/api.w.org\/{rel}","templated":true}]}}