{"id":782596,"date":"2026-02-23T12:24:26","date_gmt":"2026-02-23T09:24:26","guid":{"rendered":"https:\/\/roveyayinevi.com.tr\/index.php\/urun\/kemalist-turkiye-ve-ortadogu\/"},"modified":"2026-04-16T03:10:05","modified_gmt":"2026-04-16T00:10:05","slug":"kemalist-turkiye-ve-ortadogu","status":"publish","type":"product","link":"https:\/\/roveyayinevi.com.tr\/index.php\/urun\/kemalist-turkiye-ve-ortadogu\/","title":{"rendered":"Kemalist T\u00fcrkiye ve Ortado\u011fu"},"content":{"rendered":"<p>Bug\u00fcn h\u00e2l\u00e2 daha tart\u0131\u015fma konusu olan, Osmanl\u0131 sonras\u0131 Ortado\u011fu&#8217;da uluslararas\u0131 ili\u015fkilerin devam eden etkisini daha iyi anlamak i\u00e7in Amit Bein yeni bir perspektif sunuyor. Kas\u0131tl\u0131 bir kopu\u015f ve kom\u015fular\u0131yla kopmu\u015f ba\u011flar d\u00f6nemi olarak kabul edilen T\u00fcrkiye&#8217;nin bu d\u00f6nemi i\u00e7in Amit Bein, detayl\u0131 ara\u015ft\u0131rmas\u0131yla 1930&#8217;lar\u0131n \u00e7alkant\u0131l\u0131 ortam\u0131nda T\u00fcrkiye&#8217;nin asl\u0131nda b\u00f6lgesel etkinli\u011fini art\u0131rmaya y\u00f6nelik ad\u0131mlar att\u0131\u011f\u0131n\u0131 savunuyor. Kemalist ideolojinin b\u0131rakt\u0131\u011f\u0131 miras\u0131n g\u00fcn\u00fcm\u00fcz siyasetindeki yank\u0131lar\u0131n\u0131 irdeleyerek, T\u00fcrkiye&#8217;nin b\u00f6lgesel politikalar\u0131na ve uluslararas\u0131 ili\u015fkilere katk\u0131s\u0131n\u0131 derinlemesine analiz ediyor. Kemalist T\u00fcrkiye ve Ortado\u011fu, tarih merakl\u0131lar\u0131na, siyaset bilimcilerine ve b\u00f6lgesel ili\u015fkilerin karma\u015f\u0131kl\u0131\u011f\u0131n\u0131 anlamak isteyen herkese sesleniyor.   Bein&#8217;in, etkileyici ve \u00e7ekici bir \u00fcslupla yaz\u0131lm\u0131\u015f olan kapsaml\u0131 ve i\u00e7g\u00f6r\u00fcl\u00fc ara\u015ft\u0131rmas\u0131, Ortado\u011fu, T\u00fcrkiye ve \u00f6zellikle Britanya gibi s\u00f6m\u00fcrge g\u00fc\u00e7lerinin b\u00f6lgedeki rol\u00fcne ilgi duyan herkes i\u00e7in &#8220;okunmas\u0131 gereken&#8221; bir eserdir. \u2013\u00c7i\u011fdem Bal\u0131m, Journal of Anglo-Turkish Relations <\/p>\n","protected":false},"excerpt":{"rendered":"<p>Bug\u00fcn h\u00e2l\u00e2 daha tart\u0131\u015fma konusu olan, Osmanl\u0131 sonras\u0131 Ortado\u011fu&#8217;da uluslararas\u0131 ili\u015fkilerin devam eden etkisini daha iyi anlamak i\u00e7in Amit Bein yeni bir perspektif sunuyor. Kas\u0131tl\u0131 bir<span class=\"excerpt-hellip\"> [\u2026]<\/span><\/p>\n","protected":false},"featured_media":0,"template":"","meta":{"_monsterinsights_skip_tracking":false,"_monsterinsights_sitenote_active":false,"_monsterinsights_sitenote_note":"","_monsterinsights_sitenote_category":0},"product_brand":[],"product_cat":[13590,12337],"product_tag":[],"class_list":{"0":"post-782596","1":"product","2":"type-product","3":"status-publish","5":"product_cat-arastirma-inceleme-politika-siyaset","6":"product_cat-politika-siyaset","7":"pa_cilt-ciltsiz","8":"pa_tur-kitap","9":"pa_yayinevi-alfa-yayinlari","10":"pa_yazar-amit-bein","12":"first","13":"instock","14":"sale","15":"shipping-taxable","16":"purchasable","17":"product-type-simple"},"_links":{"self":[{"href":"https:\/\/roveyayinevi.com.tr\/index.php\/wp-json\/wp\/v2\/product\/782596","targetHints":{"allow":["GET"]}}],"collection":[{"href":"https:\/\/roveyayinevi.com.tr\/index.php\/wp-json\/wp\/v2\/product"}],"about":[{"href":"https:\/\/roveyayinevi.com.tr\/index.php\/wp-json\/wp\/v2\/types\/product"}],"wp:attachment":[{"href":"https:\/\/roveyayinevi.com.tr\/index.php\/wp-json\/wp\/v2\/media?parent=782596"}],"wp:term":[{"taxonomy":"product_brand","embeddable":true,"href":"https:\/\/roveyayinevi.com.tr\/index.php\/wp-json\/wp\/v2\/product_brand?post=782596"},{"taxonomy":"product_cat","embeddable":true,"href":"https:\/\/roveyayinevi.com.tr\/index.php\/wp-json\/wp\/v2\/product_cat?post=782596"},{"taxonomy":"product_tag","embeddable":true,"href":"https:\/\/roveyayinevi.com.tr\/index.php\/wp-json\/wp\/v2\/product_tag?post=782596"}],"curies":[{"name":"wp","href":"https:\/\/api.w.org\/{rel}","templated":true}]}}