{"id":782586,"date":"2026-02-23T12:18:21","date_gmt":"2026-02-23T09:18:21","guid":{"rendered":"https:\/\/roveyayinevi.com.tr\/index.php\/urun\/gelecegin-sanat-eseri\/"},"modified":"2026-04-16T03:05:53","modified_gmt":"2026-04-16T00:05:53","slug":"gelecegin-sanat-eseri","status":"publish","type":"product","link":"https:\/\/roveyayinevi.com.tr\/index.php\/urun\/gelecegin-sanat-eseri\/","title":{"rendered":"Gelece\u011fin Sanat Eseri"},"content":{"rendered":"<p>\u00dcnl\u00fc Alman opera bestecisi, tiyatro direkt\u00f6r\u00fc, m\u00fczikteorisyeni ve yazar\u0131 Richard Wagner (1813-1883), Gelece\u011fin Sanat Eseri\u2019nde, geli\u015ftirdi\u011fi \u201ctoplam sanat eseri\u201d kavram\u0131 \u00e7er\u00e7evesinde t\u00fcm sanat dallar\u0131n\u0131n bir araya geldi\u011fi bir sanat eseri kurgular. Ona g\u00f6re ge\u00e7mi\u015fte bunun bir \u00f6rne\u011fi de vard\u0131r; eski Yunan tragedya gelene\u011fi tam da bu fikirle \u00f6rt\u00fc\u015fmektedir. Yunan sanat\u0131n\u0131n, Yunan dinine ve mistisizmine temelden ba\u011fl\u0131 oldu\u011funu ve dinin y\u0131k\u0131lmas\u0131yla sanat\u0131n da b\u00fct\u00fcnl\u00fc\u011f\u00fcnden kopup yozla\u015farak \u201cbireysel sanatlara\u201d ayr\u0131ld\u0131\u011f\u0131n\u0131 ileri s\u00fcren Wagner\u2019e g\u00f6re ana sanat dallar\u0131, \u201cdans,\u201d \u201cm\u00fczik\u201d ve \u201c\u015fiir\u201ddir. Bu \u00fc\u00e7 sanat art\u0131k yeniden birle\u015fmeli ve kusursuz sanat eserini olu\u015fturmal\u0131d\u0131r. \u0130kincil sanatlar olarak kabul etti\u011fi \u201cresim,\u201d \u201cheykelt\u0131ra\u015fl\u0131k\u201d ve \u201cmimarl\u0131k\u201d da bu sanat eserine dekor ve mek\u00e2n olarak destek vermelidir. Wagner, \u201chalk\u201d s\u00f6zc\u00fc\u011f\u00fcn\u00fc dilinden d\u00fc\u015f\u00fcrmez, ona g\u00f6re her \u015feyin en iyisi halktan kaynaklan\u0131r. Operalar\u0131nda yo\u011fun bi\u00e7imde halk destanlar\u0131n\u0131, efsaneleri konu eden Wagner, gelece\u011fin sanat eserinin de halka dayanmas\u0131 gerekti\u011fini savunur.<\/p>\n","protected":false},"excerpt":{"rendered":"<p>\u00dcnl\u00fc Alman opera bestecisi, tiyatro direkt\u00f6r\u00fc, m\u00fczikteorisyeni ve yazar\u0131 Richard Wagner (1813-1883), Gelece\u011fin Sanat Eseri\u2019nde, geli\u015ftirdi\u011fi \u201ctoplam sanat eseri\u201d kavram\u0131 \u00e7er\u00e7evesinde t\u00fcm sanat dallar\u0131n\u0131n bir araya<span class=\"excerpt-hellip\"> [\u2026]<\/span><\/p>\n","protected":false},"featured_media":0,"template":"","meta":{"_monsterinsights_skip_tracking":false,"_monsterinsights_sitenote_active":false,"_monsterinsights_sitenote_note":"","_monsterinsights_sitenote_category":0},"product_brand":[],"product_cat":[12408],"product_tag":[],"class_list":{"0":"post-782586","1":"product","2":"type-product","3":"status-publish","5":"product_cat-sanat","6":"pa_cilt-ciltsiz","7":"pa_tur-kitap","8":"pa_yayinevi-alfa-yayinlari","9":"pa_yazar-richard-wagner","11":"first","12":"instock","13":"sale","14":"shipping-taxable","15":"purchasable","16":"product-type-simple"},"_links":{"self":[{"href":"https:\/\/roveyayinevi.com.tr\/index.php\/wp-json\/wp\/v2\/product\/782586","targetHints":{"allow":["GET"]}}],"collection":[{"href":"https:\/\/roveyayinevi.com.tr\/index.php\/wp-json\/wp\/v2\/product"}],"about":[{"href":"https:\/\/roveyayinevi.com.tr\/index.php\/wp-json\/wp\/v2\/types\/product"}],"wp:attachment":[{"href":"https:\/\/roveyayinevi.com.tr\/index.php\/wp-json\/wp\/v2\/media?parent=782586"}],"wp:term":[{"taxonomy":"product_brand","embeddable":true,"href":"https:\/\/roveyayinevi.com.tr\/index.php\/wp-json\/wp\/v2\/product_brand?post=782586"},{"taxonomy":"product_cat","embeddable":true,"href":"https:\/\/roveyayinevi.com.tr\/index.php\/wp-json\/wp\/v2\/product_cat?post=782586"},{"taxonomy":"product_tag","embeddable":true,"href":"https:\/\/roveyayinevi.com.tr\/index.php\/wp-json\/wp\/v2\/product_tag?post=782586"}],"curies":[{"name":"wp","href":"https:\/\/api.w.org\/{rel}","templated":true}]}}