{"id":782574,"date":"2026-02-23T12:11:09","date_gmt":"2026-02-23T09:11:09","guid":{"rendered":"https:\/\/roveyayinevi.com.tr\/index.php\/urun\/senin-sucun-degil-2\/"},"modified":"2026-04-16T02:58:55","modified_gmt":"2026-04-15T23:58:55","slug":"senin-sucun-degil-2","status":"publish","type":"product","link":"https:\/\/roveyayinevi.com.tr\/index.php\/urun\/senin-sucun-degil-2\/","title":{"rendered":"Senin Su\u00e7un De\u011fil"},"content":{"rendered":"<p>Hayat\u0131ndaki sorunlar\u0131 d\u00fc\u015f\u00fcn; de\u011fersizlik duygun, sana zarar veren ili\u015fkilerinden vazge\u00e7emeyi\u015fin, ba\u015far\u0131s\u0131zl\u0131klar\u0131n, ayn\u0131 hatalar\u0131 tekrar tekrar yap\u0131\u015f\u0131n, ba\u015fkalar\u0131na \u015fefkatle yakla\u015f\u0131rken kendine ac\u0131mas\u0131z olu\u015fun, i\u00e7indeki kaybolmayan \u00f6fke ve hatta k\u0131skan\u00e7l\u0131klar\u0131n\u2026   Bunlar\u0131 ya\u015famay\u0131 sen mi se\u00e7tin? Ya da belki de ge\u00e7mi\u015fte ya\u015fad\u0131klar\u0131n bug\u00fcn b\u00f6yle hissetmene neden oluyor. Kendini su\u00e7lamay\u0131 b\u0131rak, bu i\u015fleri daha k\u00f6t\u00fc hale getirmekten ba\u015fka bir i\u015fe yaramaz.   Bu kitapla birlikte ge\u00e7mi\u015finin karanl\u0131k dehlizlerine do\u011fru bir yolculu\u011fa \u00e7\u0131kaca\u011f\u0131z; i\u00e7ine do\u011fdu\u011fun aileden, ya\u015fad\u0131\u011f\u0131n travmalara kadar, bug\u00fcn var olan problemlerinin ge\u00e7mi\u015fteki izini s\u00fcrece\u011fiz. \u00c7ocukken alman gereken sevgi, sayg\u0131 ve g\u00fcveni alamad\u0131\u011f\u0131n zaman neler oldu\u011funu, zehirli anne baba davran\u0131\u015flar\u0131n\u0131n nas\u0131l y\u0131k\u0131ma yol a\u00e7t\u0131\u011f\u0131n\u0131 g\u00f6recek; bazen \u00f6nemsiz san\u0131lan k\u00fc\u00e7\u00fck bir travman\u0131n uzun vadeli etkilerinin \u00e7ok b\u00fcy\u00fck oldu\u011funu fark ettik\u00e7e hafifleyeceksin.   Bu kitap sana mucizeler vadetmiyor, hi\u00e7bir \u015fey m\u00fckemmel olmayacak, ancak \u015fu anki halinden daha  iyi hissetmen kesinlikle m\u00fcmk\u00fcn. Beraber y\u00fcr\u00fcyece\u011fimiz yolun amac\u0131 bu.   Kendine bu \u015fans\u0131 vermelisin\u2026 <\/p>\n","protected":false},"excerpt":{"rendered":"<p>Hayat\u0131ndaki sorunlar\u0131 d\u00fc\u015f\u00fcn; de\u011fersizlik duygun, sana zarar veren ili\u015fkilerinden vazge\u00e7emeyi\u015fin, ba\u015far\u0131s\u0131zl\u0131klar\u0131n, ayn\u0131 hatalar\u0131 tekrar tekrar yap\u0131\u015f\u0131n, ba\u015fkalar\u0131na \u015fefkatle yakla\u015f\u0131rken kendine ac\u0131mas\u0131z olu\u015fun, i\u00e7indeki kaybolmayan \u00f6fke ve<span class=\"excerpt-hellip\"> [\u2026]<\/span><\/p>\n","protected":false},"featured_media":0,"template":"","meta":{"_monsterinsights_skip_tracking":false,"_monsterinsights_sitenote_active":false,"_monsterinsights_sitenote_note":"","_monsterinsights_sitenote_category":0},"product_brand":[],"product_cat":[12358,12357],"product_tag":[],"class_list":{"0":"post-782574","1":"product","2":"type-product","3":"status-publish","5":"product_cat-genel-psikoloji","6":"product_cat-psikoloji","7":"pa_cilt-ciltsiz","8":"pa_tur-kitap","9":"pa_yayinevi-sahi-kitap","10":"pa_yazar-beyhan-budak","12":"first","13":"instock","14":"sale","15":"shipping-taxable","16":"purchasable","17":"product-type-simple"},"_links":{"self":[{"href":"https:\/\/roveyayinevi.com.tr\/index.php\/wp-json\/wp\/v2\/product\/782574","targetHints":{"allow":["GET"]}}],"collection":[{"href":"https:\/\/roveyayinevi.com.tr\/index.php\/wp-json\/wp\/v2\/product"}],"about":[{"href":"https:\/\/roveyayinevi.com.tr\/index.php\/wp-json\/wp\/v2\/types\/product"}],"wp:attachment":[{"href":"https:\/\/roveyayinevi.com.tr\/index.php\/wp-json\/wp\/v2\/media?parent=782574"}],"wp:term":[{"taxonomy":"product_brand","embeddable":true,"href":"https:\/\/roveyayinevi.com.tr\/index.php\/wp-json\/wp\/v2\/product_brand?post=782574"},{"taxonomy":"product_cat","embeddable":true,"href":"https:\/\/roveyayinevi.com.tr\/index.php\/wp-json\/wp\/v2\/product_cat?post=782574"},{"taxonomy":"product_tag","embeddable":true,"href":"https:\/\/roveyayinevi.com.tr\/index.php\/wp-json\/wp\/v2\/product_tag?post=782574"}],"curies":[{"name":"wp","href":"https:\/\/api.w.org\/{rel}","templated":true}]}}