{"id":782567,"date":"2026-02-23T12:06:49","date_gmt":"2026-02-23T09:06:49","guid":{"rendered":"https:\/\/roveyayinevi.com.tr\/index.php\/urun\/freddynin-pizza-dukkaninda-bes-gece-fazbearin-korkunc-tipleri-fetch\/"},"modified":"2026-04-01T02:59:57","modified_gmt":"2026-03-31T23:59:57","slug":"freddynin-pizza-dukkaninda-bes-gece-fazbearin-korkunc-tipleri-fetch","status":"publish","type":"product","link":"https:\/\/roveyayinevi.com.tr\/index.php\/urun\/freddynin-pizza-dukkaninda-bes-gece-fazbearin-korkunc-tipleri-fetch\/","title":{"rendered":"Freddy\u2019nin Pizza D\u00fckk\u00e2n\u0131\u2019nda Be\u015f Gece : Fazbear\u2019\u0131n Korkun\u00e7 Tipleri: Fetch"},"content":{"rendered":"<p>Fazbear\u2019\u0131n Korkun\u00e7 Tipleri serisi, Freddy\u2019nin Pizza D\u00fckkan\u0131\u2019nda Be\u015f Gece d\u00fcnyas\u0131n\u0131 birbirinden \u00fcrpertici hik\u00e2yelerle devam ettiriyor.  Serinin bu kitab\u0131nda korkun\u00e7 olaylar\u0131n ya\u015fand\u0131\u011f\u0131 pizza d\u00fckkan\u0131n\u0131n yan\u0131 s\u0131ra t\u00fcyler \u00fcrperten \u00f6zelliklere sahip animatronik oyuncaklar bu sefer Greg, Alec ve Oscar\u2019\u0131n hayat\u0131n\u0131 k\u00e2busa \u00e7eviriyor.   \u00dc\u00e7 ayr\u0131 hik\u00e2yeden olu\u015fan Fetch\u2019te \u00fc\u00e7 kahraman da istediklerini ba\u015farmak i\u00e7in hayatlar\u0131n\u0131n kontrol\u00fcn\u00fc ele ge\u00e7irmeye \u00e7al\u0131\u015f\u0131rken t\u00fcm hayatlar\u0131 tuhaf animatronik oyuncaklar ve esrarengiz bir d\u00fckkan taraf\u0131ndan alt \u00fcst ediliyor. \u0130lk hik\u00e2ye \u201cFetch\u201dte terkedilmi\u015f pizza d\u00fckkan\u0131n\u0131n cazibesine kap\u0131lan Greg\u2019in hayat\u0131, d\u00fckkana ad\u0131m\u0131n\u0131 att\u0131\u011f\u0131 andan itibaren bir daha asla eskisi gibi olmuyor. \u0130kinci hik\u00e2ye \u201cYaln\u0131z Freddy\u201dde k\u0131z karde\u015finden nefret eden ve onun \u015f\u0131mar\u0131k, sinsi ger\u00e7ek y\u00fcz\u00fcn\u00fc herkese g\u00f6stermeye kararl\u0131 Alec, \u00f6zellikle arkada\u015f\u0131 olmayan \u00e7ocuklar\u0131 g\u00f6zetleyen Yaln\u0131z Freddy\u2019nin radar\u0131na giriyor ve pizza d\u00fckkan\u0131nda onu b\u00fcy\u00fck bir s\u00fcrpriz bekliyor. Son hik\u00e2ye \u201cT\u00fckendi\u201dde ye\u015fil, korkun\u00e7 g\u00f6r\u00fcn\u00fcml\u00fc  bir Plushtrap\u2019e sahip olmay\u0131 hayatta her \u015feyden \u00fcst\u00fcn tutan Oscar\u2019a bu korkun\u00e7, ye\u015fil tav\u015fan asla unutamayaca\u011f\u0131 karanl\u0131k bir ders veriyor. Her bir hik\u00e2yede Freddy\u2019nin Pizza D\u00fckkan\u0131\u2019nda Be\u015f Gece d\u00fcnyas\u0131n\u0131 ve onun bir\u00e7ok karakterini daha yak\u0131ndan tan\u0131yaca\u011f\u0131n\u0131z \u00f6yk\u00fcler size ilk serinin sundu\u011fundan daha da \u00fcrpertici bir okuma deneyimi sunuyor.   <\/p>\n","protected":false},"excerpt":{"rendered":"<p>Fazbear\u2019\u0131n Korkun\u00e7 Tipleri serisi, Freddy\u2019nin Pizza D\u00fckkan\u0131\u2019nda Be\u015f Gece d\u00fcnyas\u0131n\u0131 birbirinden \u00fcrpertici hik\u00e2yelerle devam ettiriyor. Serinin bu kitab\u0131nda korkun\u00e7 olaylar\u0131n ya\u015fand\u0131\u011f\u0131 pizza d\u00fckkan\u0131n\u0131n yan\u0131 s\u0131ra t\u00fcyler<span class=\"excerpt-hellip\"> [\u2026]<\/span><\/p>\n","protected":false},"featured_media":0,"template":"","meta":{"_monsterinsights_skip_tracking":false,"_monsterinsights_sitenote_active":false,"_monsterinsights_sitenote_note":"","_monsterinsights_sitenote_category":0},"product_brand":[],"product_cat":[12274,12284],"product_tag":[],"class_list":{"0":"post-782567","1":"product","2":"type-product","3":"status-publish","5":"product_cat-cocuk-ve-genclik-kitaplari","6":"product_cat-hikayeler","7":"pa_cilt-ciltsiz","8":"pa_tur-kitap","9":"pa_yayinevi-olimpos-yayinlari","10":"pa_yazar-kolektif","12":"first","13":"instock","14":"sale","15":"shipping-taxable","16":"purchasable","17":"product-type-simple"},"_links":{"self":[{"href":"https:\/\/roveyayinevi.com.tr\/index.php\/wp-json\/wp\/v2\/product\/782567","targetHints":{"allow":["GET"]}}],"collection":[{"href":"https:\/\/roveyayinevi.com.tr\/index.php\/wp-json\/wp\/v2\/product"}],"about":[{"href":"https:\/\/roveyayinevi.com.tr\/index.php\/wp-json\/wp\/v2\/types\/product"}],"wp:attachment":[{"href":"https:\/\/roveyayinevi.com.tr\/index.php\/wp-json\/wp\/v2\/media?parent=782567"}],"wp:term":[{"taxonomy":"product_brand","embeddable":true,"href":"https:\/\/roveyayinevi.com.tr\/index.php\/wp-json\/wp\/v2\/product_brand?post=782567"},{"taxonomy":"product_cat","embeddable":true,"href":"https:\/\/roveyayinevi.com.tr\/index.php\/wp-json\/wp\/v2\/product_cat?post=782567"},{"taxonomy":"product_tag","embeddable":true,"href":"https:\/\/roveyayinevi.com.tr\/index.php\/wp-json\/wp\/v2\/product_tag?post=782567"}],"curies":[{"name":"wp","href":"https:\/\/api.w.org\/{rel}","templated":true}]}}